INSERT INTO `ps_page_viewed` (`id_page`, `id_shop_group`, `id_shop`, `id_date_range`, `counter`) VALUES
(79, 1, 1, 805, 1),
(79, 1, 1, 807, 1),
(79, 1, 1, 808, 2),
(79, 1, 1, 810, 1),
(79, 1, 1, 811, 2),
(79, 1, 1, 813, 1),
(79, 1, 1, 820, 3),
(79, 1, 1, 821, 2),
(79, 1, 1, 822, 1),
(79, 1, 1, 823, 1),
(79, 1, 1, 825, 1),
(79, 1, 1, 827, 1),
(79, 1, 1, 828, 2),
(79, 1, 1, 830, 2),
(79, 1, 1, 834, 1),
(79, 1, 1, 835, 1),
(79, 1, 1, 839, 1),
(79, 1, 1, 840, 1),
(79, 1, 1, 841, 1),
(79, 1, 1, 842, 1),
(79, 1, 1, 844, 2),
(79, 1, 1, 848, 1),
(79, 1, 1, 852, 2),
(79, 1, 1, 853, 2),
(79, 1, 1, 856, 1),
(79, 1, 1, 857, 1),
(79, 1, 1, 861, 1),
(79, 1, 1, 863, 4),
(79, 1, 1, 867, 2),
(79, 1, 1, 871, 3),
(79, 1, 1, 878, 1),
(79, 1, 1, 880, 1),
(79, 1, 1, 881, 3),
(79, 1, 1, 883, 1),
(79, 1, 1, 890, 2),
(79, 1, 1, 897, 1),
(79, 1, 1, 898, 1),
(79, 1, 1, 899, 2),
(79, 1, 1, 905, 1),
(79, 1, 1, 906, 1),
(79, 1, 1, 907, 1),
(79, 1, 1, 908, 2),
(79, 1, 1, 911, 1),
(79, 1, 1, 912, 1),
(79, 1, 1, 913, 1),
(79, 1, 1, 918, 1),
(79, 1, 1, 920, 1),
(79, 1, 1, 924, 1),
(79, 1, 1, 925, 1),
(79, 1, 1, 926, 2),
(79, 1, 1, 927, 2),
(79, 1, 1, 928, 1),
(79, 1, 1, 931, 1),
(79, 1, 1, 932, 1),
(79, 1, 1, 936, 1),
(79, 1, 1, 938, 2),
(79, 1, 1, 941, 1),
(79, 1, 1, 947, 1),
(79, 1, 1, 948, 2),
(79, 1, 1, 949, 1),
(79, 1, 1, 951, 1),
(79, 1, 1, 953, 1),
(79, 1, 1, 954, 1),
(79, 1, 1, 963, 2),
(79, 1, 1, 964, 3),
(79, 1, 1, 966, 1),
(79, 1, 1, 968, 1),
(79, 1, 1, 974, 1),
(79, 1, 1, 977, 1),
(79, 1, 1, 980, 2),
(79, 1, 1, 982, 2),
(79, 1, 1, 983, 2),
(79, 1, 1, 985, 1),
(79, 1, 1, 986, 6),
(79, 1, 1, 987, 3),
(79, 1, 1, 988, 2),
(79, 1, 1, 991, 1),
(79, 1, 1, 993, 2),
(79, 1, 1, 1000, 1),
(79, 1, 1, 1001, 3),
(79, 1, 1, 1002, 1),
(79, 1, 1, 1003, 3),
(79, 1, 1, 1005, 1),
(79, 1, 1, 1006, 3),
(79, 1, 1, 1008, 1),
(79, 1, 1, 1010, 2),
(79, 1, 1, 1011, 1),
(79, 1, 1, 1013, 1),
(79, 1, 1, 1015, 4),
(79, 1, 1, 1016, 2),
(79, 1, 1, 1017, 2),
(79, 1, 1, 1018, 1),
(79, 1, 1, 1019, 3),
(79, 1, 1, 1020, 2),
(79, 1, 1, 1021, 2),
(79, 1, 1, 1022, 2),
(79, 1, 1, 1024, 1),
(79, 1, 1, 1025, 5),
(79, 1, 1, 1026, 2),
(79, 1, 1, 1027, 1),
(79, 1, 1, 1029, 2),
(79, 1, 1, 1034, 4),
(79, 1, 1, 1037, 4),
(79, 1, 1, 1039, 1),
(79, 1, 1, 1041, 1),
(79, 1, 1, 1045, 1),
(79, 1, 1, 1046, 1),
(79, 1, 1, 1048, 1),
(79, 1, 1, 1050, 2),
(79, 1, 1, 1052, 1),
(79, 1, 1, 1054, 1),
(79, 1, 1, 1056, 1),
(79, 1, 1, 1058, 1),
(79, 1, 1, 1059, 1),
(79, 1, 1, 1064, 1),
(79, 1, 1, 1066, 3),
(79, 1, 1, 1067, 3),
(79, 1, 1, 1068, 1),
(79, 1, 1, 1070, 5),
(79, 1, 1, 1073, 4),
(79, 1, 1, 1074, 1),
(79, 1, 1, 1075, 1),
(79, 1, 1, 1076, 1),
(79, 1, 1, 1078, 1),
(79, 1, 1, 1080, 1),
(79, 1, 1, 1082, 1),
(79, 1, 1, 1086, 1),
(79, 1, 1, 1087, 2),
(79, 1, 1, 1089, 1),
(79, 1, 1, 1091, 5),
(79, 1, 1, 1094, 2),
(79, 1, 1, 1096, 3),
(79, 1, 1, 1099, 1),
(79, 1, 1, 1101, 2),
(79, 1, 1, 1104, 2),
(79, 1, 1, 1106, 2),
(79, 1, 1, 1107, 1),
(79, 1, 1, 1108, 2),
(79, 1, 1, 1109, 1),
(79, 1, 1, 1110, 3),
(79, 1, 1, 1111, 1),
(79, 1, 1, 1112, 1),
(79, 1, 1, 1113, 1),
(79, 1, 1, 1115, 1),
(79, 1, 1, 1116, 1),
(79, 1, 1, 1118, 1),
(79, 1, 1, 1120, 2),
(79, 1, 1, 1121, 3),
(79, 1, 1, 1125, 6),
(79, 1, 1, 1126, 1),
(79, 1, 1, 1129, 2),
(79, 1, 1, 1130, 1),
(79, 1, 1, 1131, 2),
(79, 1, 1, 1135, 1),
(79, 1, 1, 1138, 1),
(79, 1, 1, 1139, 2),
(79, 1, 1, 1142, 1),
(79, 1, 1, 1143, 1),
(79, 1, 1, 1145, 1),
(79, 1, 1, 1146, 1),
(79, 1, 1, 1148, 1),
(79, 1, 1, 1152, 1),
(79, 1, 1, 1155, 2),
(79, 1, 1, 1156, 2),
(79, 1, 1, 1159, 2),
(79, 1, 1, 1162, 1),
(79, 1, 1, 1167, 1),
(79, 1, 1, 1168, 1),
(79, 1, 1, 1170, 5),
(79, 1, 1, 1171, 1),
(80, 1, 1, 4, 8),
(80, 1, 1, 5, 2),
(80, 1, 1, 6, 1),
(80, 1, 1, 10, 1),
(80, 1, 1, 12, 1),
(80, 1, 1, 16, 1),
(80, 1, 1, 18, 2),
(80, 1, 1, 26, 2),
(80, 1, 1, 27, 4),
(80, 1, 1, 28, 1),
(80, 1, 1, 33, 1),
(80, 1, 1, 34, 2),
(80, 1, 1, 35, 1),
(80, 1, 1, 36, 3),
(80, 1, 1, 37, 3),
(80, 1, 1, 38, 1),
(80, 1, 1, 42, 1),
(80, 1, 1, 46, 1),
(80, 1, 1, 48, 1),
(80, 1, 1, 50, 1),
(80, 1, 1, 54, 1),
(80, 1, 1, 59, 1),
(80, 1, 1, 60, 1),
(80, 1, 1, 68, 1),
(80, 1, 1, 69, 1),
(80, 1, 1, 74, 1),
(80, 1, 1, 77, 1),
(80, 1, 1, 78, 7),
(80, 1, 1, 79, 1),
(80, 1, 1, 82, 8),
(80, 1, 1, 83, 2),
(80, 1, 1, 86, 1),
(80, 1, 1, 94, 16),
(80, 1, 1, 95, 11),
(80, 1, 1, 96, 5),
(80, 1, 1, 97, 2),
(80, 1, 1, 98, 4),
(80, 1, 1, 99, 7),
(80, 1, 1, 102, 2),
(80, 1, 1, 103, 8),
(80, 1, 1, 104, 1),
(80, 1, 1, 105, 3),
(80, 1, 1, 106, 2),
(80, 1, 1, 107, 2),
(80, 1, 1, 108, 3),
(80, 1, 1, 109, 1),
(80, 1, 1, 114, 1),
(80, 1, 1, 117, 2),
(80, 1, 1, 121, 1),
(80, 1, 1, 125, 2),
(80, 1, 1, 126, 1),
(80, 1, 1, 128, 2),
(80, 1, 1, 132, 1),
(80, 1, 1, 133, 1),
(80, 1, 1, 134, 1),
(80, 1, 1, 141, 2),
(80, 1, 1, 142, 1),
(80, 1, 1, 146, 1),
(80, 1, 1, 151, 1),
(80, 1, 1, 153, 2),
(80, 1, 1, 155, 2),
(80, 1, 1, 156, 1),
(80, 1, 1, 160, 1),
(80, 1, 1, 162, 1),
(80, 1, 1, 163, 4),
(80, 1, 1, 166, 2),
(80, 1, 1, 168, 1),
(80, 1, 1, 169, 5),
(80, 1, 1, 171, 1),
(80, 1, 1, 174, 2),
(80, 1, 1, 175, 1),
(80, 1, 1, 180, 2),
(80, 1, 1, 181, 1),
(80, 1, 1, 188, 1),
(80, 1, 1, 189, 1),
(80, 1, 1, 193, 1),
(80, 1, 1, 194, 2),
(80, 1, 1, 195, 1),
(80, 1, 1, 199, 3),
(80, 1, 1, 200, 1),
(80, 1, 1, 201, 1),
(80, 1, 1, 204, 1),
(80, 1, 1, 205, 1),
(80, 1, 1, 208, 1),
(80, 1, 1, 210, 1),
(80, 1, 1, 221, 1),
(80, 1, 1, 225, 2),
(80, 1, 1, 229, 2),
(80, 1, 1, 230, 1),
(80, 1, 1, 231, 2),
(80, 1, 1, 232, 1),
(80, 1, 1, 236, 1),
(80, 1, 1, 245, 1),
(80, 1, 1, 246, 1),
(80, 1, 1, 247, 1),
(80, 1, 1, 248, 1),
(80, 1, 1, 255, 2),
(80, 1, 1, 259, 2),
(80, 1, 1, 262, 1),
(80, 1, 1, 264, 1),
(80, 1, 1, 273, 3),
(80, 1, 1, 276, 13),
(80, 1, 1, 277, 15),
(80, 1, 1, 278, 1),
(80, 1, 1, 279, 6),
(80, 1, 1, 280, 1),
(80, 1, 1, 284, 2),
(80, 1, 1, 287, 1),
(80, 1, 1, 290, 1),
(80, 1, 1, 296, 4),
(80, 1, 1, 300, 1),
(80, 1, 1, 301, 4),
(80, 1, 1, 305, 2),
(80, 1, 1, 306, 1),
(80, 1, 1, 308, 1),
(80, 1, 1, 312, 1),
(80, 1, 1, 313, 1),
(80, 1, 1, 316, 1),
(80, 1, 1, 318, 2),
(80, 1, 1, 319, 2),
(80, 1, 1, 320, 1),
(80, 1, 1, 321, 2),
(80, 1, 1, 326, 1),
(80, 1, 1, 331, 7),
(80, 1, 1, 335, 1),
(80, 1, 1, 338, 1),
(80, 1, 1, 340, 1),
(80, 1, 1, 342, 2),
(80, 1, 1, 343, 1),
(80, 1, 1, 345, 1),
(80, 1, 1, 347, 2),
(80, 1, 1, 351, 2),
(80, 1, 1, 353, 3),
(80, 1, 1, 355, 2),
(80, 1, 1, 357, 1),
(80, 1, 1, 358, 3),
(80, 1, 1, 360, 3),
(80, 1, 1, 362, 3),
(80, 1, 1, 364, 6),
(80, 1, 1, 366, 1),
(80, 1, 1, 367, 2),
(80, 1, 1, 369, 2),
(80, 1, 1, 371, 1),
(80, 1, 1, 377, 1),
(80, 1, 1, 379, 1),
(80, 1, 1, 380, 2),
(80, 1, 1, 381, 1),
(80, 1, 1, 384, 1),
(80, 1, 1, 389, 2),
(80, 1, 1, 390, 1),
(80, 1, 1, 391, 1),
(80, 1, 1, 392, 2),
(80, 1, 1, 393, 1),
(80, 1, 1, 394, 1),
(80, 1, 1, 395, 1),
(80, 1, 1, 397, 1),
(80, 1, 1, 400, 1),
(80, 1, 1, 401, 2),
(80, 1, 1, 402, 1),
(80, 1, 1, 403, 1),
(80, 1, 1, 404, 1),
(80, 1, 1, 407, 1),
(80, 1, 1, 408, 1),
(80, 1, 1, 409, 2),
(80, 1, 1, 410, 1),
(80, 1, 1, 412, 3),
(80, 1, 1, 416, 1),
(80, 1, 1, 418, 1),
(80, 1, 1, 420, 2),
(80, 1, 1, 423, 1),
(80, 1, 1, 424, 2),
(80, 1, 1, 429, 1),
(80, 1, 1, 433, 1),
(80, 1, 1, 434, 1),
(80, 1, 1, 436, 1),
(80, 1, 1, 441, 1),
(80, 1, 1, 443, 1),
(80, 1, 1, 446, 1),
(80, 1, 1, 447, 1),
(80, 1, 1, 448, 1),
(80, 1, 1, 450, 1),
(80, 1, 1, 453, 2),
(80, 1, 1, 456, 1),
(80, 1, 1, 459, 2),
(80, 1, 1, 460, 1),
(80, 1, 1, 464, 1),
(80, 1, 1, 465, 1),
(80, 1, 1, 466, 1),
(80, 1, 1, 467, 5),
(80, 1, 1, 472, 1),
(80, 1, 1, 476, 1),
(80, 1, 1, 477, 1),
(80, 1, 1, 479, 1),
(80, 1, 1, 484, 1),
(80, 1, 1, 489, 1),
(80, 1, 1, 491, 1),
(80, 1, 1, 493, 1),
(80, 1, 1, 494, 1),
(80, 1, 1, 497, 1),
(80, 1, 1, 498, 2),
(80, 1, 1, 501, 3),
(80, 1, 1, 502, 1),
(80, 1, 1, 503, 1),
(80, 1, 1, 508, 1),
(80, 1, 1, 509, 1),
(80, 1, 1, 510, 1),
(80, 1, 1, 514, 1),
(80, 1, 1, 516, 1),
(80, 1, 1, 518, 3),
(80, 1, 1, 519, 2),
(80, 1, 1, 520, 1),
(80, 1, 1, 525, 1),
(80, 1, 1, 530, 3),
(80, 1, 1, 533, 1),
(80, 1, 1, 535, 1),
(80, 1, 1, 536, 2),
(80, 1, 1, 538, 1),
(80, 1, 1, 542, 2),
(80, 1, 1, 543, 1),
(80, 1, 1, 547, 1),
(80, 1, 1, 548, 1),
(80, 1, 1, 549, 1),
(80, 1, 1, 552, 1),
(80, 1, 1, 555, 1),
(80, 1, 1, 557, 1),
(80, 1, 1, 561, 1),
(80, 1, 1, 563, 1),
(80, 1, 1, 576, 1),
(80, 1, 1, 587, 1),
(80, 1, 1, 596, 1),
(80, 1, 1, 597, 2),
(80, 1, 1, 598, 1),
(80, 1, 1, 602, 1),
(80, 1, 1, 605, 1),
(80, 1, 1, 607, 1),
(80, 1, 1, 609, 1),
(80, 1, 1, 611, 1),
(80, 1, 1, 613, 1),
(80, 1, 1, 614, 1),
(80, 1, 1, 615, 1),
(80, 1, 1, 618, 2),
(80, 1, 1, 619, 1),
(80, 1, 1, 620, 2),
(80, 1, 1, 640, 1),
(80, 1, 1, 644, 1),
(80, 1, 1, 647, 2),
(80, 1, 1, 649, 1),
(80, 1, 1, 650, 1),
(80, 1, 1, 652, 1),
(80, 1, 1, 656, 1),
(80, 1, 1, 659, 1),
(80, 1, 1, 660, 1),
(80, 1, 1, 662, 1),
(80, 1, 1, 664, 1),
(80, 1, 1, 665, 2),
(80, 1, 1, 667, 2),
(80, 1, 1, 668, 1),
(80, 1, 1, 669, 1),
(80, 1, 1, 672, 1),
(80, 1, 1, 673, 1),
(80, 1, 1, 674, 1),
(80, 1, 1, 675, 1),
(80, 1, 1, 677, 1),
(80, 1, 1, 678, 1),
(80, 1, 1, 679, 1),
(80, 1, 1, 681, 1),
(80, 1, 1, 683, 1),
(80, 1, 1, 684, 2),
(80, 1, 1, 685, 1),
(80, 1, 1, 686, 1),
(80, 1, 1, 688, 1),
(80, 1, 1, 689, 1),
(80, 1, 1, 691, 4),
(80, 1, 1, 693, 1),
(80, 1, 1, 694, 1),
(80, 1, 1, 698, 2),
(80, 1, 1, 700, 1),
(80, 1, 1, 701, 1),
(80, 1, 1, 702, 1),
(80, 1, 1, 703, 1),
(80, 1, 1, 705, 1),
(80, 1, 1, 706, 1),
(80, 1, 1, 708, 1),
(80, 1, 1, 714, 1),
(80, 1, 1, 717, 1),
(80, 1, 1, 719, 1),
(80, 1, 1, 722, 1),
(80, 1, 1, 723, 1),
(80, 1, 1, 724, 1),
(80, 1, 1, 726, 1),
(80, 1, 1, 728, 1),
(80, 1, 1, 731, 1),
(80, 1, 1, 738, 1),
(80, 1, 1, 742, 1),
(80, 1, 1, 745, 1),
(80, 1, 1, 748, 2),
(80, 1, 1, 749, 2),
(80, 1, 1, 752, 2),
(80, 1, 1, 754, 2),
(80, 1, 1, 755, 1),
(80, 1, 1, 757, 1),
(80, 1, 1, 759, 1),
(80, 1, 1, 760, 1),
(80, 1, 1, 761, 1),
(80, 1, 1, 763, 2),
(80, 1, 1, 764, 2),
(80, 1, 1, 765, 1),
(80, 1, 1, 766, 2),
(80, 1, 1, 767, 4),
(80, 1, 1, 768, 4),
(80, 1, 1, 769, 1),
(80, 1, 1, 771, 2),
(80, 1, 1, 773, 2),
(80, 1, 1, 775, 1),
(80, 1, 1, 783, 2),
(80, 1, 1, 785, 4),
(80, 1, 1, 787, 1),
(80, 1, 1, 789, 1),
(80, 1, 1, 792, 1),
(80, 1, 1, 794, 2),
(80, 1, 1, 795, 2),
(80, 1, 1, 798, 2),
(80, 1, 1, 800, 1),
(80, 1, 1, 801, 2),
(80, 1, 1, 802, 2),
(80, 1, 1, 803, 1),
(80, 1, 1, 805, 2),
(80, 1, 1, 806, 1),
(80, 1, 1, 807, 1),
(80, 1, 1, 808, 1),
(80, 1, 1, 809, 1),
(80, 1, 1, 811, 1),
(80, 1, 1, 812, 1),
(80, 1, 1, 814, 1),
(80, 1, 1, 815, 1),
(80, 1, 1, 820, 1),
(80, 1, 1, 821, 1),
(80, 1, 1, 822, 2),
(80, 1, 1, 823, 1),
(80, 1, 1, 824, 2),
(80, 1, 1, 825, 1),
(80, 1, 1, 828, 2),
(80, 1, 1, 829, 1),
(80, 1, 1, 830, 1),
(80, 1, 1, 834, 1),
(80, 1, 1, 835, 1),
(80, 1, 1, 837, 1),
(80, 1, 1, 838, 2),
(80, 1, 1, 839, 2),
(80, 1, 1, 842, 1),
(80, 1, 1, 843, 3),
(80, 1, 1, 846, 1),
(80, 1, 1, 847, 1),
(80, 1, 1, 850, 1),
(80, 1, 1, 851, 1),
(80, 1, 1, 854, 2),
(80, 1, 1, 857, 1),
(80, 1, 1, 861, 1),
(80, 1, 1, 863, 4),
(80, 1, 1, 864, 4),
(80, 1, 1, 866, 1),
(80, 1, 1, 867, 2),
(80, 1, 1, 868, 1),
(80, 1, 1, 869, 2),
(80, 1, 1, 870, 1),
(80, 1, 1, 872, 1),
(80, 1, 1, 873, 3),
(80, 1, 1, 878, 1),
(80, 1, 1, 880, 1),
(80, 1, 1, 881, 2),
(80, 1, 1, 883, 1),
(80, 1, 1, 884, 1),
(80, 1, 1, 886, 2),
(80, 1, 1, 888, 1),
(80, 1, 1, 890, 3),
(80, 1, 1, 893, 1),
(80, 1, 1, 894, 1),
(80, 1, 1, 895, 4),
(80, 1, 1, 899, 3),
(80, 1, 1, 903, 1),
(80, 1, 1, 910, 1),
(80, 1, 1, 911, 4),
(80, 1, 1, 912, 1),
(80, 1, 1, 920, 3),
(80, 1, 1, 921, 1),
(80, 1, 1, 926, 4),
(80, 1, 1, 928, 4),
(80, 1, 1, 929, 3),
(80, 1, 1, 930, 1),
(80, 1, 1, 933, 1),
(80, 1, 1, 934, 2),
(80, 1, 1, 938, 2),
(80, 1, 1, 939, 2),
(80, 1, 1, 942, 4),
(80, 1, 1, 947, 2),
(80, 1, 1, 949, 1),
(80, 1, 1, 950, 1),
(80, 1, 1, 954, 1),
(80, 1, 1, 956, 1),
(80, 1, 1, 965, 1),
(80, 1, 1, 967, 1),
(80, 1, 1, 974, 1),
(80, 1, 1, 975, 1),
(80, 1, 1, 977, 1),
(80, 1, 1, 978, 5),
(80, 1, 1, 979, 4),
(80, 1, 1, 980, 2),
(80, 1, 1, 985, 1),
(80, 1, 1, 986, 2),
(80, 1, 1, 987, 3),
(80, 1, 1, 992, 1),
(80, 1, 1, 994, 2),
(80, 1, 1, 995, 2),
(80, 1, 1, 998, 1),
(80, 1, 1, 999, 1),
(80, 1, 1, 1000, 2),
(80, 1, 1, 1001, 1),
(80, 1, 1, 1002, 1),
(80, 1, 1, 1004, 2),
(80, 1, 1, 1006, 2),
(80, 1, 1, 1010, 1),
(80, 1, 1, 1013, 2),
(80, 1, 1, 1015, 1),
(80, 1, 1, 1016, 2),
(80, 1, 1, 1017, 2),
(80, 1, 1, 1018, 1),
(80, 1, 1, 1019, 2),
(80, 1, 1, 1020, 1),
(80, 1, 1, 1021, 1),
(80, 1, 1, 1023, 1),
(80, 1, 1, 1032, 1),
(80, 1, 1, 1034, 4),
(80, 1, 1, 1041, 1),
(80, 1, 1, 1042, 1),
(80, 1, 1, 1044, 1),
(80, 1, 1, 1045, 1),
(80, 1, 1, 1046, 4),
(80, 1, 1, 1047, 1),
(80, 1, 1, 1048, 1),
(80, 1, 1, 1049, 1),
(80, 1, 1, 1056, 1),
(80, 1, 1, 1057, 2),
(80, 1, 1, 1065, 3),
(80, 1, 1, 1066, 1),
(80, 1, 1, 1068, 2),
(80, 1, 1, 1069, 2),
(80, 1, 1, 1070, 2),
(80, 1, 1, 1071, 1),
(80, 1, 1, 1072, 2),
(80, 1, 1, 1073, 3),
(80, 1, 1, 1077, 1),
(80, 1, 1, 1079, 2),
(80, 1, 1, 1084, 1),
(80, 1, 1, 1087, 1),
(80, 1, 1, 1089, 1),
(80, 1, 1, 1092, 1),
(80, 1, 1, 1095, 1),
(80, 1, 1, 1096, 1),
(80, 1, 1, 1097, 1),
(80, 1, 1, 1100, 1),
(80, 1, 1, 1101, 2),
(80, 1, 1, 1103, 1),
(80, 1, 1, 1106, 1),
(80, 1, 1, 1107, 5),
(80, 1, 1, 1108, 1),
(80, 1, 1, 1110, 1),
(80, 1, 1, 1111, 3),
(80, 1, 1, 1112, 2),
(80, 1, 1, 1113, 3),
(80, 1, 1, 1115, 2),
(80, 1, 1, 1117, 1),
(80, 1, 1, 1118, 1),
(80, 1, 1, 1121, 1),
(80, 1, 1, 1125, 2),
(80, 1, 1, 1128, 1),
(80, 1, 1, 1129, 2),
(80, 1, 1, 1130, 1),
(80, 1, 1, 1132, 3),
(80, 1, 1, 1133, 1),
(80, 1, 1, 1135, 1),
(80, 1, 1, 1137, 2),
(80, 1, 1, 1139, 5),
(80, 1, 1, 1140, 1),
(80, 1, 1, 1146, 2),
(80, 1, 1, 1147, 3),
(80, 1, 1, 1148, 1),
(80, 1, 1, 1150, 1),
(80, 1, 1, 1154, 1),
(80, 1, 1, 1155, 1),
(80, 1, 1, 1156, 1),
(80, 1, 1, 1160, 1),
(80, 1, 1, 1163, 1),
(80, 1, 1, 1166, 1),
(81, 1, 1, 3, 20),
(81, 1, 1, 4, 4),
(81, 1, 1, 5, 6),
(81, 1, 1, 6, 7),
(81, 1, 1, 7, 3),
(81, 1, 1, 9, 1),
(81, 1, 1, 10, 2),
(81, 1, 1, 14, 8),
(81, 1, 1, 15, 2),
(81, 1, 1, 16, 2),
(81, 1, 1, 18, 6),
(81, 1, 1, 20, 1),
(81, 1, 1, 22, 1),
(81, 1, 1, 23, 3),
(81, 1, 1, 24, 1),
(81, 1, 1, 25, 1),
(81, 1, 1, 26, 2),
(81, 1, 1, 27, 1),
(81, 1, 1, 28, 1),
(81, 1, 1, 29, 1),
(81, 1, 1, 32, 1),
(81, 1, 1, 33, 1),
(81, 1, 1, 35, 1),
(81, 1, 1, 36, 2),
(81, 1, 1, 37, 2),
(81, 1, 1, 39, 1),
(81, 1, 1, 40, 1),
(81, 1, 1, 41, 1),
(81, 1, 1, 44, 1),
(81, 1, 1, 46, 1),
(81, 1, 1, 47, 3),
(81, 1, 1, 48, 2),
(81, 1, 1, 49, 2),
(81, 1, 1, 50, 1),
(81, 1, 1, 51, 1),
(81, 1, 1, 52, 2),
(81, 1, 1, 53, 3),
(81, 1, 1, 54, 17),
(81, 1, 1, 55, 12),
(81, 1, 1, 56, 6),
(81, 1, 1, 57, 1),
(81, 1, 1, 58, 3),
(81, 1, 1, 59, 2),
(81, 1, 1, 60, 1),
(81, 1, 1, 62, 3),
(81, 1, 1, 63, 2),
(81, 1, 1, 64, 1),
(81, 1, 1, 65, 1),
(81, 1, 1, 66, 2),
(81, 1, 1, 68, 1),
(81, 1, 1, 69, 4),
(81, 1, 1, 70, 5),
(81, 1, 1, 71, 13),
(81, 1, 1, 72, 1),
(81, 1, 1, 73, 1),
(81, 1, 1, 74, 1),
(81, 1, 1, 76, 3),
(81, 1, 1, 78, 10),
(81, 1, 1, 81, 2),
(81, 1, 1, 82, 2),
(81, 1, 1, 84, 4),
(81, 1, 1, 85, 1),
(81, 1, 1, 89, 1),
(81, 1, 1, 91, 26),
(81, 1, 1, 92, 9),
(81, 1, 1, 93, 9),
(81, 1, 1, 94, 11),
(81, 1, 1, 95, 2),
(81, 1, 1, 96, 2),
(81, 1, 1, 97, 4),
(81, 1, 1, 99, 1),
(81, 1, 1, 100, 1),
(81, 1, 1, 105, 10),
(81, 1, 1, 106, 8),
(81, 1, 1, 107, 2),
(81, 1, 1, 109, 1),
(81, 1, 1, 111, 1),
(81, 1, 1, 117, 2),
(81, 1, 1, 118, 22),
(81, 1, 1, 119, 7),
(81, 1, 1, 120, 15),
(81, 1, 1, 121, 1),
(81, 1, 1, 122, 1),
(81, 1, 1, 123, 35),
(81, 1, 1, 124, 18),
(81, 1, 1, 125, 4),
(81, 1, 1, 127, 5),
(81, 1, 1, 129, 2),
(81, 1, 1, 131, 1),
(81, 1, 1, 135, 31),
(81, 1, 1, 136, 23),
(81, 1, 1, 137, 3),
(81, 1, 1, 138, 1),
(81, 1, 1, 139, 3),
(81, 1, 1, 142, 2),
(81, 1, 1, 144, 1),
(81, 1, 1, 147, 2),
(81, 1, 1, 151, 1),
(81, 1, 1, 153, 1),
(81, 1, 1, 154, 29),
(81, 1, 1, 155, 4),
(81, 1, 1, 156, 6),
(81, 1, 1, 157, 3),
(81, 1, 1, 160, 1),
(81, 1, 1, 163, 11),
(81, 1, 1, 164, 1),
(81, 1, 1, 168, 2),
(81, 1, 1, 172, 2),
(81, 1, 1, 174, 1),
(81, 1, 1, 176, 1),
(81, 1, 1, 179, 2),
(81, 1, 1, 180, 2),
(81, 1, 1, 181, 2),
(81, 1, 1, 183, 1),
(81, 1, 1, 188, 1),
(81, 1, 1, 189, 1),
(81, 1, 1, 192, 1),
(81, 1, 1, 194, 2),
(81, 1, 1, 195, 2),
(81, 1, 1, 196, 1),
(81, 1, 1, 199, 4),
(81, 1, 1, 201, 3),
(81, 1, 1, 203, 1),
(81, 1, 1, 204, 2),
(81, 1, 1, 205, 2),
(81, 1, 1, 207, 1),
(81, 1, 1, 208, 2),
(81, 1, 1, 209, 6),
(81, 1, 1, 210, 1),
(81, 1, 1, 212, 2),
(81, 1, 1, 213, 1),
(81, 1, 1, 214, 2),
(81, 1, 1, 215, 2),
(81, 1, 1, 217, 1),
(81, 1, 1, 220, 3),
(81, 1, 1, 224, 1),
(81, 1, 1, 227, 1),
(81, 1, 1, 231, 2),
(81, 1, 1, 232, 2),
(81, 1, 1, 234, 1),
(81, 1, 1, 235, 1),
(81, 1, 1, 237, 1),
(81, 1, 1, 241, 1),
(81, 1, 1, 242, 2),
(81, 1, 1, 243, 2),
(81, 1, 1, 246, 1),
(81, 1, 1, 247, 1),
(81, 1, 1, 248, 1),
(81, 1, 1, 254, 1),
(81, 1, 1, 256, 1),
(81, 1, 1, 259, 4),
(81, 1, 1, 261, 1),
(81, 1, 1, 264, 1),
(81, 1, 1, 271, 5),
(81, 1, 1, 272, 2),
(81, 1, 1, 275, 1),
(81, 1, 1, 276, 1),
(81, 1, 1, 278, 4),
(81, 1, 1, 281, 1),
(81, 1, 1, 283, 3),
(81, 1, 1, 289, 1),
(81, 1, 1, 290, 1),
(81, 1, 1, 291, 3),
(81, 1, 1, 292, 1),
(81, 1, 1, 294, 3),
(81, 1, 1, 296, 1),
(81, 1, 1, 300, 1),
(81, 1, 1, 301, 2),
(81, 1, 1, 302, 2),
(81, 1, 1, 303, 2),
(81, 1, 1, 306, 1),
(81, 1, 1, 307, 1),
(81, 1, 1, 308, 3),
(81, 1, 1, 309, 1),
(81, 1, 1, 312, 2),
(81, 1, 1, 313, 1),
(81, 1, 1, 314, 1),
(81, 1, 1, 315, 1),
(81, 1, 1, 316, 2),
(81, 1, 1, 318, 1),
(81, 1, 1, 319, 4),
(81, 1, 1, 320, 1),
(81, 1, 1, 322, 1),
(81, 1, 1, 323, 1),
(81, 1, 1, 324, 1),
(81, 1, 1, 325, 1),
(81, 1, 1, 326, 2),
(81, 1, 1, 329, 2),
(81, 1, 1, 330, 2),
(81, 1, 1, 331, 1),
(81, 1, 1, 332, 1),
(81, 1, 1, 333, 2),
(81, 1, 1, 335, 1),
(81, 1, 1, 336, 2),
(81, 1, 1, 337, 3),
(81, 1, 1, 338, 9),
(81, 1, 1, 339, 1),
(81, 1, 1, 340, 1),
(81, 1, 1, 341, 20),
(81, 1, 1, 342, 3),
(81, 1, 1, 343, 3),
(81, 1, 1, 344, 2),
(81, 1, 1, 345, 5),
(81, 1, 1, 346, 2),
(81, 1, 1, 347, 4),
(81, 1, 1, 348, 2),
(81, 1, 1, 350, 5),
(81, 1, 1, 351, 2),
(81, 1, 1, 353, 2),
(81, 1, 1, 354, 1),
(81, 1, 1, 355, 2),
(81, 1, 1, 356, 2),
(81, 1, 1, 358, 2),
(81, 1, 1, 360, 2),
(81, 1, 1, 361, 2),
(81, 1, 1, 362, 2),
(81, 1, 1, 364, 7),
(81, 1, 1, 365, 2),
(81, 1, 1, 366, 3),
(81, 1, 1, 367, 4),
(81, 1, 1, 369, 1),
(81, 1, 1, 370, 1),
(81, 1, 1, 371, 3),
(81, 1, 1, 373, 1),
(81, 1, 1, 375, 1),
(81, 1, 1, 379, 2),
(81, 1, 1, 380, 3),
(81, 1, 1, 382, 1),
(81, 1, 1, 383, 1),
(81, 1, 1, 384, 3),
(81, 1, 1, 385, 4),
(81, 1, 1, 386, 4),
(81, 1, 1, 387, 2),
(81, 1, 1, 388, 8),
(81, 1, 1, 389, 1),
(81, 1, 1, 390, 1),
(81, 1, 1, 391, 4),
(81, 1, 1, 393, 1),
(81, 1, 1, 394, 3),
(81, 1, 1, 396, 1),
(81, 1, 1, 397, 4),
(81, 1, 1, 399, 3),
(81, 1, 1, 400, 17),
(81, 1, 1, 402, 3),
(81, 1, 1, 403, 4),
(81, 1, 1, 404, 2),
(81, 1, 1, 406, 1),
(81, 1, 1, 408, 1),
(81, 1, 1, 409, 1),
(81, 1, 1, 410, 1),
(81, 1, 1, 413, 1),
(81, 1, 1, 414, 1),
(81, 1, 1, 417, 1),
(81, 1, 1, 418, 2),
(81, 1, 1, 422, 1),
(81, 1, 1, 423, 2),
(81, 1, 1, 424, 1),
(81, 1, 1, 425, 2),
(81, 1, 1, 426, 1),
(81, 1, 1, 429, 1),
(81, 1, 1, 430, 1),
(81, 1, 1, 432, 3),
(81, 1, 1, 433, 2),
(81, 1, 1, 434, 2),
(81, 1, 1, 436, 1),
(81, 1, 1, 438, 3),
(81, 1, 1, 439, 2),
(81, 1, 1, 440, 2),
(81, 1, 1, 441, 2),
(81, 1, 1, 443, 1),
(81, 1, 1, 444, 1),
(81, 1, 1, 447, 1),
(81, 1, 1, 448, 1),
(81, 1, 1, 449, 1),
(81, 1, 1, 450, 3),
(81, 1, 1, 451, 2),
(81, 1, 1, 453, 5),
(81, 1, 1, 454, 2),
(81, 1, 1, 456, 4),
(81, 1, 1, 458, 2),
(81, 1, 1, 459, 3),
(81, 1, 1, 460, 4),
(81, 1, 1, 461, 1),
(81, 1, 1, 462, 4),
(81, 1, 1, 463, 4),
(81, 1, 1, 464, 1),
(81, 1, 1, 465, 4),
(81, 1, 1, 467, 3),
(81, 1, 1, 468, 2),
(81, 1, 1, 469, 3),
(81, 1, 1, 470, 2),
(81, 1, 1, 472, 1),
(81, 1, 1, 473, 2),
(81, 1, 1, 474, 4),
(81, 1, 1, 475, 5),
(81, 1, 1, 476, 2),
(81, 1, 1, 477, 4),
(81, 1, 1, 478, 1),
(81, 1, 1, 481, 3),
(81, 1, 1, 482, 1),
(81, 1, 1, 483, 2),
(81, 1, 1, 485, 1),
(81, 1, 1, 486, 1),
(81, 1, 1, 488, 2),
(81, 1, 1, 489, 4),
(81, 1, 1, 490, 3),
(81, 1, 1, 491, 1),
(81, 1, 1, 492, 1),
(81, 1, 1, 493, 1),
(81, 1, 1, 494, 3),
(81, 1, 1, 497, 4),
(81, 1, 1, 498, 4),
(81, 1, 1, 499, 1),
(81, 1, 1, 500, 5),
(81, 1, 1, 501, 3),
(81, 1, 1, 502, 1),
(81, 1, 1, 503, 2),
(81, 1, 1, 506, 2),
(81, 1, 1, 508, 2),
(81, 1, 1, 509, 1),
(81, 1, 1, 511, 2),
(81, 1, 1, 513, 3),
(81, 1, 1, 514, 3),
(81, 1, 1, 515, 5),
(81, 1, 1, 516, 1),
(81, 1, 1, 518, 9),
(81, 1, 1, 519, 3),
(81, 1, 1, 520, 1),
(81, 1, 1, 521, 2),
(81, 1, 1, 523, 1),
(81, 1, 1, 525, 4),
(81, 1, 1, 526, 7),
(81, 1, 1, 527, 4),
(81, 1, 1, 530, 1),
(81, 1, 1, 531, 4),
(81, 1, 1, 532, 1),
(81, 1, 1, 533, 1),
(81, 1, 1, 534, 2),
(81, 1, 1, 536, 2),
(81, 1, 1, 537, 3),
(81, 1, 1, 538, 1),
(81, 1, 1, 539, 3),
(81, 1, 1, 540, 1),
(81, 1, 1, 541, 3),
(81, 1, 1, 542, 2),
(81, 1, 1, 543, 1),
(81, 1, 1, 545, 1),
(81, 1, 1, 546, 1),
(81, 1, 1, 547, 1),
(81, 1, 1, 548, 1),
(81, 1, 1, 549, 1),
(81, 1, 1, 550, 1),
(81, 1, 1, 552, 1),
(81, 1, 1, 553, 1),
(81, 1, 1, 554, 1),
(81, 1, 1, 555, 2),
(81, 1, 1, 557, 1),
(81, 1, 1, 558, 5),
(81, 1, 1, 559, 2),
(81, 1, 1, 560, 4),
(81, 1, 1, 562, 3),
(81, 1, 1, 563, 1),
(81, 1, 1, 568, 5),
(81, 1, 1, 569, 2),
(81, 1, 1, 570, 4),
(81, 1, 1, 571, 1),
(81, 1, 1, 572, 1),
(81, 1, 1, 573, 1),
(81, 1, 1, 574, 2),
(81, 1, 1, 575, 2),
(81, 1, 1, 576, 2),
(81, 1, 1, 577, 7),
(81, 1, 1, 578, 9),
(81, 1, 1, 581, 1),
(81, 1, 1, 582, 3),
(81, 1, 1, 583, 2),
(81, 1, 1, 584, 1),
(81, 1, 1, 585, 1),
(81, 1, 1, 586, 3),
(81, 1, 1, 587, 5),
(81, 1, 1, 588, 2),
(81, 1, 1, 589, 1),
(81, 1, 1, 590, 3),
(81, 1, 1, 591, 1),
(81, 1, 1, 592, 5),
(81, 1, 1, 593, 5),
(81, 1, 1, 594, 5),
(81, 1, 1, 595, 3),
(81, 1, 1, 597, 1),
(81, 1, 1, 599, 2),
(81, 1, 1, 600, 2),
(81, 1, 1, 601, 1),
(81, 1, 1, 602, 2),
(81, 1, 1, 604, 7),
(81, 1, 1, 605, 2),
(81, 1, 1, 606, 5),
(81, 1, 1, 607, 4),
(81, 1, 1, 608, 1),
(81, 1, 1, 609, 3),
(81, 1, 1, 610, 2),
(81, 1, 1, 611, 3),
(81, 1, 1, 612, 2),
(81, 1, 1, 613, 1),
(81, 1, 1, 614, 4),
(81, 1, 1, 616, 2),
(81, 1, 1, 617, 5),
(81, 1, 1, 618, 3),
(81, 1, 1, 619, 4),
(81, 1, 1, 620, 2),
(81, 1, 1, 621, 2),
(81, 1, 1, 622, 2),
(81, 1, 1, 637, 2),
(81, 1, 1, 641, 4),
(81, 1, 1, 642, 7),
(81, 1, 1, 643, 3),
(81, 1, 1, 644, 8),
(81, 1, 1, 645, 3),
(81, 1, 1, 646, 4),
(81, 1, 1, 648, 2),
(81, 1, 1, 649, 1),
(81, 1, 1, 650, 2),
(81, 1, 1, 652, 3),
(81, 1, 1, 653, 1),
(81, 1, 1, 654, 1),
(81, 1, 1, 655, 3),
(81, 1, 1, 657, 1),
(81, 1, 1, 658, 6),
(81, 1, 1, 659, 8),
(81, 1, 1, 660, 5),
(81, 1, 1, 661, 2),
(81, 1, 1, 662, 2),
(81, 1, 1, 663, 2),
(81, 1, 1, 664, 3),
(81, 1, 1, 665, 4),
(81, 1, 1, 666, 4),
(81, 1, 1, 667, 3),
(81, 1, 1, 668, 2),
(81, 1, 1, 669, 1),
(81, 1, 1, 670, 5),
(81, 1, 1, 671, 1),
(81, 1, 1, 672, 1),
(81, 1, 1, 673, 3),
(81, 1, 1, 674, 2),
(81, 1, 1, 675, 1),
(81, 1, 1, 676, 2),
(81, 1, 1, 677, 1),
(81, 1, 1, 678, 2),
(81, 1, 1, 679, 5),
(81, 1, 1, 680, 3),
(81, 1, 1, 681, 1),
(81, 1, 1, 682, 3),
(81, 1, 1, 683, 6),
(81, 1, 1, 685, 4),
(81, 1, 1, 687, 7),
(81, 1, 1, 688, 3),
(81, 1, 1, 689, 3),
(81, 1, 1, 691, 2),
(81, 1, 1, 692, 1),
(81, 1, 1, 694, 3),
(81, 1, 1, 696, 3),
(81, 1, 1, 697, 1),
(81, 1, 1, 698, 3),
(81, 1, 1, 700, 1),
(81, 1, 1, 702, 2),
(81, 1, 1, 703, 4),
(81, 1, 1, 704, 2),
(81, 1, 1, 705, 2),
(81, 1, 1, 706, 1),
(81, 1, 1, 707, 3),
(81, 1, 1, 708, 2),
(81, 1, 1, 709, 4),
(81, 1, 1, 710, 2),
(81, 1, 1, 711, 3),
(81, 1, 1, 712, 9),
(81, 1, 1, 713, 5),
(81, 1, 1, 714, 5),
(81, 1, 1, 715, 6),
(81, 1, 1, 716, 6),
(81, 1, 1, 717, 5),
(81, 1, 1, 719, 3),
(81, 1, 1, 720, 5),
(81, 1, 1, 721, 31),
(81, 1, 1, 722, 4),
(81, 1, 1, 723, 2),
(81, 1, 1, 724, 2),
(81, 1, 1, 725, 2),
(81, 1, 1, 726, 12),
(81, 1, 1, 727, 6),
(81, 1, 1, 728, 2),
(81, 1, 1, 729, 10),
(81, 1, 1, 730, 4),
(81, 1, 1, 731, 2),
(81, 1, 1, 733, 1),
(81, 1, 1, 735, 3),
(81, 1, 1, 736, 18),
(81, 1, 1, 737, 3),
(81, 1, 1, 738, 1),
(81, 1, 1, 739, 1),
(81, 1, 1, 740, 1),
(81, 1, 1, 741, 3),
(81, 1, 1, 742, 2),
(81, 1, 1, 743, 4),
(81, 1, 1, 744, 1),
(81, 1, 1, 745, 3),
(81, 1, 1, 746, 2),
(81, 1, 1, 748, 2),
(81, 1, 1, 749, 1),
(81, 1, 1, 750, 3),
(81, 1, 1, 751, 2),
(81, 1, 1, 752, 2),
(81, 1, 1, 754, 2),
(81, 1, 1, 755, 2),
(81, 1, 1, 756, 3),
(81, 1, 1, 757, 3),
(81, 1, 1, 758, 5),
(81, 1, 1, 760, 1),
(81, 1, 1, 761, 2),
(81, 1, 1, 762, 3),
(81, 1, 1, 763, 3),
(81, 1, 1, 764, 9),
(81, 1, 1, 765, 4),
(81, 1, 1, 766, 4),
(81, 1, 1, 767, 1),
(81, 1, 1, 768, 1),
(81, 1, 1, 769, 2),
(81, 1, 1, 770, 6),
(81, 1, 1, 771, 2),
(81, 1, 1, 772, 4),
(81, 1, 1, 773, 7),
(81, 1, 1, 774, 4),
(81, 1, 1, 775, 2),
(81, 1, 1, 776, 4),
(81, 1, 1, 777, 1),
(81, 1, 1, 780, 1),
(81, 1, 1, 782, 4),
(81, 1, 1, 783, 2),
(81, 1, 1, 785, 7),
(81, 1, 1, 786, 5),
(81, 1, 1, 787, 1),
(81, 1, 1, 788, 1),
(81, 1, 1, 790, 3),
(81, 1, 1, 791, 2),
(81, 1, 1, 792, 3),
(81, 1, 1, 793, 1),
(81, 1, 1, 794, 3),
(81, 1, 1, 796, 3),
(81, 1, 1, 797, 1),
(81, 1, 1, 798, 3),
(81, 1, 1, 800, 1),
(81, 1, 1, 801, 9),
(81, 1, 1, 802, 3),
(81, 1, 1, 803, 2),
(81, 1, 1, 804, 6),
(81, 1, 1, 805, 5),
(81, 1, 1, 806, 5),
(81, 1, 1, 807, 1),
(81, 1, 1, 808, 8),
(81, 1, 1, 809, 2),
(81, 1, 1, 810, 1),
(81, 1, 1, 811, 1),
(81, 1, 1, 812, 2),
(81, 1, 1, 813, 6),
(81, 1, 1, 814, 3),
(81, 1, 1, 815, 3),
(81, 1, 1, 816, 3),
(81, 1, 1, 817, 1),
(81, 1, 1, 818, 1),
(81, 1, 1, 819, 1),
(81, 1, 1, 820, 4),
(81, 1, 1, 821, 1),
(81, 1, 1, 822, 5),
(81, 1, 1, 824, 3),
(81, 1, 1, 825, 9),
(81, 1, 1, 826, 2),
(81, 1, 1, 827, 1),
(81, 1, 1, 828, 2),
(81, 1, 1, 829, 5),
(81, 1, 1, 830, 3),
(81, 1, 1, 831, 2),
(81, 1, 1, 833, 4),
(81, 1, 1, 835, 2),
(81, 1, 1, 837, 1),
(81, 1, 1, 838, 3),
(81, 1, 1, 839, 4),
(81, 1, 1, 840, 1),
(81, 1, 1, 841, 1),
(81, 1, 1, 842, 5),
(81, 1, 1, 843, 5),
(81, 1, 1, 844, 1),
(81, 1, 1, 845, 2),
(81, 1, 1, 846, 1),
(81, 1, 1, 847, 4),
(81, 1, 1, 848, 2),
(81, 1, 1, 849, 3),
(81, 1, 1, 850, 5),
(81, 1, 1, 851, 2),
(81, 1, 1, 852, 1),
(81, 1, 1, 853, 3),
(81, 1, 1, 854, 2),
(81, 1, 1, 855, 6),
(81, 1, 1, 857, 2),
(81, 1, 1, 858, 1),
(81, 1, 1, 860, 3),
(81, 1, 1, 861, 2),
(81, 1, 1, 862, 4),
(81, 1, 1, 863, 10),
(81, 1, 1, 864, 7),
(81, 1, 1, 865, 4),
(81, 1, 1, 866, 2),
(81, 1, 1, 867, 3),
(81, 1, 1, 868, 3),
(81, 1, 1, 869, 6),
(81, 1, 1, 870, 5),
(81, 1, 1, 871, 2),
(81, 1, 1, 873, 1),
(81, 1, 1, 874, 3),
(81, 1, 1, 875, 7),
(81, 1, 1, 876, 2),
(81, 1, 1, 877, 7),
(81, 1, 1, 878, 4),
(81, 1, 1, 879, 5),
(81, 1, 1, 880, 8),
(81, 1, 1, 881, 6),
(81, 1, 1, 883, 7),
(81, 1, 1, 884, 2),
(81, 1, 1, 885, 1),
(81, 1, 1, 887, 1),
(81, 1, 1, 888, 4),
(81, 1, 1, 889, 2),
(81, 1, 1, 893, 3),
(81, 1, 1, 894, 3),
(81, 1, 1, 895, 4),
(81, 1, 1, 896, 3),
(81, 1, 1, 897, 3),
(81, 1, 1, 898, 2),
(81, 1, 1, 899, 4),
(81, 1, 1, 900, 1),
(81, 1, 1, 902, 4),
(81, 1, 1, 903, 1),
(81, 1, 1, 905, 6),
(81, 1, 1, 907, 4),
(81, 1, 1, 908, 1),
(81, 1, 1, 909, 2),
(81, 1, 1, 910, 5),
(81, 1, 1, 911, 6),
(81, 1, 1, 912, 2),
(81, 1, 1, 915, 1),
(81, 1, 1, 916, 2),
(81, 1, 1, 917, 1),
(81, 1, 1, 918, 3),
(81, 1, 1, 919, 4),
(81, 1, 1, 920, 4),
(81, 1, 1, 921, 3),
(81, 1, 1, 924, 1),
(81, 1, 1, 925, 2),
(81, 1, 1, 926, 3),
(81, 1, 1, 928, 3),
(81, 1, 1, 929, 2),
(81, 1, 1, 930, 3),
(81, 1, 1, 931, 3),
(81, 1, 1, 932, 7),
(81, 1, 1, 934, 2),
(81, 1, 1, 935, 2),
(81, 1, 1, 937, 6),
(81, 1, 1, 938, 1),
(81, 1, 1, 939, 5),
(81, 1, 1, 941, 2),
(81, 1, 1, 942, 2),
(81, 1, 1, 943, 1),
(81, 1, 1, 944, 5),
(81, 1, 1, 945, 2),
(81, 1, 1, 946, 2),
(81, 1, 1, 947, 3),
(81, 1, 1, 948, 2),
(81, 1, 1, 949, 5),
(81, 1, 1, 950, 3),
(81, 1, 1, 951, 1),
(81, 1, 1, 952, 1),
(81, 1, 1, 956, 3),
(81, 1, 1, 958, 3),
(81, 1, 1, 959, 5),
(81, 1, 1, 961, 2),
(81, 1, 1, 963, 1),
(81, 1, 1, 965, 4),
(81, 1, 1, 966, 1),
(81, 1, 1, 968, 4),
(81, 1, 1, 969, 1),
(81, 1, 1, 971, 1),
(81, 1, 1, 972, 2),
(81, 1, 1, 974, 2),
(81, 1, 1, 976, 3),
(81, 1, 1, 977, 2),
(81, 1, 1, 978, 1),
(81, 1, 1, 980, 4),
(81, 1, 1, 982, 3),
(81, 1, 1, 983, 1),
(81, 1, 1, 984, 2),
(81, 1, 1, 985, 4),
(81, 1, 1, 986, 3),
(81, 1, 1, 987, 5),
(81, 1, 1, 989, 3),
(81, 1, 1, 990, 1),
(81, 1, 1, 991, 2),
(81, 1, 1, 992, 11),
(81, 1, 1, 993, 4),
(81, 1, 1, 994, 4),
(81, 1, 1, 995, 6),
(81, 1, 1, 997, 1),
(81, 1, 1, 998, 1),
(81, 1, 1, 999, 3),
(81, 1, 1, 1000, 3),
(81, 1, 1, 1001, 1),
(81, 1, 1, 1002, 5),
(81, 1, 1, 1003, 3),
(81, 1, 1, 1004, 5),
(81, 1, 1, 1005, 2),
(81, 1, 1, 1006, 5),
(81, 1, 1, 1007, 3),
(81, 1, 1, 1008, 3),
(81, 1, 1, 1009, 1),
(81, 1, 1, 1010, 3),
(81, 1, 1, 1011, 1),
(81, 1, 1, 1012, 6),
(81, 1, 1, 1013, 1),
(81, 1, 1, 1014, 1),
(81, 1, 1, 1015, 2),
(81, 1, 1, 1016, 3),
(81, 1, 1, 1017, 2),
(81, 1, 1, 1018, 7),
(81, 1, 1, 1019, 1),
(81, 1, 1, 1021, 6),
(81, 1, 1, 1022, 3),
(81, 1, 1, 1023, 4),
(81, 1, 1, 1024, 1),
(81, 1, 1, 1025, 2),
(81, 1, 1, 1026, 6),
(81, 1, 1, 1027, 1),
(81, 1, 1, 1028, 2),
(81, 1, 1, 1029, 5),
(81, 1, 1, 1030, 1),
(81, 1, 1, 1031, 7),
(81, 1, 1, 1032, 2),
(81, 1, 1, 1033, 13),
(81, 1, 1, 1034, 9),
(81, 1, 1, 1036, 1),
(81, 1, 1, 1037, 1),
(81, 1, 1, 1038, 4),
(81, 1, 1, 1039, 2),
(81, 1, 1, 1040, 5),
(81, 1, 1, 1041, 2),
(81, 1, 1, 1042, 4),
(81, 1, 1, 1043, 2),
(81, 1, 1, 1044, 3),
(81, 1, 1, 1045, 1),
(81, 1, 1, 1046, 1),
(81, 1, 1, 1048, 1),
(81, 1, 1, 1049, 1),
(81, 1, 1, 1050, 1),
(81, 1, 1, 1051, 5),
(81, 1, 1, 1052, 2),
(81, 1, 1, 1053, 8),
(81, 1, 1, 1054, 4),
(81, 1, 1, 1055, 2),
(81, 1, 1, 1056, 5),
(81, 1, 1, 1058, 3),
(81, 1, 1, 1059, 1),
(81, 1, 1, 1060, 1),
(81, 1, 1, 1061, 1),
(81, 1, 1, 1062, 8),
(81, 1, 1, 1063, 4),
(81, 1, 1, 1064, 5),
(81, 1, 1, 1065, 5),
(81, 1, 1, 1066, 3),
(81, 1, 1, 1067, 3),
(81, 1, 1, 1069, 1),
(81, 1, 1, 1070, 15),
(81, 1, 1, 1071, 14),
(81, 1, 1, 1072, 4),
(81, 1, 1, 1073, 7),
(81, 1, 1, 1074, 18),
(81, 1, 1, 1075, 6),
(81, 1, 1, 1076, 3),
(81, 1, 1, 1077, 3),
(81, 1, 1, 1078, 1),
(81, 1, 1, 1079, 4),
(81, 1, 1, 1080, 2),
(81, 1, 1, 1081, 2),
(81, 1, 1, 1082, 4),
(81, 1, 1, 1083, 6),
(81, 1, 1, 1084, 7),
(81, 1, 1, 1085, 3),
(81, 1, 1, 1087, 2),
(81, 1, 1, 1088, 1),
(81, 1, 1, 1089, 4),
(81, 1, 1, 1090, 1),
(81, 1, 1, 1091, 8),
(81, 1, 1, 1092, 8),
(81, 1, 1, 1093, 1),
(81, 1, 1, 1094, 3),
(81, 1, 1, 1095, 3),
(81, 1, 1, 1096, 3),
(81, 1, 1, 1097, 1),
(81, 1, 1, 1098, 7),
(81, 1, 1, 1099, 3),
(81, 1, 1, 1100, 5),
(81, 1, 1, 1101, 15),
(81, 1, 1, 1103, 5),
(81, 1, 1, 1104, 6),
(81, 1, 1, 1105, 9),
(81, 1, 1, 1106, 11),
(81, 1, 1, 1107, 3),
(81, 1, 1, 1109, 3),
(81, 1, 1, 1110, 11),
(81, 1, 1, 1111, 10),
(81, 1, 1, 1112, 6),
(81, 1, 1, 1113, 2),
(81, 1, 1, 1114, 2),
(81, 1, 1, 1115, 1),
(81, 1, 1, 1116, 5),
(81, 1, 1, 1117, 4),
(81, 1, 1, 1118, 4),
(81, 1, 1, 1120, 1),
(81, 1, 1, 1121, 2),
(81, 1, 1, 1122, 3),
(81, 1, 1, 1125, 7),
(81, 1, 1, 1126, 4),
(81, 1, 1, 1128, 2),
(81, 1, 1, 1129, 4),
(81, 1, 1, 1130, 5),
(81, 1, 1, 1131, 2),
(81, 1, 1, 1132, 2),
(81, 1, 1, 1133, 1),
(81, 1, 1, 1134, 2),
(81, 1, 1, 1135, 2),
(81, 1, 1, 1136, 3),
(81, 1, 1, 1138, 8),
(81, 1, 1, 1140, 3),
(81, 1, 1, 1141, 2),
(81, 1, 1, 1143, 1),
(81, 1, 1, 1144, 1),
(81, 1, 1, 1145, 2),
(81, 1, 1, 1146, 4),
(81, 1, 1, 1147, 1),
(81, 1, 1, 1148, 2),
(81, 1, 1, 1150, 4),
(81, 1, 1, 1151, 3),
(81, 1, 1, 1152, 4),
(81, 1, 1, 1153, 1),
(81, 1, 1, 1154, 2),
(81, 1, 1, 1155, 2),
(81, 1, 1, 1156, 8),
(81, 1, 1, 1157, 5),
(81, 1, 1, 1159, 2),
(81, 1, 1, 1160, 2),
(81, 1, 1, 1161, 7),
(81, 1, 1, 1162, 8),
(81, 1, 1, 1163, 1),
(81, 1, 1, 1164, 2),
(81, 1, 1, 1165, 2),
(81, 1, 1, 1166, 3),
(81, 1, 1, 1167, 2),
(81, 1, 1, 1168, 6),
(81, 1, 1, 1169, 3),
(81, 1, 1, 1170, 3),
(81, 1, 1, 1171, 1),
(81, 1, 1, 1172, 5),
(81, 1, 1, 1174, 1),
(82, 1, 1, 11, 1),
(82, 1, 1, 19, 1),
(82, 1, 1, 26, 1),
(82, 1, 1, 37, 1),
(82, 1, 1, 44, 1),
(82, 1, 1, 73, 1),
(82, 1, 1, 74, 1),
(82, 1, 1, 79, 1),
(82, 1, 1, 81, 2),
(82, 1, 1, 82, 2),
(82, 1, 1, 90, 2),
(82, 1, 1, 95, 1),
(82, 1, 1, 101, 1),
(82, 1, 1, 123, 1),
(82, 1, 1, 129, 3),
(82, 1, 1, 133, 1),
(82, 1, 1, 141, 1),
(82, 1, 1, 151, 1),
(82, 1, 1, 154, 1),
(82, 1, 1, 165, 1),
(82, 1, 1, 175, 1),
(82, 1, 1, 176, 1),
(82, 1, 1, 190, 1),
(82, 1, 1, 197, 1),
(82, 1, 1, 198, 1),
(82, 1, 1, 203, 2),
(82, 1, 1, 205, 1),
(82, 1, 1, 209, 1),
(82, 1, 1, 215, 1),
(82, 1, 1, 221, 1),
(82, 1, 1, 246, 2),
(82, 1, 1, 256, 1),
(82, 1, 1, 258, 2),
(82, 1, 1, 263, 1),
(82, 1, 1, 269, 1),
(82, 1, 1, 273, 1),
(82, 1, 1, 275, 1),
(82, 1, 1, 279, 1),
(82, 1, 1, 280, 1),
(82, 1, 1, 282, 1),
(82, 1, 1, 284, 1),
(82, 1, 1, 290, 1),
(82, 1, 1, 293, 1),
(82, 1, 1, 296, 1),
(82, 1, 1, 298, 1),
(82, 1, 1, 303, 1),
(82, 1, 1, 305, 1),
(82, 1, 1, 311, 1),
(82, 1, 1, 317, 1),
(82, 1, 1, 323, 1),
(82, 1, 1, 330, 2),
(82, 1, 1, 334, 1),
(82, 1, 1, 335, 1),
(82, 1, 1, 339, 1),
(82, 1, 1, 340, 1),
(82, 1, 1, 343, 1),
(82, 1, 1, 347, 2),
(82, 1, 1, 348, 1),
(82, 1, 1, 349, 1),
(82, 1, 1, 362, 1),
(82, 1, 1, 363, 1),
(82, 1, 1, 366, 2),
(82, 1, 1, 367, 1),
(82, 1, 1, 370, 1),
(82, 1, 1, 371, 1),
(82, 1, 1, 376, 1),
(82, 1, 1, 380, 1),
(82, 1, 1, 383, 1),
(82, 1, 1, 387, 1),
(82, 1, 1, 390, 1),
(82, 1, 1, 393, 1),
(82, 1, 1, 394, 1),
(82, 1, 1, 398, 1),
(82, 1, 1, 404, 3),
(82, 1, 1, 408, 1),
(82, 1, 1, 410, 1),
(82, 1, 1, 412, 1),
(82, 1, 1, 413, 1),
(82, 1, 1, 416, 1),
(82, 1, 1, 418, 3),
(82, 1, 1, 423, 3),
(82, 1, 1, 426, 1),
(82, 1, 1, 439, 1),
(82, 1, 1, 441, 1),
(82, 1, 1, 442, 1),
(82, 1, 1, 443, 1),
(82, 1, 1, 449, 3),
(82, 1, 1, 451, 1),
(82, 1, 1, 454, 1),
(82, 1, 1, 455, 1),
(82, 1, 1, 456, 1),
(82, 1, 1, 459, 1),
(82, 1, 1, 460, 1),
(82, 1, 1, 462, 1),
(82, 1, 1, 464, 1),
(82, 1, 1, 465, 1),
(82, 1, 1, 467, 1),
(82, 1, 1, 471, 1),
(82, 1, 1, 473, 1),
(82, 1, 1, 477, 1),
(82, 1, 1, 478, 1),
(82, 1, 1, 479, 1),
(82, 1, 1, 485, 1),
(82, 1, 1, 491, 2),
(82, 1, 1, 493, 1),
(82, 1, 1, 496, 1),
(82, 1, 1, 497, 1),
(82, 1, 1, 501, 2),
(82, 1, 1, 503, 1),
(82, 1, 1, 508, 1),
(82, 1, 1, 516, 2),
(82, 1, 1, 521, 2),
(82, 1, 1, 525, 2),
(82, 1, 1, 527, 2),
(82, 1, 1, 528, 4),
(82, 1, 1, 529, 2),
(82, 1, 1, 530, 1),
(82, 1, 1, 531, 1),
(82, 1, 1, 534, 1),
(82, 1, 1, 535, 2),
(82, 1, 1, 538, 1),
(82, 1, 1, 539, 1),
(82, 1, 1, 543, 1),
(82, 1, 1, 546, 1),
(82, 1, 1, 547, 1),
(82, 1, 1, 550, 1),
(82, 1, 1, 555, 2),
(82, 1, 1, 561, 1),
(82, 1, 1, 562, 2),
(82, 1, 1, 563, 1),
(82, 1, 1, 570, 1),
(82, 1, 1, 571, 2),
(82, 1, 1, 573, 2),
(82, 1, 1, 574, 1),
(82, 1, 1, 576, 1),
(82, 1, 1, 584, 1),
(82, 1, 1, 585, 1),
(82, 1, 1, 586, 1),
(82, 1, 1, 590, 2),
(82, 1, 1, 594, 1),
(82, 1, 1, 595, 1),
(82, 1, 1, 599, 1),
(82, 1, 1, 600, 1),
(82, 1, 1, 606, 1),
(82, 1, 1, 607, 1),
(82, 1, 1, 609, 1),
(82, 1, 1, 610, 1),
(82, 1, 1, 613, 1),
(82, 1, 1, 619, 1),
(82, 1, 1, 621, 1),
(82, 1, 1, 622, 1),
(82, 1, 1, 637, 1),
(82, 1, 1, 643, 1),
(82, 1, 1, 647, 1),
(82, 1, 1, 649, 1),
(82, 1, 1, 653, 1),
(82, 1, 1, 654, 1),
(82, 1, 1, 655, 1),
(82, 1, 1, 658, 1),
(82, 1, 1, 659, 3),
(82, 1, 1, 662, 1),
(82, 1, 1, 663, 1),
(82, 1, 1, 664, 1),
(82, 1, 1, 665, 1),
(82, 1, 1, 668, 1),
(82, 1, 1, 669, 1),
(82, 1, 1, 673, 1),
(82, 1, 1, 674, 1),
(82, 1, 1, 676, 1),
(82, 1, 1, 681, 2),
(82, 1, 1, 682, 1),
(82, 1, 1, 683, 3),
(82, 1, 1, 684, 1),
(82, 1, 1, 688, 2),
(82, 1, 1, 689, 1),
(82, 1, 1, 693, 1),
(82, 1, 1, 694, 1),
(82, 1, 1, 698, 2),
(82, 1, 1, 700, 1),
(82, 1, 1, 701, 2),
(82, 1, 1, 703, 2),
(82, 1, 1, 704, 1),
(82, 1, 1, 706, 1),
(82, 1, 1, 709, 2),
(82, 1, 1, 713, 2),
(82, 1, 1, 714, 2),
(82, 1, 1, 718, 1),
(82, 1, 1, 719, 1),
(82, 1, 1, 721, 1),
(82, 1, 1, 724, 2),
(82, 1, 1, 726, 3),
(82, 1, 1, 728, 2),
(82, 1, 1, 736, 2),
(82, 1, 1, 738, 1),
(82, 1, 1, 741, 1),
(82, 1, 1, 742, 2),
(82, 1, 1, 745, 1),
(82, 1, 1, 748, 1),
(82, 1, 1, 749, 1),
(82, 1, 1, 751, 1),
(82, 1, 1, 753, 2),
(82, 1, 1, 754, 1),
(82, 1, 1, 756, 1),
(82, 1, 1, 758, 2),
(82, 1, 1, 761, 1),
(82, 1, 1, 762, 2),
(82, 1, 1, 763, 1),
(82, 1, 1, 764, 4),
(82, 1, 1, 766, 1),
(82, 1, 1, 767, 2),
(82, 1, 1, 770, 2),
(82, 1, 1, 774, 1),
(82, 1, 1, 777, 1),
(82, 1, 1, 784, 1),
(82, 1, 1, 787, 1),
(82, 1, 1, 789, 1),
(82, 1, 1, 791, 1),
(82, 1, 1, 794, 1),
(82, 1, 1, 795, 1),
(82, 1, 1, 796, 1),
(82, 1, 1, 798, 1),
(82, 1, 1, 800, 1),
(82, 1, 1, 801, 2),
(82, 1, 1, 802, 1),
(82, 1, 1, 806, 2),
(82, 1, 1, 809, 2),
(82, 1, 1, 811, 2),
(82, 1, 1, 812, 1),
(82, 1, 1, 815, 1),
(82, 1, 1, 819, 1),
(82, 1, 1, 825, 1),
(82, 1, 1, 826, 1),
(82, 1, 1, 828, 1),
(82, 1, 1, 832, 1),
(82, 1, 1, 833, 1),
(82, 1, 1, 838, 1),
(82, 1, 1, 839, 1),
(82, 1, 1, 842, 3),
(82, 1, 1, 843, 4),
(82, 1, 1, 846, 1),
(82, 1, 1, 848, 1),
(82, 1, 1, 849, 1),
(82, 1, 1, 850, 1),
(82, 1, 1, 852, 1),
(82, 1, 1, 854, 1),
(82, 1, 1, 856, 1),
(82, 1, 1, 863, 4),
(82, 1, 1, 864, 3),
(82, 1, 1, 865, 3),
(82, 1, 1, 867, 1),
(82, 1, 1, 869, 3),
(82, 1, 1, 881, 1),
(82, 1, 1, 883, 2),
(82, 1, 1, 885, 1),
(82, 1, 1, 887, 1),
(82, 1, 1, 889, 1),
(82, 1, 1, 890, 5),
(82, 1, 1, 895, 1),
(82, 1, 1, 899, 2),
(82, 1, 1, 900, 2),
(82, 1, 1, 901, 1),
(82, 1, 1, 904, 1),
(82, 1, 1, 907, 1),
(82, 1, 1, 908, 3),
(82, 1, 1, 910, 2),
(82, 1, 1, 911, 1),
(82, 1, 1, 912, 1),
(82, 1, 1, 917, 1),
(82, 1, 1, 919, 1),
(82, 1, 1, 922, 1),
(82, 1, 1, 926, 2),
(82, 1, 1, 930, 1),
(82, 1, 1, 931, 4),
(82, 1, 1, 933, 1),
(82, 1, 1, 934, 1),
(82, 1, 1, 938, 5),
(82, 1, 1, 939, 1),
(82, 1, 1, 949, 1),
(82, 1, 1, 950, 1),
(82, 1, 1, 957, 1),
(82, 1, 1, 963, 1),
(82, 1, 1, 965, 1),
(82, 1, 1, 969, 1),
(82, 1, 1, 973, 1),
(82, 1, 1, 974, 1),
(82, 1, 1, 978, 1),
(82, 1, 1, 983, 1),
(82, 1, 1, 985, 2),
(82, 1, 1, 986, 2),
(82, 1, 1, 987, 2),
(82, 1, 1, 988, 1),
(82, 1, 1, 994, 1),
(82, 1, 1, 995, 1),
(82, 1, 1, 1001, 1),
(82, 1, 1, 1005, 1),
(82, 1, 1, 1006, 1),
(82, 1, 1, 1007, 1),
(82, 1, 1, 1008, 3),
(82, 1, 1, 1009, 1),
(82, 1, 1, 1011, 1),
(82, 1, 1, 1012, 3),
(82, 1, 1, 1013, 1),
(82, 1, 1, 1015, 2),
(82, 1, 1, 1016, 2),
(82, 1, 1, 1018, 1),
(82, 1, 1, 1020, 2),
(82, 1, 1, 1023, 2),
(82, 1, 1, 1028, 2),
(82, 1, 1, 1031, 1),
(82, 1, 1, 1033, 1),
(82, 1, 1, 1034, 3),
(82, 1, 1, 1035, 1),
(82, 1, 1, 1038, 1),
(82, 1, 1, 1040, 1),
(82, 1, 1, 1041, 1),
(82, 1, 1, 1043, 2),
(82, 1, 1, 1045, 1),
(82, 1, 1, 1046, 1),
(82, 1, 1, 1048, 1),
(82, 1, 1, 1049, 1),
(82, 1, 1, 1053, 1),
(82, 1, 1, 1055, 1),
(82, 1, 1, 1057, 1),
(82, 1, 1, 1058, 1),
(82, 1, 1, 1064, 2),
(82, 1, 1, 1065, 1),
(82, 1, 1, 1066, 1),
(82, 1, 1, 1067, 1),
(82, 1, 1, 1068, 1),
(82, 1, 1, 1070, 1),
(82, 1, 1, 1072, 1),
(82, 1, 1, 1073, 2),
(82, 1, 1, 1074, 3),
(82, 1, 1, 1075, 1),
(82, 1, 1, 1077, 2),
(82, 1, 1, 1081, 1),
(82, 1, 1, 1082, 2),
(82, 1, 1, 1087, 1),
(82, 1, 1, 1089, 1),
(82, 1, 1, 1091, 1),
(82, 1, 1, 1095, 1),
(82, 1, 1, 1096, 1),
(82, 1, 1, 1098, 1),
(82, 1, 1, 1100, 1),
(82, 1, 1, 1101, 3),
(82, 1, 1, 1103, 1),
(82, 1, 1, 1105, 1),
(82, 1, 1, 1106, 1),
(82, 1, 1, 1113, 2),
(82, 1, 1, 1118, 1),
(82, 1, 1, 1119, 1),
(82, 1, 1, 1120, 1),
(82, 1, 1, 1122, 3),
(82, 1, 1, 1125, 13),
(82, 1, 1, 1126, 2),
(82, 1, 1, 1129, 1),
(82, 1, 1, 1130, 2),
(82, 1, 1, 1131, 1),
(82, 1, 1, 1133, 1),
(82, 1, 1, 1135, 1),
(82, 1, 1, 1138, 4),
(82, 1, 1, 1139, 4),
(82, 1, 1, 1141, 3),
(82, 1, 1, 1142, 1),
(82, 1, 1, 1143, 1),
(82, 1, 1, 1147, 1),
(82, 1, 1, 1148, 1),
(82, 1, 1, 1152, 1),
(82, 1, 1, 1155, 1),
(82, 1, 1, 1156, 2),
(82, 1, 1, 1158, 1),
(82, 1, 1, 1159, 1),
(82, 1, 1, 1162, 2),
(82, 1, 1, 1163, 2),
(82, 1, 1, 1165, 1),
(82, 1, 1, 1168, 2),
(82, 1, 1, 1169, 1),
(82, 1, 1, 1170, 2),
(83, 1, 1, 1, 14),
(83, 1, 1, 4, 3),
(83, 1, 1, 6, 5),
(83, 1, 1, 7, 10),
(83, 1, 1, 9, 5),
(83, 1, 1, 10, 7),
(83, 1, 1, 11, 59),
(83, 1, 1, 12, 2),
(83, 1, 1, 13, 13),
(83, 1, 1, 14, 3),
(83, 1, 1, 17, 4),
(83, 1, 1, 18, 1),
(83, 1, 1, 26, 4),
(83, 1, 1, 33, 8),
(83, 1, 1, 35, 6),
(83, 1, 1, 40, 1),
(83, 1, 1, 41, 16),
(83, 1, 1, 42, 18),
(83, 1, 1, 50, 5),
(83, 1, 1, 54, 3),
(83, 1, 1, 55, 6),
(83, 1, 1, 57, 1),
(83, 1, 1, 58, 5),
(83, 1, 1, 59, 21),
(83, 1, 1, 60, 24),
(83, 1, 1, 66, 4),
(83, 1, 1, 67, 3),
(83, 1, 1, 69, 4),
(83, 1, 1, 74, 4),
(83, 1, 1, 80, 4),
(83, 1, 1, 81, 1),
(83, 1, 1, 84, 3),
(83, 1, 1, 88, 1),
(83, 1, 1, 89, 9),
(83, 1, 1, 90, 11),
(83, 1, 1, 91, 8),
(83, 1, 1, 92, 5),
(83, 1, 1, 101, 4),
(83, 1, 1, 103, 3),
(83, 1, 1, 111, 4),
(83, 1, 1, 122, 5),
(83, 1, 1, 127, 7),
(83, 1, 1, 131, 12),
(83, 1, 1, 133, 13),
(83, 1, 1, 140, 3),
(83, 1, 1, 142, 27),
(83, 1, 1, 150, 17),
(83, 1, 1, 152, 4),
(83, 1, 1, 153, 5),
(83, 1, 1, 155, 9),
(83, 1, 1, 156, 1),
(83, 1, 1, 160, 3),
(83, 1, 1, 164, 3),
(83, 1, 1, 168, 3),
(83, 1, 1, 179, 3),
(83, 1, 1, 182, 8),
(83, 1, 1, 184, 9),
(83, 1, 1, 188, 19),
(83, 1, 1, 189, 2),
(83, 1, 1, 191, 2),
(83, 1, 1, 192, 5),
(83, 1, 1, 194, 5),
(83, 1, 1, 196, 6),
(83, 1, 1, 197, 1),
(83, 1, 1, 199, 4),
(83, 1, 1, 202, 6),
(83, 1, 1, 203, 12),
(83, 1, 1, 205, 8),
(83, 1, 1, 215, 4),
(83, 1, 1, 217, 6),
(83, 1, 1, 218, 4),
(83, 1, 1, 219, 12),
(83, 1, 1, 222, 1),
(83, 1, 1, 224, 4),
(83, 1, 1, 228, 3),
(83, 1, 1, 231, 7),
(83, 1, 1, 232, 16),
(83, 1, 1, 233, 1),
(83, 1, 1, 234, 4),
(83, 1, 1, 235, 5),
(83, 1, 1, 237, 9),
(83, 1, 1, 239, 4),
(83, 1, 1, 242, 6),
(83, 1, 1, 244, 1),
(83, 1, 1, 245, 6),
(83, 1, 1, 246, 5),
(83, 1, 1, 248, 8),
(83, 1, 1, 249, 8),
(83, 1, 1, 254, 11),
(83, 1, 1, 255, 11),
(83, 1, 1, 260, 6),
(83, 1, 1, 261, 4),
(83, 1, 1, 264, 4),
(83, 1, 1, 266, 4),
(83, 1, 1, 267, 7),
(83, 1, 1, 272, 5),
(83, 1, 1, 274, 7),
(83, 1, 1, 277, 3),
(83, 1, 1, 278, 6),
(83, 1, 1, 279, 13),
(83, 1, 1, 280, 3),
(83, 1, 1, 281, 4),
(83, 1, 1, 283, 1),
(83, 1, 1, 285, 5),
(83, 1, 1, 286, 7),
(83, 1, 1, 289, 9),
(83, 1, 1, 290, 3),
(83, 1, 1, 294, 4),
(83, 1, 1, 297, 3),
(83, 1, 1, 300, 5),
(83, 1, 1, 301, 3),
(83, 1, 1, 302, 7),
(83, 1, 1, 303, 5),
(83, 1, 1, 305, 8),
(83, 1, 1, 309, 7),
(83, 1, 1, 312, 11),
(83, 1, 1, 313, 4),
(83, 1, 1, 314, 4),
(83, 1, 1, 320, 4),
(83, 1, 1, 321, 4),
(83, 1, 1, 323, 5),
(83, 1, 1, 325, 6),
(83, 1, 1, 329, 7),
(83, 1, 1, 331, 2),
(83, 1, 1, 334, 3),
(83, 1, 1, 336, 2),
(83, 1, 1, 340, 9),
(83, 1, 1, 342, 4),
(83, 1, 1, 344, 22),
(83, 1, 1, 345, 3),
(83, 1, 1, 346, 8),
(83, 1, 1, 347, 4),
(83, 1, 1, 349, 1),
(83, 1, 1, 350, 2),
(83, 1, 1, 352, 3),
(83, 1, 1, 355, 7),
(83, 1, 1, 357, 2),
(83, 1, 1, 358, 8),
(83, 1, 1, 360, 3),
(83, 1, 1, 362, 1),
(83, 1, 1, 365, 4),
(83, 1, 1, 366, 1),
(83, 1, 1, 368, 4),
(83, 1, 1, 371, 4),
(83, 1, 1, 373, 12),
(83, 1, 1, 376, 4),
(83, 1, 1, 377, 4),
(83, 1, 1, 378, 8),
(83, 1, 1, 381, 4),
(83, 1, 1, 385, 1),
(83, 1, 1, 386, 1),
(83, 1, 1, 388, 9),
(83, 1, 1, 389, 4),
(83, 1, 1, 393, 7),
(83, 1, 1, 397, 5),
(83, 1, 1, 398, 3),
(83, 1, 1, 403, 10),
(83, 1, 1, 404, 4),
(83, 1, 1, 407, 5),
(83, 1, 1, 408, 2),
(83, 1, 1, 409, 5),
(83, 1, 1, 410, 3),
(83, 1, 1, 411, 11),
(83, 1, 1, 412, 15),
(83, 1, 1, 413, 3),
(83, 1, 1, 415, 4),
(83, 1, 1, 416, 25),
(83, 1, 1, 417, 4),
(83, 1, 1, 419, 4),
(83, 1, 1, 420, 1),
(83, 1, 1, 421, 5),
(83, 1, 1, 422, 8),
(83, 1, 1, 425, 5),
(83, 1, 1, 429, 1),
(83, 1, 1, 430, 10),
(83, 1, 1, 432, 2),
(83, 1, 1, 433, 11),
(83, 1, 1, 434, 1),
(83, 1, 1, 436, 5),
(83, 1, 1, 437, 4),
(83, 1, 1, 438, 9),
(83, 1, 1, 439, 8),
(83, 1, 1, 441, 8),
(83, 1, 1, 443, 7),
(83, 1, 1, 444, 3),
(83, 1, 1, 450, 9),
(83, 1, 1, 451, 10),
(83, 1, 1, 453, 9),
(83, 1, 1, 454, 1),
(83, 1, 1, 455, 10),
(83, 1, 1, 456, 5),
(83, 1, 1, 457, 20),
(83, 1, 1, 458, 4),
(83, 1, 1, 460, 3),
(83, 1, 1, 463, 4),
(83, 1, 1, 464, 3),
(83, 1, 1, 465, 6),
(83, 1, 1, 469, 1),
(83, 1, 1, 470, 2),
(83, 1, 1, 471, 6),
(83, 1, 1, 474, 5),
(83, 1, 1, 477, 5),
(83, 1, 1, 478, 6),
(83, 1, 1, 481, 4),
(83, 1, 1, 482, 8),
(83, 1, 1, 483, 5),
(83, 1, 1, 484, 6),
(83, 1, 1, 485, 5),
(83, 1, 1, 487, 3),
(83, 1, 1, 488, 2),
(83, 1, 1, 489, 11),
(83, 1, 1, 490, 1),
(83, 1, 1, 493, 19),
(83, 1, 1, 496, 4),
(83, 1, 1, 498, 15),
(83, 1, 1, 500, 8),
(83, 1, 1, 502, 9),
(83, 1, 1, 503, 11),
(83, 1, 1, 506, 15),
(83, 1, 1, 508, 4),
(83, 1, 1, 509, 1),
(83, 1, 1, 513, 1),
(83, 1, 1, 514, 1),
(83, 1, 1, 515, 5),
(83, 1, 1, 516, 5),
(83, 1, 1, 518, 22),
(83, 1, 1, 519, 26),
(83, 1, 1, 523, 4),
(83, 1, 1, 525, 7),
(83, 1, 1, 526, 2),
(83, 1, 1, 529, 5),
(83, 1, 1, 531, 3),
(83, 1, 1, 532, 10),
(83, 1, 1, 533, 8),
(83, 1, 1, 534, 4),
(83, 1, 1, 535, 3),
(83, 1, 1, 536, 12),
(83, 1, 1, 537, 5),
(83, 1, 1, 538, 5),
(83, 1, 1, 540, 11),
(83, 1, 1, 541, 3),
(83, 1, 1, 545, 4),
(83, 1, 1, 546, 5),
(83, 1, 1, 550, 1),
(83, 1, 1, 551, 8),
(83, 1, 1, 553, 11),
(83, 1, 1, 554, 14),
(83, 1, 1, 555, 12),
(83, 1, 1, 556, 5),
(83, 1, 1, 557, 4),
(83, 1, 1, 558, 3),
(83, 1, 1, 560, 2),
(83, 1, 1, 561, 12),
(83, 1, 1, 562, 2),
(83, 1, 1, 567, 4),
(83, 1, 1, 568, 7),
(83, 1, 1, 569, 2),
(83, 1, 1, 570, 5),
(83, 1, 1, 571, 2),
(83, 1, 1, 574, 5),
(83, 1, 1, 575, 7),
(83, 1, 1, 576, 1),
(83, 1, 1, 577, 14),
(83, 1, 1, 578, 4),
(83, 1, 1, 579, 2),
(83, 1, 1, 580, 10),
(83, 1, 1, 581, 12),
(83, 1, 1, 582, 10),
(83, 1, 1, 583, 1),
(83, 1, 1, 584, 4),
(83, 1, 1, 585, 8),
(83, 1, 1, 587, 15),
(83, 1, 1, 588, 12),
(83, 1, 1, 590, 15),
(83, 1, 1, 592, 6),
(83, 1, 1, 594, 13),
(83, 1, 1, 596, 4),
(83, 1, 1, 598, 1),
(83, 1, 1, 599, 1),
(83, 1, 1, 602, 1),
(83, 1, 1, 605, 1),
(83, 1, 1, 606, 18),
(83, 1, 1, 610, 7),
(83, 1, 1, 611, 5),
(83, 1, 1, 612, 9),
(83, 1, 1, 613, 8),
(83, 1, 1, 614, 6),
(83, 1, 1, 615, 4),
(83, 1, 1, 617, 1),
(83, 1, 1, 618, 14),
(83, 1, 1, 619, 5),
(83, 1, 1, 621, 4),
(83, 1, 1, 622, 3),
(83, 1, 1, 639, 9),
(83, 1, 1, 640, 5),
(83, 1, 1, 641, 4),
(83, 1, 1, 642, 4),
(83, 1, 1, 643, 22),
(83, 1, 1, 644, 3),
(83, 1, 1, 645, 4),
(83, 1, 1, 647, 9),
(83, 1, 1, 648, 3),
(83, 1, 1, 649, 11),
(83, 1, 1, 650, 11),
(83, 1, 1, 651, 3),
(83, 1, 1, 652, 7),
(83, 1, 1, 654, 3),
(83, 1, 1, 655, 15),
(83, 1, 1, 656, 1),
(83, 1, 1, 657, 9),
(83, 1, 1, 658, 3),
(83, 1, 1, 659, 3),
(83, 1, 1, 660, 4),
(83, 1, 1, 661, 7),
(83, 1, 1, 662, 2),
(83, 1, 1, 663, 7),
(83, 1, 1, 664, 5),
(83, 1, 1, 666, 2),
(83, 1, 1, 667, 3),
(83, 1, 1, 668, 6),
(83, 1, 1, 670, 4),
(83, 1, 1, 671, 6),
(83, 1, 1, 672, 1),
(83, 1, 1, 673, 25),
(83, 1, 1, 674, 19),
(83, 1, 1, 675, 1),
(83, 1, 1, 677, 16),
(83, 1, 1, 678, 24),
(83, 1, 1, 680, 9),
(83, 1, 1, 681, 5),
(83, 1, 1, 682, 9),
(83, 1, 1, 683, 4),
(83, 1, 1, 684, 4),
(83, 1, 1, 686, 4),
(83, 1, 1, 687, 14),
(83, 1, 1, 688, 4),
(83, 1, 1, 689, 1),
(83, 1, 1, 690, 2),
(83, 1, 1, 693, 5),
(83, 1, 1, 695, 12),
(83, 1, 1, 696, 17),
(83, 1, 1, 697, 4),
(83, 1, 1, 698, 5),
(83, 1, 1, 700, 1),
(83, 1, 1, 702, 7),
(83, 1, 1, 703, 4),
(83, 1, 1, 705, 28),
(83, 1, 1, 706, 7),
(83, 1, 1, 707, 2),
(83, 1, 1, 708, 16),
(83, 1, 1, 709, 13),
(83, 1, 1, 710, 11),
(83, 1, 1, 711, 2),
(83, 1, 1, 712, 5),
(83, 1, 1, 713, 14),
(83, 1, 1, 714, 7),
(83, 1, 1, 715, 6),
(83, 1, 1, 716, 1),
(83, 1, 1, 718, 7),
(83, 1, 1, 719, 4),
(83, 1, 1, 720, 9),
(83, 1, 1, 721, 15),
(83, 1, 1, 722, 24),
(83, 1, 1, 724, 32),
(83, 1, 1, 725, 5),
(83, 1, 1, 726, 5),
(83, 1, 1, 727, 18),
(83, 1, 1, 728, 8),
(83, 1, 1, 729, 3),
(83, 1, 1, 730, 14),
(83, 1, 1, 731, 12),
(83, 1, 1, 732, 1),
(83, 1, 1, 733, 8),
(83, 1, 1, 734, 9),
(83, 1, 1, 735, 8),
(83, 1, 1, 736, 4),
(83, 1, 1, 737, 14),
(83, 1, 1, 738, 3),
(83, 1, 1, 739, 10),
(83, 1, 1, 740, 10),
(83, 1, 1, 741, 13),
(83, 1, 1, 743, 3),
(83, 1, 1, 744, 6),
(83, 1, 1, 745, 17),
(83, 1, 1, 746, 22),
(83, 1, 1, 747, 13),
(83, 1, 1, 750, 11),
(83, 1, 1, 751, 17),
(83, 1, 1, 752, 5),
(83, 1, 1, 754, 15),
(83, 1, 1, 757, 4),
(83, 1, 1, 758, 4),
(83, 1, 1, 760, 9),
(83, 1, 1, 761, 5),
(83, 1, 1, 762, 8),
(83, 1, 1, 763, 3),
(83, 1, 1, 764, 27),
(83, 1, 1, 766, 5),
(83, 1, 1, 767, 7),
(83, 1, 1, 768, 7),
(83, 1, 1, 770, 16),
(83, 1, 1, 771, 4),
(83, 1, 1, 772, 1),
(83, 1, 1, 774, 10),
(83, 1, 1, 775, 5),
(83, 1, 1, 776, 12),
(83, 1, 1, 777, 7),
(83, 1, 1, 781, 9),
(83, 1, 1, 782, 6),
(83, 1, 1, 784, 21),
(83, 1, 1, 785, 14),
(83, 1, 1, 786, 8),
(83, 1, 1, 787, 12),
(83, 1, 1, 788, 12),
(83, 1, 1, 790, 4),
(83, 1, 1, 791, 7),
(83, 1, 1, 793, 3),
(83, 1, 1, 794, 4),
(83, 1, 1, 799, 4),
(83, 1, 1, 800, 6),
(83, 1, 1, 801, 10),
(83, 1, 1, 808, 14),
(83, 1, 1, 813, 9),
(83, 1, 1, 814, 8),
(83, 1, 1, 815, 14),
(83, 1, 1, 816, 23),
(83, 1, 1, 820, 5),
(83, 1, 1, 822, 13),
(83, 1, 1, 823, 3),
(83, 1, 1, 825, 33),
(83, 1, 1, 826, 3),
(83, 1, 1, 827, 1),
(83, 1, 1, 828, 11),
(83, 1, 1, 830, 3),
(83, 1, 1, 832, 4),
(83, 1, 1, 833, 6),
(83, 1, 1, 834, 11),
(83, 1, 1, 835, 2),
(83, 1, 1, 836, 5),
(83, 1, 1, 837, 5),
(83, 1, 1, 839, 6),
(83, 1, 1, 840, 6),
(83, 1, 1, 841, 17),
(83, 1, 1, 842, 25),
(83, 1, 1, 843, 1),
(83, 1, 1, 844, 9),
(83, 1, 1, 845, 7),
(83, 1, 1, 846, 3),
(83, 1, 1, 847, 10),
(83, 1, 1, 848, 1),
(83, 1, 1, 850, 7),
(83, 1, 1, 851, 12),
(83, 1, 1, 852, 15),
(83, 1, 1, 853, 9),
(83, 1, 1, 854, 13),
(83, 1, 1, 859, 1),
(83, 1, 1, 860, 5),
(83, 1, 1, 861, 4),
(83, 1, 1, 862, 4),
(83, 1, 1, 864, 4),
(83, 1, 1, 865, 5),
(83, 1, 1, 866, 4),
(83, 1, 1, 868, 2),
(83, 1, 1, 869, 17),
(83, 1, 1, 870, 10),
(83, 1, 1, 871, 12),
(83, 1, 1, 872, 3),
(83, 1, 1, 874, 3),
(83, 1, 1, 875, 12),
(83, 1, 1, 876, 10),
(83, 1, 1, 880, 14),
(83, 1, 1, 882, 8),
(83, 1, 1, 883, 4),
(83, 1, 1, 884, 37),
(83, 1, 1, 885, 11),
(83, 1, 1, 886, 3),
(83, 1, 1, 888, 1),
(83, 1, 1, 889, 9),
(83, 1, 1, 890, 16),
(83, 1, 1, 891, 8),
(83, 1, 1, 892, 5),
(83, 1, 1, 893, 16),
(83, 1, 1, 895, 5),
(83, 1, 1, 896, 19),
(83, 1, 1, 897, 4),
(83, 1, 1, 898, 4),
(83, 1, 1, 899, 22),
(83, 1, 1, 901, 3),
(83, 1, 1, 902, 8),
(83, 1, 1, 903, 13),
(83, 1, 1, 905, 5),
(83, 1, 1, 906, 2),
(83, 1, 1, 907, 30),
(83, 1, 1, 908, 6),
(83, 1, 1, 909, 13),
(83, 1, 1, 910, 4),
(83, 1, 1, 911, 4),
(83, 1, 1, 912, 4),
(83, 1, 1, 913, 5),
(83, 1, 1, 914, 4),
(83, 1, 1, 915, 4),
(83, 1, 1, 916, 9),
(83, 1, 1, 917, 14),
(83, 1, 1, 918, 9),
(83, 1, 1, 919, 6),
(83, 1, 1, 920, 17),
(83, 1, 1, 921, 14),
(83, 1, 1, 923, 13),
(83, 1, 1, 924, 2),
(83, 1, 1, 926, 1),
(83, 1, 1, 927, 9),
(83, 1, 1, 928, 8),
(83, 1, 1, 929, 7),
(83, 1, 1, 931, 6),
(83, 1, 1, 932, 11),
(83, 1, 1, 934, 6),
(83, 1, 1, 935, 19),
(83, 1, 1, 936, 5),
(83, 1, 1, 937, 10),
(83, 1, 1, 938, 37),
(83, 1, 1, 939, 26),
(83, 1, 1, 941, 5),
(83, 1, 1, 942, 9),
(83, 1, 1, 945, 14),
(83, 1, 1, 946, 18),
(83, 1, 1, 947, 27),
(83, 1, 1, 949, 11),
(83, 1, 1, 950, 2),
(83, 1, 1, 951, 6),
(83, 1, 1, 952, 4),
(83, 1, 1, 953, 7),
(83, 1, 1, 954, 17),
(83, 1, 1, 957, 11),
(83, 1, 1, 958, 14),
(83, 1, 1, 959, 2),
(83, 1, 1, 961, 8),
(83, 1, 1, 963, 14),
(83, 1, 1, 964, 7),
(83, 1, 1, 965, 10),
(83, 1, 1, 966, 9),
(83, 1, 1, 968, 13),
(83, 1, 1, 969, 1),
(83, 1, 1, 970, 1),
(83, 1, 1, 971, 12),
(83, 1, 1, 972, 10),
(83, 1, 1, 975, 8),
(83, 1, 1, 976, 4),
(83, 1, 1, 977, 20),
(83, 1, 1, 978, 6),
(83, 1, 1, 979, 7),
(83, 1, 1, 981, 8),
(83, 1, 1, 982, 3),
(83, 1, 1, 983, 4),
(83, 1, 1, 985, 1),
(83, 1, 1, 987, 11),
(83, 1, 1, 989, 1),
(83, 1, 1, 994, 22),
(83, 1, 1, 995, 21),
(83, 1, 1, 997, 10),
(83, 1, 1, 998, 5),
(83, 1, 1, 999, 9),
(83, 1, 1, 1002, 9),
(83, 1, 1, 1003, 11),
(83, 1, 1, 1004, 8),
(83, 1, 1, 1005, 13),
(83, 1, 1, 1006, 25),
(83, 1, 1, 1008, 4),
(83, 1, 1, 1009, 8),
(83, 1, 1, 1012, 7),
(83, 1, 1, 1013, 17),
(83, 1, 1, 1014, 26),
(83, 1, 1, 1016, 12),
(83, 1, 1, 1017, 4),
(83, 1, 1, 1018, 3),
(83, 1, 1, 1019, 15),
(83, 1, 1, 1020, 25),
(83, 1, 1, 1021, 18),
(83, 1, 1, 1022, 18),
(83, 1, 1, 1023, 5),
(83, 1, 1, 1024, 7),
(83, 1, 1, 1026, 36),
(83, 1, 1, 1027, 4),
(83, 1, 1, 1028, 28),
(83, 1, 1, 1029, 17),
(83, 1, 1, 1032, 15),
(83, 1, 1, 1033, 33),
(83, 1, 1, 1034, 10),
(83, 1, 1, 1035, 20),
(83, 1, 1, 1036, 3),
(83, 1, 1, 1037, 10),
(83, 1, 1, 1038, 8),
(83, 1, 1, 1039, 5),
(83, 1, 1, 1040, 6),
(83, 1, 1, 1041, 16),
(83, 1, 1, 1042, 11),
(83, 1, 1, 1043, 1),
(83, 1, 1, 1045, 5),
(83, 1, 1, 1046, 2),
(83, 1, 1, 1047, 9),
(83, 1, 1, 1050, 4),
(83, 1, 1, 1051, 4),
(83, 1, 1, 1054, 7),
(83, 1, 1, 1055, 11),
(83, 1, 1, 1056, 12),
(83, 1, 1, 1059, 5),
(83, 1, 1, 1061, 4),
(83, 1, 1, 1062, 16),
(83, 1, 1, 1063, 6),
(83, 1, 1, 1064, 1),
(83, 1, 1, 1067, 25),
(83, 1, 1, 1068, 5),
(83, 1, 1, 1069, 5),
(83, 1, 1, 1070, 12),
(83, 1, 1, 1071, 8),
(83, 1, 1, 1072, 16),
(83, 1, 1, 1073, 15),
(83, 1, 1, 1074, 18),
(83, 1, 1, 1075, 13),
(83, 1, 1, 1076, 4),
(83, 1, 1, 1078, 1),
(83, 1, 1, 1079, 7),
(83, 1, 1, 1080, 4),
(83, 1, 1, 1081, 5),
(83, 1, 1, 1082, 12),
(83, 1, 1, 1083, 12),
(83, 1, 1, 1084, 10),
(83, 1, 1, 1086, 5),
(83, 1, 1, 1089, 21),
(83, 1, 1, 1091, 9),
(83, 1, 1, 1092, 15),
(83, 1, 1, 1093, 9),
(83, 1, 1, 1095, 19),
(83, 1, 1, 1096, 17),
(83, 1, 1, 1098, 1),
(83, 1, 1, 1099, 6),
(83, 1, 1, 1101, 10),
(83, 1, 1, 1103, 1),
(83, 1, 1, 1104, 19),
(83, 1, 1, 1105, 23),
(83, 1, 1, 1106, 11),
(83, 1, 1, 1107, 33),
(83, 1, 1, 1108, 10),
(83, 1, 1, 1109, 16),
(83, 1, 1, 1110, 17),
(83, 1, 1, 1111, 10),
(83, 1, 1, 1112, 4),
(83, 1, 1, 1113, 10),
(83, 1, 1, 1114, 16),
(83, 1, 1, 1115, 9),
(83, 1, 1, 1116, 11),
(83, 1, 1, 1117, 8),
(83, 1, 1, 1118, 12),
(83, 1, 1, 1119, 13),
(83, 1, 1, 1120, 17),
(83, 1, 1, 1121, 2),
(83, 1, 1, 1122, 6),
(83, 1, 1, 1123, 5),
(83, 1, 1, 1125, 31),
(83, 1, 1, 1126, 15),
(83, 1, 1, 1127, 1),
(83, 1, 1, 1128, 9),
(83, 1, 1, 1129, 33),
(83, 1, 1, 1130, 23),
(83, 1, 1, 1131, 8),
(83, 1, 1, 1132, 3),
(83, 1, 1, 1134, 7),
(83, 1, 1, 1135, 11),
(83, 1, 1, 1136, 29),
(83, 1, 1, 1138, 14),
(83, 1, 1, 1139, 6),
(83, 1, 1, 1140, 7),
(83, 1, 1, 1141, 1),
(83, 1, 1, 1142, 3),
(83, 1, 1, 1143, 15),
(83, 1, 1, 1144, 5),
(83, 1, 1, 1146, 2),
(83, 1, 1, 1147, 7),
(83, 1, 1, 1148, 30),
(83, 1, 1, 1149, 8),
(83, 1, 1, 1150, 8),
(83, 1, 1, 1151, 16),
(83, 1, 1, 1152, 1),
(83, 1, 1, 1155, 5),
(83, 1, 1, 1156, 6),
(83, 1, 1, 1157, 19),
(83, 1, 1, 1158, 7),
(83, 1, 1, 1160, 10),
(83, 1, 1, 1161, 22),
(83, 1, 1, 1162, 4),
(83, 1, 1, 1163, 12),
(83, 1, 1, 1164, 9),
(83, 1, 1, 1165, 20),
(83, 1, 1, 1166, 10),
(83, 1, 1, 1167, 4),
(83, 1, 1, 1168, 24),
(83, 1, 1, 1169, 18),
(83, 1, 1, 1170, 21),
(83, 1, 1, 1171, 10),
(83, 1, 1, 1173, 8),
(83, 1, 1, 1174, 4),
(84, 1, 1, 4, 3),
(84, 1, 1, 11, 2),
(84, 1, 1, 12, 1),
(84, 1, 1, 17, 8),
(84, 1, 1, 19, 1),
(84, 1, 1, 35, 1),
(84, 1, 1, 60, 2),
(84, 1, 1, 67, 4),
(84, 1, 1, 69, 1),
(84, 1, 1, 76, 1),
(84, 1, 1, 82, 3),
(84, 1, 1, 83, 3),
(84, 1, 1, 89, 1),
(84, 1, 1, 98, 1),
(84, 1, 1, 127, 5),
(84, 1, 1, 131, 21),
(84, 1, 1, 132, 3),
(84, 1, 1, 138, 1),
(84, 1, 1, 142, 2),
(84, 1, 1, 146, 2),
(84, 1, 1, 152, 2),
(84, 1, 1, 153, 5),
(84, 1, 1, 157, 1),
(84, 1, 1, 160, 1),
(84, 1, 1, 162, 1),
(84, 1, 1, 168, 3),
(84, 1, 1, 171, 5),
(84, 1, 1, 182, 2),
(84, 1, 1, 183, 5),
(84, 1, 1, 184, 1),
(84, 1, 1, 188, 6),
(84, 1, 1, 189, 5),
(84, 1, 1, 190, 1),
(84, 1, 1, 192, 1),
(84, 1, 1, 194, 13),
(84, 1, 1, 195, 2),
(84, 1, 1, 197, 3),
(84, 1, 1, 199, 1),
(84, 1, 1, 203, 6),
(84, 1, 1, 219, 1),
(84, 1, 1, 224, 3),
(84, 1, 1, 228, 1),
(84, 1, 1, 232, 6),
(84, 1, 1, 242, 3),
(84, 1, 1, 255, 3),
(84, 1, 1, 256, 3),
(84, 1, 1, 259, 3),
(84, 1, 1, 260, 1),
(84, 1, 1, 267, 1),
(84, 1, 1, 274, 7),
(84, 1, 1, 275, 1),
(84, 1, 1, 279, 8),
(84, 1, 1, 280, 3),
(84, 1, 1, 289, 5),
(84, 1, 1, 290, 6),
(84, 1, 1, 291, 1),
(84, 1, 1, 292, 1),
(84, 1, 1, 293, 1),
(84, 1, 1, 299, 3),
(84, 1, 1, 300, 4),
(84, 1, 1, 302, 1),
(84, 1, 1, 303, 1),
(84, 1, 1, 305, 6),
(84, 1, 1, 306, 1),
(84, 1, 1, 309, 1),
(84, 1, 1, 313, 1),
(84, 1, 1, 317, 6),
(84, 1, 1, 323, 1),
(84, 1, 1, 329, 1),
(84, 1, 1, 334, 2),
(84, 1, 1, 336, 1),
(84, 1, 1, 344, 4),
(84, 1, 1, 345, 28),
(84, 1, 1, 346, 30),
(84, 1, 1, 347, 9),
(84, 1, 1, 348, 2),
(84, 1, 1, 352, 3),
(84, 1, 1, 355, 1),
(84, 1, 1, 358, 7),
(84, 1, 1, 368, 2),
(84, 1, 1, 369, 6),
(84, 1, 1, 377, 1),
(84, 1, 1, 383, 1),
(84, 1, 1, 385, 1),
(84, 1, 1, 398, 2),
(84, 1, 1, 399, 1),
(84, 1, 1, 403, 2),
(84, 1, 1, 412, 3),
(84, 1, 1, 413, 4),
(84, 1, 1, 416, 9),
(84, 1, 1, 417, 4),
(84, 1, 1, 419, 2),
(84, 1, 1, 422, 5),
(84, 1, 1, 430, 2),
(84, 1, 1, 432, 2),
(84, 1, 1, 436, 2),
(84, 1, 1, 444, 6),
(84, 1, 1, 445, 2),
(84, 1, 1, 451, 4),
(84, 1, 1, 455, 12),
(84, 1, 1, 457, 6),
(84, 1, 1, 458, 2),
(84, 1, 1, 460, 8),
(84, 1, 1, 461, 4),
(84, 1, 1, 464, 1),
(84, 1, 1, 465, 6),
(84, 1, 1, 470, 6),
(84, 1, 1, 473, 4),
(84, 1, 1, 483, 4),
(84, 1, 1, 484, 3),
(84, 1, 1, 485, 2),
(84, 1, 1, 487, 10),
(84, 1, 1, 488, 4),
(84, 1, 1, 489, 1),
(84, 1, 1, 491, 1),
(84, 1, 1, 493, 6),
(84, 1, 1, 494, 6),
(84, 1, 1, 496, 7),
(84, 1, 1, 498, 1),
(84, 1, 1, 502, 1),
(84, 1, 1, 503, 4),
(84, 1, 1, 508, 1),
(84, 1, 1, 509, 1),
(84, 1, 1, 518, 1),
(84, 1, 1, 525, 1),
(84, 1, 1, 531, 1),
(84, 1, 1, 532, 11),
(84, 1, 1, 533, 5),
(84, 1, 1, 534, 2);
INSERT INTO `ps_page_viewed` (`id_page`, `id_shop_group`, `id_shop`, `id_date_range`, `counter`) VALUES
(84, 1, 1, 535, 8),
(84, 1, 1, 536, 2),
(84, 1, 1, 538, 1),
(84, 1, 1, 539, 9),
(84, 1, 1, 540, 3),
(84, 1, 1, 541, 3),
(84, 1, 1, 550, 1),
(84, 1, 1, 551, 2),
(84, 1, 1, 552, 2),
(84, 1, 1, 553, 2),
(84, 1, 1, 554, 4),
(84, 1, 1, 558, 1),
(84, 1, 1, 560, 2),
(84, 1, 1, 575, 4),
(84, 1, 1, 578, 4),
(84, 1, 1, 581, 1),
(84, 1, 1, 582, 2),
(84, 1, 1, 584, 1),
(84, 1, 1, 587, 2),
(84, 1, 1, 588, 1),
(84, 1, 1, 589, 3),
(84, 1, 1, 590, 11),
(84, 1, 1, 591, 8),
(84, 1, 1, 604, 2),
(84, 1, 1, 606, 3),
(84, 1, 1, 612, 1),
(84, 1, 1, 613, 2),
(84, 1, 1, 621, 2),
(84, 1, 1, 639, 1),
(84, 1, 1, 642, 1),
(84, 1, 1, 644, 1),
(84, 1, 1, 645, 3),
(84, 1, 1, 647, 1),
(84, 1, 1, 648, 1),
(84, 1, 1, 650, 1),
(84, 1, 1, 651, 7),
(84, 1, 1, 652, 1),
(84, 1, 1, 653, 1),
(84, 1, 1, 655, 2),
(84, 1, 1, 657, 1),
(84, 1, 1, 658, 1),
(84, 1, 1, 661, 1),
(84, 1, 1, 662, 1),
(84, 1, 1, 663, 3),
(84, 1, 1, 664, 2),
(84, 1, 1, 673, 3),
(84, 1, 1, 675, 1),
(84, 1, 1, 677, 5),
(84, 1, 1, 678, 3),
(84, 1, 1, 682, 2),
(84, 1, 1, 686, 1),
(84, 1, 1, 687, 1),
(84, 1, 1, 695, 1),
(84, 1, 1, 696, 1),
(84, 1, 1, 697, 5),
(84, 1, 1, 703, 1),
(84, 1, 1, 705, 4),
(84, 1, 1, 706, 7),
(84, 1, 1, 707, 18),
(84, 1, 1, 708, 14),
(84, 1, 1, 718, 1),
(84, 1, 1, 721, 2),
(84, 1, 1, 724, 3),
(84, 1, 1, 725, 4),
(84, 1, 1, 726, 2),
(84, 1, 1, 727, 2),
(84, 1, 1, 728, 1),
(84, 1, 1, 729, 1),
(84, 1, 1, 731, 4),
(84, 1, 1, 734, 1),
(84, 1, 1, 736, 3),
(84, 1, 1, 737, 1),
(84, 1, 1, 738, 1),
(84, 1, 1, 740, 2),
(84, 1, 1, 741, 2),
(84, 1, 1, 745, 3),
(84, 1, 1, 746, 1),
(84, 1, 1, 750, 1),
(84, 1, 1, 751, 1),
(84, 1, 1, 752, 1),
(84, 1, 1, 756, 2),
(84, 1, 1, 757, 2),
(84, 1, 1, 758, 1),
(84, 1, 1, 761, 1),
(84, 1, 1, 763, 4),
(84, 1, 1, 764, 12),
(84, 1, 1, 766, 3),
(84, 1, 1, 770, 2),
(84, 1, 1, 777, 1),
(84, 1, 1, 785, 1),
(84, 1, 1, 793, 3),
(84, 1, 1, 799, 3),
(84, 1, 1, 801, 5),
(84, 1, 1, 808, 7),
(84, 1, 1, 814, 1),
(84, 1, 1, 815, 2),
(84, 1, 1, 816, 3),
(84, 1, 1, 820, 1),
(84, 1, 1, 821, 1),
(84, 1, 1, 823, 2),
(84, 1, 1, 825, 9),
(84, 1, 1, 826, 2),
(84, 1, 1, 830, 1),
(84, 1, 1, 833, 1),
(84, 1, 1, 839, 2),
(84, 1, 1, 841, 1),
(84, 1, 1, 842, 6),
(84, 1, 1, 845, 3),
(84, 1, 1, 846, 1),
(84, 1, 1, 847, 2),
(84, 1, 1, 850, 1),
(84, 1, 1, 852, 1),
(84, 1, 1, 853, 4),
(84, 1, 1, 854, 2),
(84, 1, 1, 857, 1),
(84, 1, 1, 860, 2),
(84, 1, 1, 869, 4),
(84, 1, 1, 870, 3),
(84, 1, 1, 880, 1),
(84, 1, 1, 882, 1),
(84, 1, 1, 884, 2),
(84, 1, 1, 889, 2),
(84, 1, 1, 890, 1),
(84, 1, 1, 896, 1),
(84, 1, 1, 899, 14),
(84, 1, 1, 901, 10),
(84, 1, 1, 902, 2),
(84, 1, 1, 903, 3),
(84, 1, 1, 905, 1),
(84, 1, 1, 907, 3),
(84, 1, 1, 908, 1),
(84, 1, 1, 909, 1),
(84, 1, 1, 910, 2),
(84, 1, 1, 911, 1),
(84, 1, 1, 914, 3),
(84, 1, 1, 916, 3),
(84, 1, 1, 917, 8),
(84, 1, 1, 918, 5),
(84, 1, 1, 919, 6),
(84, 1, 1, 921, 1),
(84, 1, 1, 924, 5),
(84, 1, 1, 926, 1),
(84, 1, 1, 928, 9),
(84, 1, 1, 929, 2),
(84, 1, 1, 932, 4),
(84, 1, 1, 935, 2),
(84, 1, 1, 937, 6),
(84, 1, 1, 938, 14),
(84, 1, 1, 939, 2),
(84, 1, 1, 940, 1),
(84, 1, 1, 942, 1),
(84, 1, 1, 945, 3),
(84, 1, 1, 948, 5),
(84, 1, 1, 949, 1),
(84, 1, 1, 952, 1),
(84, 1, 1, 953, 3),
(84, 1, 1, 954, 7),
(84, 1, 1, 955, 1),
(84, 1, 1, 961, 1),
(84, 1, 1, 964, 4),
(84, 1, 1, 965, 2),
(84, 1, 1, 969, 2),
(84, 1, 1, 975, 1),
(84, 1, 1, 977, 4),
(84, 1, 1, 981, 2),
(84, 1, 1, 985, 1),
(84, 1, 1, 994, 3),
(84, 1, 1, 995, 4),
(84, 1, 1, 997, 2),
(84, 1, 1, 1005, 1),
(84, 1, 1, 1006, 7),
(84, 1, 1, 1011, 2),
(84, 1, 1, 1013, 5),
(84, 1, 1, 1014, 2),
(84, 1, 1, 1016, 4),
(84, 1, 1, 1017, 1),
(84, 1, 1, 1019, 5),
(84, 1, 1, 1020, 2),
(84, 1, 1, 1021, 3),
(84, 1, 1, 1022, 4),
(84, 1, 1, 1025, 2),
(84, 1, 1, 1026, 10),
(84, 1, 1, 1028, 8),
(84, 1, 1, 1030, 1),
(84, 1, 1, 1032, 1),
(84, 1, 1, 1033, 6),
(84, 1, 1, 1034, 2),
(84, 1, 1, 1035, 3),
(84, 1, 1, 1038, 9),
(84, 1, 1, 1039, 2),
(84, 1, 1, 1040, 4),
(84, 1, 1, 1042, 2),
(84, 1, 1, 1043, 1),
(84, 1, 1, 1045, 2),
(84, 1, 1, 1046, 5),
(84, 1, 1, 1047, 1),
(84, 1, 1, 1049, 1),
(84, 1, 1, 1056, 2),
(84, 1, 1, 1067, 2),
(84, 1, 1, 1068, 5),
(84, 1, 1, 1070, 1),
(84, 1, 1, 1071, 3),
(84, 1, 1, 1073, 3),
(84, 1, 1, 1075, 6),
(84, 1, 1, 1079, 1),
(84, 1, 1, 1082, 1),
(84, 1, 1, 1083, 3),
(84, 1, 1, 1089, 4),
(84, 1, 1, 1091, 2),
(84, 1, 1, 1092, 1),
(84, 1, 1, 1095, 14),
(84, 1, 1, 1098, 1),
(84, 1, 1, 1101, 3),
(84, 1, 1, 1103, 1),
(84, 1, 1, 1104, 8),
(84, 1, 1, 1105, 1),
(84, 1, 1, 1106, 29),
(84, 1, 1, 1107, 3),
(84, 1, 1, 1108, 2),
(84, 1, 1, 1109, 5),
(84, 1, 1, 1110, 2),
(84, 1, 1, 1111, 1),
(84, 1, 1, 1114, 1),
(84, 1, 1, 1117, 2),
(84, 1, 1, 1119, 3),
(84, 1, 1, 1120, 3),
(84, 1, 1, 1125, 1),
(84, 1, 1, 1126, 6),
(84, 1, 1, 1128, 2),
(84, 1, 1, 1129, 13),
(84, 1, 1, 1131, 1),
(84, 1, 1, 1133, 1),
(84, 1, 1, 1135, 7),
(84, 1, 1, 1136, 4),
(84, 1, 1, 1138, 4),
(84, 1, 1, 1139, 16),
(84, 1, 1, 1142, 2),
(84, 1, 1, 1143, 2),
(84, 1, 1, 1146, 1),
(84, 1, 1, 1148, 2),
(84, 1, 1, 1149, 1),
(84, 1, 1, 1151, 9),
(84, 1, 1, 1153, 1),
(84, 1, 1, 1154, 3),
(84, 1, 1, 1157, 3),
(84, 1, 1, 1158, 2),
(84, 1, 1, 1160, 2),
(84, 1, 1, 1161, 1),
(84, 1, 1, 1162, 1),
(84, 1, 1, 1163, 2),
(84, 1, 1, 1164, 5),
(84, 1, 1, 1165, 3),
(84, 1, 1, 1166, 1),
(84, 1, 1, 1167, 2),
(84, 1, 1, 1169, 2),
(84, 1, 1, 1171, 1),
(84, 1, 1, 1173, 1),
(85, 1, 1, 4, 1),
(85, 1, 1, 17, 3),
(85, 1, 1, 83, 1),
(85, 1, 1, 127, 1),
(85, 1, 1, 131, 1),
(85, 1, 1, 142, 1),
(85, 1, 1, 153, 1),
(85, 1, 1, 168, 2),
(85, 1, 1, 171, 1),
(85, 1, 1, 183, 1),
(85, 1, 1, 194, 1),
(85, 1, 1, 256, 1),
(85, 1, 1, 259, 1),
(85, 1, 1, 274, 1),
(85, 1, 1, 289, 2),
(85, 1, 1, 290, 1),
(85, 1, 1, 299, 1),
(85, 1, 1, 300, 1),
(85, 1, 1, 317, 1),
(85, 1, 1, 345, 1),
(85, 1, 1, 465, 1),
(85, 1, 1, 470, 1),
(85, 1, 1, 483, 1),
(85, 1, 1, 484, 1),
(85, 1, 1, 494, 1),
(85, 1, 1, 503, 1),
(85, 1, 1, 535, 1),
(85, 1, 1, 539, 1),
(85, 1, 1, 591, 1),
(85, 1, 1, 663, 1),
(85, 1, 1, 678, 1),
(85, 1, 1, 706, 1),
(85, 1, 1, 707, 1),
(85, 1, 1, 708, 1),
(85, 1, 1, 799, 1),
(85, 1, 1, 801, 1),
(85, 1, 1, 825, 1),
(85, 1, 1, 917, 1),
(85, 1, 1, 918, 1),
(85, 1, 1, 932, 1),
(85, 1, 1, 937, 2),
(85, 1, 1, 938, 3),
(85, 1, 1, 948, 1),
(85, 1, 1, 1013, 1),
(85, 1, 1, 1026, 1),
(85, 1, 1, 1028, 1),
(85, 1, 1, 1038, 1),
(85, 1, 1, 1068, 1),
(85, 1, 1, 1071, 1),
(85, 1, 1, 1075, 2),
(85, 1, 1, 1104, 1),
(85, 1, 1, 1106, 2),
(85, 1, 1, 1109, 1),
(85, 1, 1, 1126, 1),
(85, 1, 1, 1139, 3),
(86, 1, 1, 4, 1),
(86, 1, 1, 17, 9),
(86, 1, 1, 67, 1),
(86, 1, 1, 82, 1),
(86, 1, 1, 131, 2),
(86, 1, 1, 138, 2),
(86, 1, 1, 142, 7),
(86, 1, 1, 152, 1),
(86, 1, 1, 153, 1),
(86, 1, 1, 182, 2),
(86, 1, 1, 183, 3),
(86, 1, 1, 188, 1),
(86, 1, 1, 189, 4),
(86, 1, 1, 194, 2),
(86, 1, 1, 232, 1),
(86, 1, 1, 248, 1),
(86, 1, 1, 249, 6),
(86, 1, 1, 259, 1),
(86, 1, 1, 274, 4),
(86, 1, 1, 279, 1),
(86, 1, 1, 280, 1),
(86, 1, 1, 289, 2),
(86, 1, 1, 298, 1),
(86, 1, 1, 299, 2),
(86, 1, 1, 305, 1),
(86, 1, 1, 317, 2),
(86, 1, 1, 345, 1),
(86, 1, 1, 346, 1),
(86, 1, 1, 349, 1),
(86, 1, 1, 361, 2),
(86, 1, 1, 368, 1),
(86, 1, 1, 369, 1),
(86, 1, 1, 389, 2),
(86, 1, 1, 413, 2),
(86, 1, 1, 416, 1),
(86, 1, 1, 425, 1),
(86, 1, 1, 453, 1),
(86, 1, 1, 455, 2),
(86, 1, 1, 465, 1),
(86, 1, 1, 483, 1),
(86, 1, 1, 484, 1),
(86, 1, 1, 493, 1),
(86, 1, 1, 494, 2),
(86, 1, 1, 498, 3),
(86, 1, 1, 503, 1),
(86, 1, 1, 535, 1),
(86, 1, 1, 539, 2),
(86, 1, 1, 560, 2),
(86, 1, 1, 575, 1),
(86, 1, 1, 578, 1),
(86, 1, 1, 590, 2),
(86, 1, 1, 591, 1),
(86, 1, 1, 598, 2),
(86, 1, 1, 645, 1),
(86, 1, 1, 651, 2),
(86, 1, 1, 663, 4),
(86, 1, 1, 664, 1),
(86, 1, 1, 678, 1),
(86, 1, 1, 707, 2),
(86, 1, 1, 708, 1),
(86, 1, 1, 721, 1),
(86, 1, 1, 740, 1),
(86, 1, 1, 745, 2),
(86, 1, 1, 761, 1),
(86, 1, 1, 763, 2),
(86, 1, 1, 764, 3),
(86, 1, 1, 765, 1),
(86, 1, 1, 785, 2),
(86, 1, 1, 793, 1),
(86, 1, 1, 799, 1),
(86, 1, 1, 801, 1),
(86, 1, 1, 825, 1),
(86, 1, 1, 839, 2),
(86, 1, 1, 853, 1),
(86, 1, 1, 870, 1),
(86, 1, 1, 884, 2),
(86, 1, 1, 892, 1),
(86, 1, 1, 896, 1),
(86, 1, 1, 899, 5),
(86, 1, 1, 901, 4),
(86, 1, 1, 917, 3),
(86, 1, 1, 918, 1),
(86, 1, 1, 919, 1),
(86, 1, 1, 928, 1),
(86, 1, 1, 932, 1),
(86, 1, 1, 937, 1),
(86, 1, 1, 938, 2),
(86, 1, 1, 947, 1),
(86, 1, 1, 953, 4),
(86, 1, 1, 954, 1),
(86, 1, 1, 982, 1),
(86, 1, 1, 1013, 1),
(86, 1, 1, 1016, 3),
(86, 1, 1, 1019, 1),
(86, 1, 1, 1022, 1),
(86, 1, 1, 1026, 3),
(86, 1, 1, 1028, 3),
(86, 1, 1, 1029, 2),
(86, 1, 1, 1034, 1),
(86, 1, 1, 1038, 2),
(86, 1, 1, 1042, 5),
(86, 1, 1, 1046, 1),
(86, 1, 1, 1073, 2),
(86, 1, 1, 1075, 2),
(86, 1, 1, 1089, 2),
(86, 1, 1, 1095, 1),
(86, 1, 1, 1106, 3),
(86, 1, 1, 1109, 1),
(86, 1, 1, 1110, 1),
(86, 1, 1, 1114, 2),
(86, 1, 1, 1136, 3),
(86, 1, 1, 1138, 3),
(86, 1, 1, 1139, 12),
(86, 1, 1, 1148, 1),
(86, 1, 1, 1151, 2),
(86, 1, 1, 1164, 1),
(87, 1, 1, 5, 1),
(87, 1, 1, 7, 1),
(87, 1, 1, 18, 1),
(87, 1, 1, 47, 1),
(87, 1, 1, 55, 1),
(87, 1, 1, 57, 1),
(87, 1, 1, 58, 1),
(87, 1, 1, 61, 1),
(87, 1, 1, 62, 2),
(87, 1, 1, 65, 1),
(87, 1, 1, 67, 1),
(87, 1, 1, 69, 5),
(87, 1, 1, 71, 29),
(87, 1, 1, 72, 12),
(87, 1, 1, 73, 3),
(87, 1, 1, 74, 1),
(87, 1, 1, 75, 2),
(87, 1, 1, 76, 4),
(87, 1, 1, 79, 3),
(87, 1, 1, 81, 1),
(87, 1, 1, 82, 5),
(87, 1, 1, 84, 1),
(87, 1, 1, 90, 2),
(87, 1, 1, 91, 1),
(87, 1, 1, 92, 4),
(87, 1, 1, 95, 8),
(87, 1, 1, 96, 3),
(87, 1, 1, 97, 2),
(87, 1, 1, 98, 2),
(87, 1, 1, 99, 1),
(87, 1, 1, 100, 12),
(87, 1, 1, 101, 12),
(87, 1, 1, 102, 4),
(87, 1, 1, 103, 1),
(87, 1, 1, 105, 1),
(87, 1, 1, 107, 1),
(87, 1, 1, 108, 1),
(87, 1, 1, 111, 5),
(87, 1, 1, 112, 1),
(87, 1, 1, 113, 24),
(87, 1, 1, 119, 1),
(87, 1, 1, 122, 2),
(87, 1, 1, 125, 1),
(87, 1, 1, 128, 1),
(87, 1, 1, 129, 1),
(87, 1, 1, 131, 1),
(87, 1, 1, 132, 2),
(87, 1, 1, 133, 5),
(87, 1, 1, 138, 2),
(87, 1, 1, 140, 1),
(87, 1, 1, 142, 2),
(87, 1, 1, 145, 1),
(87, 1, 1, 146, 1),
(87, 1, 1, 147, 1),
(87, 1, 1, 150, 1),
(87, 1, 1, 151, 1),
(87, 1, 1, 153, 1),
(87, 1, 1, 154, 1),
(87, 1, 1, 155, 1),
(87, 1, 1, 157, 1),
(87, 1, 1, 161, 1),
(87, 1, 1, 162, 2),
(87, 1, 1, 163, 1),
(87, 1, 1, 164, 2),
(87, 1, 1, 165, 1),
(87, 1, 1, 166, 1),
(87, 1, 1, 168, 1),
(87, 1, 1, 169, 1),
(87, 1, 1, 172, 2),
(87, 1, 1, 175, 1),
(87, 1, 1, 180, 4),
(87, 1, 1, 181, 1),
(87, 1, 1, 182, 1),
(87, 1, 1, 190, 4),
(87, 1, 1, 192, 3),
(87, 1, 1, 193, 1),
(87, 1, 1, 196, 1),
(87, 1, 1, 199, 2),
(87, 1, 1, 201, 1),
(87, 1, 1, 203, 2),
(87, 1, 1, 208, 1),
(87, 1, 1, 209, 6),
(87, 1, 1, 210, 25),
(87, 1, 1, 212, 1),
(87, 1, 1, 213, 1),
(87, 1, 1, 215, 8),
(87, 1, 1, 216, 2),
(87, 1, 1, 217, 2),
(87, 1, 1, 218, 2),
(87, 1, 1, 219, 1),
(87, 1, 1, 220, 1),
(87, 1, 1, 221, 1),
(87, 1, 1, 222, 1),
(87, 1, 1, 223, 1),
(87, 1, 1, 224, 1),
(87, 1, 1, 225, 2),
(87, 1, 1, 227, 1),
(87, 1, 1, 231, 1),
(87, 1, 1, 232, 1),
(87, 1, 1, 237, 2),
(87, 1, 1, 239, 3),
(87, 1, 1, 242, 2),
(87, 1, 1, 243, 1),
(87, 1, 1, 244, 1),
(87, 1, 1, 246, 2),
(87, 1, 1, 247, 2),
(87, 1, 1, 248, 1),
(87, 1, 1, 249, 1),
(87, 1, 1, 253, 2),
(87, 1, 1, 258, 4),
(87, 1, 1, 259, 1),
(87, 1, 1, 267, 1),
(87, 1, 1, 270, 2),
(87, 1, 1, 274, 1),
(87, 1, 1, 276, 1),
(87, 1, 1, 278, 1),
(87, 1, 1, 279, 1),
(87, 1, 1, 281, 2),
(87, 1, 1, 284, 1),
(87, 1, 1, 285, 1),
(87, 1, 1, 288, 1),
(87, 1, 1, 291, 3),
(87, 1, 1, 292, 1),
(87, 1, 1, 295, 2),
(87, 1, 1, 299, 1),
(87, 1, 1, 303, 3),
(87, 1, 1, 304, 2),
(87, 1, 1, 306, 2),
(87, 1, 1, 308, 1),
(87, 1, 1, 311, 1),
(87, 1, 1, 314, 1),
(87, 1, 1, 316, 1),
(87, 1, 1, 320, 1),
(87, 1, 1, 321, 1),
(87, 1, 1, 323, 1),
(87, 1, 1, 326, 2),
(87, 1, 1, 327, 1),
(87, 1, 1, 329, 1),
(87, 1, 1, 330, 2),
(87, 1, 1, 331, 2),
(87, 1, 1, 333, 1),
(87, 1, 1, 334, 2),
(87, 1, 1, 335, 3),
(87, 1, 1, 336, 1),
(87, 1, 1, 337, 2),
(87, 1, 1, 338, 1),
(87, 1, 1, 339, 2),
(87, 1, 1, 340, 2),
(87, 1, 1, 342, 1),
(87, 1, 1, 343, 3),
(87, 1, 1, 344, 2),
(87, 1, 1, 346, 3),
(87, 1, 1, 347, 1),
(87, 1, 1, 348, 3),
(87, 1, 1, 349, 1),
(87, 1, 1, 350, 2),
(87, 1, 1, 351, 7),
(87, 1, 1, 352, 1),
(87, 1, 1, 353, 3),
(87, 1, 1, 354, 2),
(87, 1, 1, 355, 1),
(87, 1, 1, 356, 3),
(87, 1, 1, 358, 2),
(87, 1, 1, 360, 2),
(87, 1, 1, 361, 2),
(87, 1, 1, 363, 5),
(87, 1, 1, 364, 1),
(87, 1, 1, 365, 4),
(87, 1, 1, 367, 1),
(87, 1, 1, 368, 1),
(87, 1, 1, 369, 1),
(87, 1, 1, 370, 1),
(87, 1, 1, 372, 2),
(87, 1, 1, 377, 2),
(87, 1, 1, 379, 2),
(87, 1, 1, 380, 1),
(87, 1, 1, 381, 1),
(87, 1, 1, 382, 1),
(87, 1, 1, 383, 1),
(87, 1, 1, 388, 2),
(87, 1, 1, 389, 2),
(87, 1, 1, 390, 1),
(87, 1, 1, 391, 1),
(87, 1, 1, 394, 3),
(87, 1, 1, 395, 1),
(87, 1, 1, 396, 1),
(87, 1, 1, 397, 3),
(87, 1, 1, 398, 1),
(87, 1, 1, 399, 5),
(87, 1, 1, 400, 1),
(87, 1, 1, 402, 2),
(87, 1, 1, 403, 1),
(87, 1, 1, 404, 1),
(87, 1, 1, 405, 4),
(87, 1, 1, 406, 1),
(87, 1, 1, 407, 1),
(87, 1, 1, 408, 4),
(87, 1, 1, 409, 3),
(87, 1, 1, 411, 2),
(87, 1, 1, 412, 3),
(87, 1, 1, 413, 3),
(87, 1, 1, 415, 1),
(87, 1, 1, 416, 5),
(87, 1, 1, 417, 3),
(87, 1, 1, 418, 3),
(87, 1, 1, 419, 1),
(87, 1, 1, 420, 1),
(87, 1, 1, 422, 1),
(87, 1, 1, 423, 6),
(87, 1, 1, 424, 3),
(87, 1, 1, 425, 4),
(87, 1, 1, 426, 15),
(87, 1, 1, 427, 1),
(87, 1, 1, 428, 2),
(87, 1, 1, 429, 2),
(87, 1, 1, 430, 2),
(87, 1, 1, 433, 4),
(87, 1, 1, 435, 3),
(87, 1, 1, 436, 3),
(87, 1, 1, 437, 3),
(87, 1, 1, 438, 1),
(87, 1, 1, 439, 2),
(87, 1, 1, 443, 3),
(87, 1, 1, 445, 3),
(87, 1, 1, 446, 3),
(87, 1, 1, 448, 2),
(87, 1, 1, 449, 1),
(87, 1, 1, 450, 1),
(87, 1, 1, 451, 1),
(87, 1, 1, 452, 2),
(87, 1, 1, 453, 1),
(87, 1, 1, 454, 2),
(87, 1, 1, 455, 2),
(87, 1, 1, 456, 1),
(87, 1, 1, 459, 2),
(87, 1, 1, 460, 1),
(87, 1, 1, 461, 1),
(87, 1, 1, 463, 1),
(87, 1, 1, 464, 1),
(87, 1, 1, 465, 2),
(87, 1, 1, 466, 1),
(87, 1, 1, 468, 1),
(87, 1, 1, 469, 1),
(87, 1, 1, 470, 2),
(87, 1, 1, 471, 1),
(87, 1, 1, 473, 1),
(87, 1, 1, 476, 2),
(87, 1, 1, 477, 4),
(87, 1, 1, 479, 1),
(87, 1, 1, 482, 1),
(87, 1, 1, 484, 2),
(87, 1, 1, 485, 1),
(87, 1, 1, 486, 1),
(87, 1, 1, 489, 1),
(87, 1, 1, 490, 3),
(87, 1, 1, 492, 2),
(87, 1, 1, 493, 1),
(87, 1, 1, 494, 1),
(87, 1, 1, 496, 2),
(87, 1, 1, 497, 1),
(87, 1, 1, 498, 3),
(87, 1, 1, 499, 3),
(87, 1, 1, 501, 3),
(87, 1, 1, 502, 1),
(87, 1, 1, 504, 2),
(87, 1, 1, 506, 1),
(87, 1, 1, 508, 2),
(87, 1, 1, 509, 1),
(87, 1, 1, 510, 2),
(87, 1, 1, 511, 1),
(87, 1, 1, 514, 2),
(87, 1, 1, 515, 1),
(87, 1, 1, 516, 2),
(87, 1, 1, 518, 10),
(87, 1, 1, 519, 6),
(87, 1, 1, 521, 1),
(87, 1, 1, 523, 2),
(87, 1, 1, 525, 4),
(87, 1, 1, 527, 1),
(87, 1, 1, 528, 2),
(87, 1, 1, 531, 6),
(87, 1, 1, 532, 2),
(87, 1, 1, 533, 2),
(87, 1, 1, 534, 2),
(87, 1, 1, 535, 1),
(87, 1, 1, 536, 4),
(87, 1, 1, 537, 4),
(87, 1, 1, 538, 8),
(87, 1, 1, 541, 2),
(87, 1, 1, 542, 1),
(87, 1, 1, 543, 1),
(87, 1, 1, 546, 4),
(87, 1, 1, 547, 1),
(87, 1, 1, 548, 1),
(87, 1, 1, 549, 2),
(87, 1, 1, 550, 2),
(87, 1, 1, 551, 1),
(87, 1, 1, 554, 4),
(87, 1, 1, 555, 1),
(87, 1, 1, 558, 2),
(87, 1, 1, 559, 2),
(87, 1, 1, 560, 1),
(87, 1, 1, 561, 3),
(87, 1, 1, 562, 1),
(87, 1, 1, 563, 2),
(87, 1, 1, 566, 6),
(87, 1, 1, 567, 1),
(87, 1, 1, 568, 2),
(87, 1, 1, 569, 1),
(87, 1, 1, 570, 1),
(87, 1, 1, 571, 2),
(87, 1, 1, 572, 1),
(87, 1, 1, 575, 1),
(87, 1, 1, 577, 1),
(87, 1, 1, 578, 1),
(87, 1, 1, 579, 1),
(87, 1, 1, 581, 1),
(87, 1, 1, 582, 1),
(87, 1, 1, 584, 2),
(87, 1, 1, 585, 1),
(87, 1, 1, 587, 2),
(87, 1, 1, 588, 5),
(87, 1, 1, 589, 1),
(87, 1, 1, 590, 1),
(87, 1, 1, 591, 1),
(87, 1, 1, 592, 2),
(87, 1, 1, 593, 1),
(87, 1, 1, 594, 2),
(87, 1, 1, 595, 1),
(87, 1, 1, 596, 2),
(87, 1, 1, 597, 3),
(87, 1, 1, 598, 2),
(87, 1, 1, 599, 1),
(87, 1, 1, 601, 1),
(87, 1, 1, 602, 5),
(87, 1, 1, 603, 1),
(87, 1, 1, 604, 1),
(87, 1, 1, 605, 2),
(87, 1, 1, 606, 1),
(87, 1, 1, 607, 3),
(87, 1, 1, 610, 3),
(87, 1, 1, 612, 1),
(87, 1, 1, 613, 3),
(87, 1, 1, 614, 2),
(87, 1, 1, 615, 1),
(87, 1, 1, 617, 2),
(87, 1, 1, 619, 1),
(87, 1, 1, 621, 3),
(87, 1, 1, 622, 3),
(87, 1, 1, 640, 4),
(87, 1, 1, 641, 3),
(87, 1, 1, 642, 2),
(87, 1, 1, 643, 3),
(87, 1, 1, 644, 4),
(87, 1, 1, 645, 3),
(87, 1, 1, 647, 2),
(87, 1, 1, 649, 2),
(87, 1, 1, 650, 3),
(87, 1, 1, 652, 3),
(87, 1, 1, 654, 1),
(87, 1, 1, 655, 4),
(87, 1, 1, 657, 4),
(87, 1, 1, 658, 1),
(87, 1, 1, 660, 3),
(87, 1, 1, 661, 5),
(87, 1, 1, 662, 2),
(87, 1, 1, 663, 1),
(87, 1, 1, 664, 2),
(87, 1, 1, 665, 1),
(87, 1, 1, 666, 5),
(87, 1, 1, 667, 1),
(87, 1, 1, 669, 1),
(87, 1, 1, 670, 1),
(87, 1, 1, 673, 2),
(87, 1, 1, 674, 5),
(87, 1, 1, 675, 2),
(87, 1, 1, 676, 2),
(87, 1, 1, 677, 1),
(87, 1, 1, 678, 1),
(87, 1, 1, 679, 1),
(87, 1, 1, 680, 2),
(87, 1, 1, 681, 4),
(87, 1, 1, 683, 1),
(87, 1, 1, 684, 1),
(87, 1, 1, 686, 3),
(87, 1, 1, 687, 2),
(87, 1, 1, 689, 3),
(87, 1, 1, 691, 2),
(87, 1, 1, 692, 4),
(87, 1, 1, 693, 2),
(87, 1, 1, 694, 5),
(87, 1, 1, 696, 3),
(87, 1, 1, 697, 3),
(87, 1, 1, 698, 2),
(87, 1, 1, 699, 5),
(87, 1, 1, 700, 5),
(87, 1, 1, 701, 1),
(87, 1, 1, 702, 1),
(87, 1, 1, 703, 3),
(87, 1, 1, 704, 1),
(87, 1, 1, 707, 1),
(87, 1, 1, 708, 3),
(87, 1, 1, 709, 1),
(87, 1, 1, 710, 2),
(87, 1, 1, 712, 1),
(87, 1, 1, 714, 1),
(87, 1, 1, 716, 2),
(87, 1, 1, 717, 1),
(87, 1, 1, 720, 3),
(87, 1, 1, 721, 1),
(87, 1, 1, 722, 2),
(87, 1, 1, 723, 1),
(87, 1, 1, 725, 1),
(87, 1, 1, 726, 5),
(87, 1, 1, 727, 1),
(87, 1, 1, 728, 4),
(87, 1, 1, 731, 1),
(87, 1, 1, 732, 1),
(87, 1, 1, 733, 1),
(87, 1, 1, 735, 2),
(87, 1, 1, 737, 3),
(87, 1, 1, 738, 1),
(87, 1, 1, 739, 2),
(87, 1, 1, 740, 3),
(87, 1, 1, 741, 4),
(87, 1, 1, 742, 2),
(87, 1, 1, 743, 3),
(87, 1, 1, 744, 1),
(87, 1, 1, 745, 2),
(87, 1, 1, 747, 2),
(87, 1, 1, 748, 4),
(87, 1, 1, 749, 1),
(87, 1, 1, 750, 3),
(87, 1, 1, 752, 2),
(87, 1, 1, 753, 1),
(87, 1, 1, 754, 2),
(87, 1, 1, 755, 1),
(87, 1, 1, 758, 2),
(87, 1, 1, 759, 1),
(87, 1, 1, 760, 3),
(87, 1, 1, 761, 2),
(87, 1, 1, 762, 8),
(87, 1, 1, 763, 5),
(87, 1, 1, 764, 2),
(87, 1, 1, 765, 2),
(87, 1, 1, 766, 1),
(87, 1, 1, 768, 2),
(87, 1, 1, 769, 2),
(87, 1, 1, 770, 1),
(87, 1, 1, 771, 2),
(87, 1, 1, 772, 3),
(87, 1, 1, 773, 2),
(87, 1, 1, 774, 3),
(87, 1, 1, 775, 4),
(87, 1, 1, 776, 2),
(87, 1, 1, 777, 1),
(87, 1, 1, 778, 1),
(87, 1, 1, 779, 1),
(87, 1, 1, 780, 1),
(87, 1, 1, 781, 1),
(87, 1, 1, 783, 4),
(87, 1, 1, 784, 3),
(87, 1, 1, 785, 2),
(87, 1, 1, 786, 2),
(87, 1, 1, 788, 1),
(87, 1, 1, 789, 2),
(87, 1, 1, 790, 2),
(87, 1, 1, 791, 3),
(87, 1, 1, 792, 1),
(87, 1, 1, 793, 1),
(87, 1, 1, 794, 2),
(87, 1, 1, 795, 1),
(87, 1, 1, 797, 1),
(87, 1, 1, 798, 1),
(87, 1, 1, 800, 2),
(87, 1, 1, 801, 1),
(87, 1, 1, 802, 1),
(87, 1, 1, 804, 1),
(87, 1, 1, 807, 4),
(87, 1, 1, 808, 3),
(87, 1, 1, 809, 2),
(87, 1, 1, 810, 5),
(87, 1, 1, 811, 1),
(87, 1, 1, 812, 5),
(87, 1, 1, 813, 1),
(87, 1, 1, 814, 2),
(87, 1, 1, 815, 3),
(87, 1, 1, 817, 2),
(87, 1, 1, 818, 4),
(87, 1, 1, 819, 1),
(87, 1, 1, 820, 2),
(87, 1, 1, 821, 2),
(87, 1, 1, 823, 1),
(87, 1, 1, 824, 1),
(87, 1, 1, 826, 1),
(87, 1, 1, 827, 1),
(87, 1, 1, 828, 4),
(87, 1, 1, 833, 2),
(87, 1, 1, 835, 4),
(87, 1, 1, 836, 5),
(87, 1, 1, 838, 1),
(87, 1, 1, 839, 2),
(87, 1, 1, 840, 6),
(87, 1, 1, 841, 3),
(87, 1, 1, 842, 4),
(87, 1, 1, 844, 1),
(87, 1, 1, 845, 3),
(87, 1, 1, 847, 2),
(87, 1, 1, 848, 2),
(87, 1, 1, 850, 1),
(87, 1, 1, 851, 1),
(87, 1, 1, 852, 3),
(87, 1, 1, 853, 1),
(87, 1, 1, 854, 1),
(87, 1, 1, 856, 1),
(87, 1, 1, 857, 1),
(87, 1, 1, 858, 3),
(87, 1, 1, 861, 1),
(87, 1, 1, 862, 1),
(87, 1, 1, 863, 5),
(87, 1, 1, 864, 2),
(87, 1, 1, 865, 5),
(87, 1, 1, 866, 2),
(87, 1, 1, 870, 2),
(87, 1, 1, 871, 1),
(87, 1, 1, 873, 1),
(87, 1, 1, 875, 1),
(87, 1, 1, 876, 1),
(87, 1, 1, 877, 1),
(87, 1, 1, 878, 2),
(87, 1, 1, 879, 2),
(87, 1, 1, 880, 1),
(87, 1, 1, 881, 3),
(87, 1, 1, 882, 2),
(87, 1, 1, 883, 1),
(87, 1, 1, 884, 1),
(87, 1, 1, 885, 1),
(87, 1, 1, 886, 3),
(87, 1, 1, 887, 1),
(87, 1, 1, 888, 2),
(87, 1, 1, 889, 1),
(87, 1, 1, 890, 2),
(87, 1, 1, 891, 1),
(87, 1, 1, 893, 1),
(87, 1, 1, 894, 4),
(87, 1, 1, 895, 2),
(87, 1, 1, 896, 1),
(87, 1, 1, 898, 1),
(87, 1, 1, 899, 4),
(87, 1, 1, 900, 1),
(87, 1, 1, 902, 1),
(87, 1, 1, 904, 2),
(87, 1, 1, 906, 2),
(87, 1, 1, 907, 2),
(87, 1, 1, 908, 1),
(87, 1, 1, 909, 2),
(87, 1, 1, 910, 2),
(87, 1, 1, 911, 3),
(87, 1, 1, 912, 3),
(87, 1, 1, 916, 2),
(87, 1, 1, 917, 2),
(87, 1, 1, 918, 7),
(87, 1, 1, 919, 2),
(87, 1, 1, 920, 5),
(87, 1, 1, 921, 6),
(87, 1, 1, 922, 6),
(87, 1, 1, 923, 1),
(87, 1, 1, 924, 6),
(87, 1, 1, 925, 3),
(87, 1, 1, 926, 5),
(87, 1, 1, 927, 3),
(87, 1, 1, 928, 7),
(87, 1, 1, 929, 2),
(87, 1, 1, 930, 1),
(87, 1, 1, 931, 2),
(87, 1, 1, 932, 2),
(87, 1, 1, 933, 1),
(87, 1, 1, 934, 1),
(87, 1, 1, 935, 1),
(87, 1, 1, 937, 4),
(87, 1, 1, 938, 2),
(87, 1, 1, 939, 2),
(87, 1, 1, 940, 1),
(87, 1, 1, 942, 3),
(87, 1, 1, 944, 3),
(87, 1, 1, 946, 1),
(87, 1, 1, 947, 2),
(87, 1, 1, 948, 2),
(87, 1, 1, 949, 2),
(87, 1, 1, 950, 1),
(87, 1, 1, 951, 1),
(87, 1, 1, 952, 1),
(87, 1, 1, 953, 2),
(87, 1, 1, 954, 3),
(87, 1, 1, 959, 1),
(87, 1, 1, 961, 2),
(87, 1, 1, 963, 1),
(87, 1, 1, 964, 4),
(87, 1, 1, 965, 2),
(87, 1, 1, 968, 2),
(87, 1, 1, 969, 1),
(87, 1, 1, 970, 3),
(87, 1, 1, 972, 3),
(87, 1, 1, 973, 2),
(87, 1, 1, 974, 7),
(87, 1, 1, 977, 2),
(87, 1, 1, 978, 1),
(87, 1, 1, 979, 2),
(87, 1, 1, 980, 2),
(87, 1, 1, 982, 2),
(87, 1, 1, 983, 2),
(87, 1, 1, 985, 1),
(87, 1, 1, 986, 4),
(87, 1, 1, 987, 6),
(87, 1, 1, 988, 4),
(87, 1, 1, 993, 1),
(87, 1, 1, 994, 2),
(87, 1, 1, 995, 1),
(87, 1, 1, 997, 2),
(87, 1, 1, 998, 6),
(87, 1, 1, 999, 3),
(87, 1, 1, 1000, 1),
(87, 1, 1, 1001, 1),
(87, 1, 1, 1002, 2),
(87, 1, 1, 1003, 2),
(87, 1, 1, 1004, 1),
(87, 1, 1, 1005, 5),
(87, 1, 1, 1006, 1),
(87, 1, 1, 1007, 5),
(87, 1, 1, 1008, 4),
(87, 1, 1, 1009, 1),
(87, 1, 1, 1010, 1),
(87, 1, 1, 1011, 2),
(87, 1, 1, 1012, 4),
(87, 1, 1, 1013, 4),
(87, 1, 1, 1015, 2),
(87, 1, 1, 1016, 3),
(87, 1, 1, 1018, 2),
(87, 1, 1, 1019, 3),
(87, 1, 1, 1020, 4),
(87, 1, 1, 1021, 2),
(87, 1, 1, 1022, 2),
(87, 1, 1, 1023, 1),
(87, 1, 1, 1024, 1),
(87, 1, 1, 1026, 2),
(87, 1, 1, 1027, 4),
(87, 1, 1, 1028, 2),
(87, 1, 1, 1029, 1),
(87, 1, 1, 1030, 1),
(87, 1, 1, 1032, 3),
(87, 1, 1, 1033, 2),
(87, 1, 1, 1034, 1),
(87, 1, 1, 1035, 1),
(87, 1, 1, 1037, 1),
(87, 1, 1, 1038, 2),
(87, 1, 1, 1039, 5),
(87, 1, 1, 1040, 17),
(87, 1, 1, 1041, 5),
(87, 1, 1, 1042, 1),
(87, 1, 1, 1043, 3),
(87, 1, 1, 1044, 2),
(87, 1, 1, 1046, 3),
(87, 1, 1, 1048, 2),
(87, 1, 1, 1049, 5),
(87, 1, 1, 1050, 4),
(87, 1, 1, 1051, 4),
(87, 1, 1, 1052, 6),
(87, 1, 1, 1053, 2),
(87, 1, 1, 1054, 2),
(87, 1, 1, 1055, 3),
(87, 1, 1, 1056, 3),
(87, 1, 1, 1057, 3),
(87, 1, 1, 1058, 2),
(87, 1, 1, 1059, 2),
(87, 1, 1, 1060, 1),
(87, 1, 1, 1061, 2),
(87, 1, 1, 1062, 1),
(87, 1, 1, 1063, 3),
(87, 1, 1, 1064, 2),
(87, 1, 1, 1065, 1),
(87, 1, 1, 1066, 5),
(87, 1, 1, 1067, 4),
(87, 1, 1, 1068, 1),
(87, 1, 1, 1069, 6),
(87, 1, 1, 1070, 3),
(87, 1, 1, 1071, 1),
(87, 1, 1, 1072, 4),
(87, 1, 1, 1073, 1),
(87, 1, 1, 1074, 9),
(87, 1, 1, 1075, 1),
(87, 1, 1, 1076, 4),
(87, 1, 1, 1077, 1),
(87, 1, 1, 1079, 1),
(87, 1, 1, 1080, 1),
(87, 1, 1, 1082, 5),
(87, 1, 1, 1083, 4),
(87, 1, 1, 1084, 2),
(87, 1, 1, 1085, 7),
(87, 1, 1, 1086, 2),
(87, 1, 1, 1087, 2),
(87, 1, 1, 1088, 2),
(87, 1, 1, 1089, 6),
(87, 1, 1, 1090, 1),
(87, 1, 1, 1091, 1),
(87, 1, 1, 1092, 1),
(87, 1, 1, 1093, 4),
(87, 1, 1, 1094, 3),
(87, 1, 1, 1095, 2),
(87, 1, 1, 1096, 3),
(87, 1, 1, 1097, 3),
(87, 1, 1, 1098, 2),
(87, 1, 1, 1099, 6),
(87, 1, 1, 1100, 2),
(87, 1, 1, 1101, 2),
(87, 1, 1, 1103, 5),
(87, 1, 1, 1104, 3),
(87, 1, 1, 1105, 9),
(87, 1, 1, 1106, 3),
(87, 1, 1, 1107, 3),
(87, 1, 1, 1108, 1),
(87, 1, 1, 1109, 2),
(87, 1, 1, 1110, 7),
(87, 1, 1, 1111, 7),
(87, 1, 1, 1112, 3),
(87, 1, 1, 1113, 3),
(87, 1, 1, 1115, 2),
(87, 1, 1, 1116, 2),
(87, 1, 1, 1117, 3),
(87, 1, 1, 1118, 1),
(87, 1, 1, 1119, 2),
(87, 1, 1, 1120, 4),
(87, 1, 1, 1122, 2),
(87, 1, 1, 1123, 1),
(87, 1, 1, 1125, 36),
(87, 1, 1, 1126, 10),
(87, 1, 1, 1127, 1),
(87, 1, 1, 1128, 4),
(87, 1, 1, 1129, 3),
(87, 1, 1, 1130, 2),
(87, 1, 1, 1131, 2),
(87, 1, 1, 1133, 1),
(87, 1, 1, 1134, 1),
(87, 1, 1, 1135, 1),
(87, 1, 1, 1136, 7),
(87, 1, 1, 1137, 4),
(87, 1, 1, 1138, 1),
(87, 1, 1, 1139, 2),
(87, 1, 1, 1141, 4),
(87, 1, 1, 1142, 1),
(87, 1, 1, 1143, 2),
(87, 1, 1, 1144, 1),
(87, 1, 1, 1145, 1),
(87, 1, 1, 1146, 3),
(87, 1, 1, 1147, 3),
(87, 1, 1, 1148, 5),
(87, 1, 1, 1149, 2),
(87, 1, 1, 1150, 4),
(87, 1, 1, 1152, 4),
(87, 1, 1, 1154, 2),
(87, 1, 1, 1155, 2),
(87, 1, 1, 1156, 3),
(87, 1, 1, 1157, 7),
(87, 1, 1, 1158, 3),
(87, 1, 1, 1159, 4),
(87, 1, 1, 1160, 2),
(87, 1, 1, 1161, 2),
(87, 1, 1, 1162, 3),
(87, 1, 1, 1163, 2),
(87, 1, 1, 1164, 1),
(87, 1, 1, 1166, 1),
(87, 1, 1, 1167, 2),
(87, 1, 1, 1168, 2),
(87, 1, 1, 1170, 5),
(87, 1, 1, 1172, 4),
(87, 1, 1, 1173, 2),
(88, 1, 1, 12, 1),
(88, 1, 1, 69, 1),
(88, 1, 1, 82, 1),
(88, 1, 1, 131, 2),
(88, 1, 1, 194, 1),
(88, 1, 1, 224, 1),
(88, 1, 1, 232, 1),
(88, 1, 1, 255, 1),
(88, 1, 1, 256, 4),
(88, 1, 1, 275, 2),
(88, 1, 1, 289, 4),
(88, 1, 1, 290, 4),
(88, 1, 1, 293, 1),
(88, 1, 1, 300, 1),
(88, 1, 1, 301, 1),
(88, 1, 1, 302, 1),
(88, 1, 1, 305, 5),
(88, 1, 1, 306, 1),
(88, 1, 1, 334, 1),
(88, 1, 1, 345, 2),
(88, 1, 1, 346, 1),
(88, 1, 1, 358, 5),
(88, 1, 1, 361, 2),
(88, 1, 1, 362, 2),
(88, 1, 1, 373, 1),
(88, 1, 1, 412, 1),
(88, 1, 1, 416, 2),
(88, 1, 1, 419, 1),
(88, 1, 1, 444, 4),
(88, 1, 1, 493, 1),
(88, 1, 1, 498, 3),
(88, 1, 1, 500, 2),
(88, 1, 1, 503, 1),
(88, 1, 1, 533, 5),
(88, 1, 1, 535, 4),
(88, 1, 1, 540, 2),
(88, 1, 1, 575, 4),
(88, 1, 1, 576, 3),
(88, 1, 1, 582, 1),
(88, 1, 1, 590, 5),
(88, 1, 1, 591, 1),
(88, 1, 1, 606, 2),
(88, 1, 1, 639, 1),
(88, 1, 1, 645, 1),
(88, 1, 1, 651, 3),
(88, 1, 1, 652, 1),
(88, 1, 1, 658, 1),
(88, 1, 1, 661, 1),
(88, 1, 1, 664, 3),
(88, 1, 1, 666, 1),
(88, 1, 1, 673, 1),
(88, 1, 1, 687, 1),
(88, 1, 1, 697, 3),
(88, 1, 1, 707, 1),
(88, 1, 1, 708, 4),
(88, 1, 1, 724, 3),
(88, 1, 1, 727, 1),
(88, 1, 1, 736, 1),
(88, 1, 1, 741, 1),
(88, 1, 1, 752, 1),
(88, 1, 1, 764, 3),
(88, 1, 1, 770, 1),
(88, 1, 1, 777, 2),
(88, 1, 1, 808, 3),
(88, 1, 1, 816, 1),
(88, 1, 1, 825, 7),
(88, 1, 1, 842, 2),
(88, 1, 1, 851, 1),
(88, 1, 1, 852, 2),
(88, 1, 1, 854, 2),
(88, 1, 1, 857, 1),
(88, 1, 1, 869, 2),
(88, 1, 1, 882, 1),
(88, 1, 1, 903, 1),
(88, 1, 1, 905, 1),
(88, 1, 1, 915, 1),
(88, 1, 1, 916, 2),
(88, 1, 1, 918, 2),
(88, 1, 1, 924, 2),
(88, 1, 1, 926, 2),
(88, 1, 1, 939, 2),
(88, 1, 1, 948, 1),
(88, 1, 1, 954, 2),
(88, 1, 1, 961, 2),
(88, 1, 1, 969, 1),
(88, 1, 1, 985, 1),
(88, 1, 1, 994, 4),
(88, 1, 1, 1005, 2),
(88, 1, 1, 1006, 1),
(88, 1, 1, 1019, 3),
(88, 1, 1, 1021, 2),
(88, 1, 1, 1022, 1),
(88, 1, 1, 1027, 1),
(88, 1, 1, 1038, 1),
(88, 1, 1, 1040, 3),
(88, 1, 1, 1045, 2),
(88, 1, 1, 1046, 1),
(88, 1, 1, 1049, 1),
(88, 1, 1, 1068, 2),
(88, 1, 1, 1073, 3),
(88, 1, 1, 1075, 2),
(88, 1, 1, 1083, 2),
(88, 1, 1, 1084, 1),
(88, 1, 1, 1089, 2),
(88, 1, 1, 1095, 2),
(88, 1, 1, 1098, 1),
(88, 1, 1, 1104, 1),
(88, 1, 1, 1105, 1),
(88, 1, 1, 1106, 9),
(88, 1, 1, 1107, 1),
(88, 1, 1, 1108, 1),
(88, 1, 1, 1117, 1),
(88, 1, 1, 1118, 1),
(88, 1, 1, 1126, 3),
(88, 1, 1, 1128, 1),
(88, 1, 1, 1129, 1),
(88, 1, 1, 1133, 2),
(88, 1, 1, 1135, 1),
(88, 1, 1, 1142, 1),
(88, 1, 1, 1151, 5),
(88, 1, 1, 1160, 1),
(88, 1, 1, 1167, 2),
(89, 1, 1, 17, 1),
(89, 1, 1, 89, 1),
(89, 1, 1, 98, 1),
(89, 1, 1, 127, 4),
(89, 1, 1, 153, 1),
(89, 1, 1, 162, 1),
(89, 1, 1, 171, 1),
(89, 1, 1, 182, 2),
(89, 1, 1, 188, 1),
(89, 1, 1, 197, 4),
(89, 1, 1, 203, 2),
(89, 1, 1, 259, 1),
(89, 1, 1, 279, 3),
(89, 1, 1, 280, 1),
(89, 1, 1, 300, 1),
(89, 1, 1, 344, 2),
(89, 1, 1, 369, 1),
(89, 1, 1, 403, 3),
(89, 1, 1, 470, 2),
(89, 1, 1, 473, 1),
(89, 1, 1, 496, 1),
(89, 1, 1, 518, 1),
(89, 1, 1, 535, 2),
(89, 1, 1, 539, 1),
(89, 1, 1, 663, 1),
(89, 1, 1, 678, 4),
(89, 1, 1, 682, 3),
(89, 1, 1, 718, 1),
(89, 1, 1, 750, 1),
(89, 1, 1, 793, 1),
(89, 1, 1, 801, 1),
(89, 1, 1, 842, 1),
(89, 1, 1, 853, 1),
(89, 1, 1, 869, 1),
(89, 1, 1, 899, 3),
(89, 1, 1, 917, 2),
(89, 1, 1, 932, 2),
(89, 1, 1, 938, 2),
(89, 1, 1, 948, 1),
(89, 1, 1, 995, 2),
(89, 1, 1, 1006, 2),
(89, 1, 1, 1022, 1),
(89, 1, 1, 1028, 2),
(89, 1, 1, 1033, 1),
(89, 1, 1, 1034, 2),
(89, 1, 1, 1035, 1),
(89, 1, 1, 1038, 5),
(89, 1, 1, 1068, 1),
(89, 1, 1, 1071, 1),
(89, 1, 1, 1109, 1),
(89, 1, 1, 1126, 1),
(89, 1, 1, 1135, 1),
(89, 1, 1, 1138, 1),
(89, 1, 1, 1139, 2),
(89, 1, 1, 1149, 1),
(90, 1, 1, 17, 2),
(90, 1, 1, 60, 1),
(90, 1, 1, 67, 1),
(90, 1, 1, 89, 1),
(90, 1, 1, 98, 1),
(90, 1, 1, 127, 1),
(90, 1, 1, 153, 1),
(90, 1, 1, 162, 1),
(90, 1, 1, 182, 3),
(90, 1, 1, 183, 1),
(90, 1, 1, 188, 1),
(90, 1, 1, 197, 5),
(90, 1, 1, 203, 2),
(90, 1, 1, 259, 1),
(90, 1, 1, 279, 4),
(90, 1, 1, 280, 1),
(90, 1, 1, 299, 2),
(90, 1, 1, 300, 1),
(90, 1, 1, 305, 1),
(90, 1, 1, 323, 1),
(90, 1, 1, 344, 2),
(90, 1, 1, 369, 1),
(90, 1, 1, 398, 2),
(90, 1, 1, 403, 3),
(90, 1, 1, 412, 1),
(90, 1, 1, 413, 2),
(90, 1, 1, 416, 2),
(90, 1, 1, 422, 1),
(90, 1, 1, 455, 1),
(90, 1, 1, 457, 2),
(90, 1, 1, 465, 1),
(90, 1, 1, 470, 2),
(90, 1, 1, 473, 1),
(90, 1, 1, 494, 1),
(90, 1, 1, 496, 2),
(90, 1, 1, 509, 1),
(90, 1, 1, 518, 1),
(90, 1, 1, 535, 4),
(90, 1, 1, 541, 1),
(90, 1, 1, 550, 3),
(90, 1, 1, 554, 1),
(90, 1, 1, 591, 2),
(90, 1, 1, 651, 1),
(90, 1, 1, 663, 2),
(90, 1, 1, 682, 2),
(90, 1, 1, 706, 1),
(90, 1, 1, 708, 1),
(90, 1, 1, 718, 1),
(90, 1, 1, 745, 1),
(90, 1, 1, 750, 2),
(90, 1, 1, 770, 1),
(90, 1, 1, 793, 1),
(90, 1, 1, 801, 1),
(90, 1, 1, 842, 2),
(90, 1, 1, 849, 1),
(90, 1, 1, 853, 1),
(90, 1, 1, 869, 1),
(90, 1, 1, 899, 4),
(90, 1, 1, 903, 1),
(90, 1, 1, 907, 1),
(90, 1, 1, 917, 1),
(90, 1, 1, 919, 1),
(90, 1, 1, 928, 1),
(90, 1, 1, 932, 1),
(90, 1, 1, 937, 1),
(90, 1, 1, 938, 3),
(90, 1, 1, 945, 1),
(90, 1, 1, 948, 1),
(90, 1, 1, 981, 1),
(90, 1, 1, 995, 3),
(90, 1, 1, 1006, 1),
(90, 1, 1, 1022, 1),
(90, 1, 1, 1026, 1),
(90, 1, 1, 1033, 1),
(90, 1, 1, 1034, 3),
(90, 1, 1, 1035, 2),
(90, 1, 1, 1038, 5),
(90, 1, 1, 1040, 1),
(90, 1, 1, 1068, 1),
(90, 1, 1, 1101, 1),
(90, 1, 1, 1106, 4),
(90, 1, 1, 1109, 1),
(90, 1, 1, 1114, 1),
(90, 1, 1, 1120, 1),
(90, 1, 1, 1126, 3),
(90, 1, 1, 1135, 2),
(90, 1, 1, 1138, 1),
(90, 1, 1, 1139, 4),
(90, 1, 1, 1149, 1),
(90, 1, 1, 1154, 1),
(91, 1, 1, 32, 1),
(91, 1, 1, 59, 1),
(91, 1, 1, 64, 1),
(91, 1, 1, 71, 1),
(91, 1, 1, 79, 1),
(91, 1, 1, 87, 1),
(91, 1, 1, 89, 1),
(91, 1, 1, 103, 1),
(91, 1, 1, 118, 1),
(91, 1, 1, 131, 1),
(91, 1, 1, 137, 1),
(91, 1, 1, 141, 1),
(91, 1, 1, 155, 1),
(91, 1, 1, 163, 1),
(91, 1, 1, 189, 2),
(91, 1, 1, 200, 1),
(91, 1, 1, 225, 1),
(91, 1, 1, 258, 1),
(91, 1, 1, 288, 1),
(91, 1, 1, 297, 1),
(91, 1, 1, 335, 1),
(91, 1, 1, 418, 1),
(91, 1, 1, 667, 1),
(91, 1, 1, 796, 1),
(91, 1, 1, 801, 1),
(91, 1, 1, 899, 1),
(91, 1, 1, 970, 1),
(91, 1, 1, 986, 1),
(92, 1, 1, 58, 1),
(92, 1, 1, 59, 1),
(92, 1, 1, 84, 2),
(92, 1, 1, 97, 1),
(92, 1, 1, 106, 1),
(92, 1, 1, 113, 1),
(92, 1, 1, 123, 1),
(92, 1, 1, 132, 1),
(92, 1, 1, 142, 1),
(92, 1, 1, 153, 7),
(92, 1, 1, 154, 1),
(92, 1, 1, 236, 6),
(92, 1, 1, 237, 1),
(92, 1, 1, 255, 3),
(92, 1, 1, 279, 2),
(92, 1, 1, 280, 1),
(92, 1, 1, 290, 1),
(92, 1, 1, 412, 1),
(92, 1, 1, 413, 1),
(92, 1, 1, 418, 1),
(92, 1, 1, 422, 1),
(92, 1, 1, 451, 4),
(92, 1, 1, 452, 3),
(92, 1, 1, 453, 1),
(92, 1, 1, 465, 3),
(92, 1, 1, 466, 1),
(92, 1, 1, 500, 1),
(92, 1, 1, 501, 1),
(92, 1, 1, 519, 1),
(92, 1, 1, 525, 3),
(92, 1, 1, 536, 1),
(92, 1, 1, 568, 1),
(92, 1, 1, 618, 1),
(92, 1, 1, 651, 4),
(92, 1, 1, 677, 3),
(92, 1, 1, 707, 1),
(92, 1, 1, 708, 2),
(92, 1, 1, 715, 1),
(92, 1, 1, 785, 1),
(92, 1, 1, 801, 1),
(92, 1, 1, 825, 2),
(92, 1, 1, 839, 1),
(92, 1, 1, 873, 1),
(92, 1, 1, 883, 1),
(92, 1, 1, 887, 1),
(92, 1, 1, 889, 3),
(92, 1, 1, 892, 1),
(92, 1, 1, 899, 1),
(92, 1, 1, 923, 1),
(92, 1, 1, 986, 1),
(92, 1, 1, 998, 6),
(92, 1, 1, 1002, 1),
(92, 1, 1, 1006, 1),
(92, 1, 1, 1025, 2),
(92, 1, 1, 1026, 2),
(92, 1, 1, 1041, 2),
(92, 1, 1, 1042, 4),
(92, 1, 1, 1050, 2),
(92, 1, 1, 1051, 8),
(92, 1, 1, 1082, 1),
(92, 1, 1, 1083, 2),
(92, 1, 1, 1084, 1),
(92, 1, 1, 1088, 2),
(92, 1, 1, 1089, 1),
(92, 1, 1, 1107, 3),
(92, 1, 1, 1114, 2),
(92, 1, 1, 1116, 2),
(92, 1, 1, 1138, 4),
(92, 1, 1, 1163, 1),
(92, 1, 1, 1164, 1),
(93, 1, 1, 147, 3),
(94, 1, 1, 192, 1),
(94, 1, 1, 194, 1),
(94, 1, 1, 274, 1),
(94, 1, 1, 279, 1),
(94, 1, 1, 305, 1),
(94, 1, 1, 422, 1),
(94, 1, 1, 432, 1),
(94, 1, 1, 470, 2),
(94, 1, 1, 483, 1),
(94, 1, 1, 554, 1),
(94, 1, 1, 575, 1),
(94, 1, 1, 578, 1),
(94, 1, 1, 591, 1),
(94, 1, 1, 621, 1),
(94, 1, 1, 708, 1),
(94, 1, 1, 801, 1),
(94, 1, 1, 899, 1),
(94, 1, 1, 917, 1),
(94, 1, 1, 918, 1),
(94, 1, 1, 919, 1),
(94, 1, 1, 924, 1),
(94, 1, 1, 953, 1),
(94, 1, 1, 982, 1),
(94, 1, 1, 997, 2),
(94, 1, 1, 1006, 1),
(94, 1, 1, 1042, 2),
(94, 1, 1, 1075, 1),
(94, 1, 1, 1095, 2),
(94, 1, 1, 1106, 2),
(94, 1, 1, 1129, 1),
(94, 1, 1, 1151, 2),
(94, 1, 1, 1169, 1),
(95, 1, 1, 205, 1),
(95, 1, 1, 279, 1),
(95, 1, 1, 380, 1),
(95, 1, 1, 422, 1),
(95, 1, 1, 643, 1),
(95, 1, 1, 651, 1),
(95, 1, 1, 663, 1),
(95, 1, 1, 825, 1),
(95, 1, 1, 849, 1),
(95, 1, 1, 899, 1),
(95, 1, 1, 1042, 1),
(95, 1, 1, 1106, 1),
(96, 1, 1, 498, 19),
(96, 1, 1, 499, 7),
(96, 1, 1, 500, 6),
(96, 1, 1, 501, 4),
(96, 1, 1, 502, 3),
(96, 1, 1, 503, 3),
(96, 1, 1, 504, 2),
(96, 1, 1, 507, 2),
(96, 1, 1, 508, 1),
(96, 1, 1, 509, 1),
(96, 1, 1, 510, 2),
(96, 1, 1, 513, 1),
(96, 1, 1, 514, 4),
(96, 1, 1, 515, 4),
(96, 1, 1, 516, 4),
(96, 1, 1, 517, 2),
(96, 1, 1, 518, 12),
(96, 1, 1, 519, 17),
(96, 1, 1, 520, 6),
(96, 1, 1, 521, 4),
(96, 1, 1, 522, 1),
(96, 1, 1, 523, 2),
(96, 1, 1, 525, 3),
(96, 1, 1, 526, 2),
(96, 1, 1, 527, 4),
(96, 1, 1, 529, 2),
(96, 1, 1, 530, 1),
(96, 1, 1, 531, 2),
(96, 1, 1, 532, 7),
(96, 1, 1, 534, 2),
(96, 1, 1, 535, 1),
(96, 1, 1, 536, 2),
(96, 1, 1, 537, 4),
(96, 1, 1, 538, 1),
(96, 1, 1, 540, 1),
(96, 1, 1, 542, 4),
(96, 1, 1, 543, 2),
(96, 1, 1, 546, 1),
(96, 1, 1, 547, 1),
(96, 1, 1, 548, 1),
(96, 1, 1, 550, 1),
(96, 1, 1, 551, 2),
(96, 1, 1, 552, 1),
(96, 1, 1, 553, 6),
(96, 1, 1, 554, 2),
(96, 1, 1, 555, 4),
(96, 1, 1, 556, 2),
(96, 1, 1, 557, 5),
(96, 1, 1, 558, 3),
(96, 1, 1, 559, 2),
(96, 1, 1, 560, 4),
(96, 1, 1, 561, 4),
(96, 1, 1, 562, 6),
(96, 1, 1, 563, 1),
(96, 1, 1, 567, 2),
(96, 1, 1, 568, 6),
(96, 1, 1, 569, 2),
(96, 1, 1, 570, 3),
(96, 1, 1, 572, 3),
(96, 1, 1, 573, 3),
(96, 1, 1, 574, 2),
(96, 1, 1, 575, 2),
(96, 1, 1, 577, 4),
(96, 1, 1, 578, 1),
(96, 1, 1, 580, 1),
(96, 1, 1, 581, 1),
(96, 1, 1, 582, 2),
(96, 1, 1, 583, 1),
(96, 1, 1, 585, 1),
(96, 1, 1, 586, 3),
(96, 1, 1, 587, 4),
(96, 1, 1, 588, 1),
(96, 1, 1, 589, 5),
(96, 1, 1, 590, 3),
(96, 1, 1, 591, 1),
(96, 1, 1, 593, 5),
(96, 1, 1, 594, 3),
(96, 1, 1, 596, 3),
(96, 1, 1, 598, 7),
(96, 1, 1, 599, 6),
(96, 1, 1, 600, 4),
(96, 1, 1, 601, 4),
(96, 1, 1, 602, 2),
(96, 1, 1, 603, 2),
(96, 1, 1, 604, 3),
(96, 1, 1, 605, 4),
(96, 1, 1, 606, 5),
(96, 1, 1, 607, 1),
(96, 1, 1, 608, 2),
(96, 1, 1, 609, 5),
(96, 1, 1, 610, 6),
(96, 1, 1, 611, 1),
(96, 1, 1, 612, 2),
(96, 1, 1, 613, 2),
(96, 1, 1, 614, 2),
(96, 1, 1, 615, 6),
(96, 1, 1, 616, 11),
(96, 1, 1, 617, 10),
(96, 1, 1, 619, 8),
(96, 1, 1, 620, 1),
(96, 1, 1, 621, 1),
(96, 1, 1, 622, 2),
(96, 1, 1, 637, 1),
(96, 1, 1, 638, 1),
(96, 1, 1, 639, 2),
(96, 1, 1, 640, 4),
(96, 1, 1, 641, 2),
(96, 1, 1, 642, 5),
(96, 1, 1, 643, 2),
(96, 1, 1, 644, 5),
(96, 1, 1, 645, 1),
(96, 1, 1, 646, 2),
(96, 1, 1, 647, 1),
(96, 1, 1, 648, 1),
(96, 1, 1, 649, 2),
(96, 1, 1, 650, 3),
(96, 1, 1, 651, 3),
(96, 1, 1, 652, 2),
(96, 1, 1, 653, 2),
(96, 1, 1, 655, 2),
(96, 1, 1, 657, 1),
(96, 1, 1, 658, 9),
(96, 1, 1, 660, 2),
(96, 1, 1, 661, 3),
(96, 1, 1, 662, 6),
(96, 1, 1, 663, 1),
(96, 1, 1, 664, 1),
(96, 1, 1, 665, 3),
(96, 1, 1, 666, 5),
(96, 1, 1, 667, 5),
(96, 1, 1, 668, 1),
(96, 1, 1, 669, 3),
(96, 1, 1, 670, 2),
(96, 1, 1, 672, 1),
(96, 1, 1, 673, 3),
(96, 1, 1, 674, 1),
(96, 1, 1, 675, 2),
(96, 1, 1, 676, 1),
(96, 1, 1, 677, 1),
(96, 1, 1, 678, 2),
(96, 1, 1, 679, 3),
(96, 1, 1, 680, 3),
(96, 1, 1, 681, 2),
(96, 1, 1, 682, 1),
(96, 1, 1, 683, 1),
(96, 1, 1, 684, 3),
(96, 1, 1, 685, 2),
(96, 1, 1, 687, 1),
(96, 1, 1, 688, 7),
(96, 1, 1, 689, 4),
(96, 1, 1, 690, 4),
(96, 1, 1, 691, 6),
(96, 1, 1, 693, 8),
(96, 1, 1, 694, 3),
(96, 1, 1, 695, 3),
(96, 1, 1, 696, 1),
(96, 1, 1, 697, 1),
(96, 1, 1, 698, 1),
(96, 1, 1, 699, 5),
(96, 1, 1, 701, 2),
(96, 1, 1, 702, 5),
(96, 1, 1, 703, 1),
(96, 1, 1, 704, 1),
(96, 1, 1, 705, 1),
(96, 1, 1, 706, 1),
(96, 1, 1, 707, 1),
(96, 1, 1, 708, 2),
(96, 1, 1, 709, 1),
(96, 1, 1, 711, 2),
(96, 1, 1, 713, 2),
(96, 1, 1, 714, 1),
(96, 1, 1, 715, 2),
(96, 1, 1, 716, 1),
(96, 1, 1, 717, 1),
(96, 1, 1, 718, 5),
(96, 1, 1, 719, 1),
(96, 1, 1, 720, 1),
(96, 1, 1, 721, 1),
(96, 1, 1, 723, 3),
(96, 1, 1, 724, 1),
(96, 1, 1, 726, 2),
(96, 1, 1, 727, 4),
(96, 1, 1, 729, 2),
(96, 1, 1, 731, 3),
(96, 1, 1, 733, 1),
(96, 1, 1, 734, 1),
(96, 1, 1, 735, 2),
(96, 1, 1, 736, 1),
(96, 1, 1, 737, 1),
(96, 1, 1, 738, 1),
(96, 1, 1, 740, 3),
(96, 1, 1, 742, 2),
(96, 1, 1, 743, 3),
(96, 1, 1, 745, 5),
(96, 1, 1, 747, 3),
(96, 1, 1, 748, 2),
(96, 1, 1, 750, 1),
(96, 1, 1, 751, 4),
(96, 1, 1, 752, 1),
(96, 1, 1, 753, 2),
(96, 1, 1, 756, 2),
(96, 1, 1, 757, 1),
(96, 1, 1, 758, 2),
(96, 1, 1, 759, 1),
(96, 1, 1, 761, 2),
(96, 1, 1, 762, 1),
(96, 1, 1, 763, 3),
(96, 1, 1, 764, 1),
(96, 1, 1, 765, 2),
(96, 1, 1, 766, 7),
(96, 1, 1, 768, 1),
(96, 1, 1, 769, 1),
(96, 1, 1, 771, 2),
(96, 1, 1, 772, 3),
(96, 1, 1, 773, 3),
(96, 1, 1, 774, 5),
(96, 1, 1, 775, 2),
(96, 1, 1, 776, 1),
(96, 1, 1, 778, 2),
(96, 1, 1, 779, 2),
(96, 1, 1, 780, 5),
(96, 1, 1, 781, 1),
(96, 1, 1, 783, 2),
(96, 1, 1, 784, 1),
(96, 1, 1, 785, 4),
(96, 1, 1, 786, 3),
(96, 1, 1, 789, 1),
(96, 1, 1, 790, 1),
(96, 1, 1, 791, 4),
(96, 1, 1, 792, 6),
(96, 1, 1, 793, 5),
(96, 1, 1, 794, 1),
(96, 1, 1, 796, 1),
(96, 1, 1, 797, 4),
(96, 1, 1, 798, 2),
(96, 1, 1, 800, 3),
(96, 1, 1, 801, 5),
(96, 1, 1, 803, 1),
(96, 1, 1, 804, 3),
(96, 1, 1, 806, 9),
(96, 1, 1, 807, 2),
(96, 1, 1, 808, 6),
(96, 1, 1, 809, 1),
(96, 1, 1, 810, 1),
(96, 1, 1, 811, 1),
(96, 1, 1, 813, 2),
(96, 1, 1, 814, 1),
(96, 1, 1, 816, 1),
(96, 1, 1, 818, 1),
(96, 1, 1, 819, 2),
(96, 1, 1, 820, 1),
(96, 1, 1, 822, 3),
(96, 1, 1, 824, 1),
(96, 1, 1, 825, 1),
(96, 1, 1, 826, 1),
(96, 1, 1, 827, 1),
(96, 1, 1, 828, 2),
(96, 1, 1, 830, 2),
(96, 1, 1, 831, 1),
(96, 1, 1, 832, 2),
(96, 1, 1, 833, 6),
(96, 1, 1, 834, 1),
(96, 1, 1, 835, 2),
(96, 1, 1, 836, 1),
(96, 1, 1, 837, 2),
(96, 1, 1, 841, 3),
(96, 1, 1, 842, 5),
(96, 1, 1, 843, 3),
(96, 1, 1, 845, 2),
(96, 1, 1, 846, 3),
(96, 1, 1, 848, 1),
(96, 1, 1, 849, 4),
(96, 1, 1, 852, 3),
(96, 1, 1, 853, 2),
(96, 1, 1, 854, 2),
(96, 1, 1, 855, 2),
(96, 1, 1, 856, 1),
(96, 1, 1, 857, 2),
(96, 1, 1, 858, 3),
(96, 1, 1, 860, 2),
(96, 1, 1, 862, 3),
(96, 1, 1, 863, 7),
(96, 1, 1, 864, 4),
(96, 1, 1, 865, 3),
(96, 1, 1, 866, 1),
(96, 1, 1, 868, 2),
(96, 1, 1, 869, 4),
(96, 1, 1, 871, 2),
(96, 1, 1, 874, 2),
(96, 1, 1, 875, 2),
(96, 1, 1, 877, 1),
(96, 1, 1, 878, 2),
(96, 1, 1, 879, 1),
(96, 1, 1, 880, 1),
(96, 1, 1, 881, 4),
(96, 1, 1, 882, 1),
(96, 1, 1, 883, 1),
(96, 1, 1, 884, 5),
(96, 1, 1, 885, 2),
(96, 1, 1, 888, 3),
(96, 1, 1, 889, 1),
(96, 1, 1, 890, 1),
(96, 1, 1, 892, 1),
(96, 1, 1, 894, 1),
(96, 1, 1, 897, 1),
(96, 1, 1, 899, 3),
(96, 1, 1, 900, 1),
(96, 1, 1, 902, 2),
(96, 1, 1, 903, 1),
(96, 1, 1, 905, 1),
(96, 1, 1, 906, 1),
(96, 1, 1, 907, 1),
(96, 1, 1, 908, 3),
(96, 1, 1, 909, 2),
(96, 1, 1, 910, 1),
(96, 1, 1, 912, 2),
(96, 1, 1, 913, 3),
(96, 1, 1, 914, 2),
(96, 1, 1, 915, 2),
(96, 1, 1, 916, 2),
(96, 1, 1, 917, 1),
(96, 1, 1, 918, 10),
(96, 1, 1, 919, 6),
(96, 1, 1, 920, 2),
(96, 1, 1, 921, 1),
(96, 1, 1, 922, 1),
(96, 1, 1, 924, 1),
(96, 1, 1, 925, 1),
(96, 1, 1, 926, 3),
(96, 1, 1, 927, 3),
(96, 1, 1, 928, 1),
(96, 1, 1, 929, 2),
(96, 1, 1, 931, 2),
(96, 1, 1, 932, 2),
(96, 1, 1, 933, 1),
(96, 1, 1, 934, 2),
(96, 1, 1, 935, 4),
(96, 1, 1, 936, 4),
(96, 1, 1, 937, 1),
(96, 1, 1, 938, 9),
(96, 1, 1, 939, 4),
(96, 1, 1, 941, 2),
(96, 1, 1, 942, 2),
(96, 1, 1, 943, 3),
(96, 1, 1, 944, 4),
(96, 1, 1, 945, 2),
(96, 1, 1, 946, 4),
(96, 1, 1, 947, 1),
(96, 1, 1, 948, 3),
(96, 1, 1, 949, 6),
(96, 1, 1, 950, 2),
(96, 1, 1, 951, 1),
(96, 1, 1, 953, 1),
(96, 1, 1, 954, 1),
(96, 1, 1, 955, 2),
(96, 1, 1, 956, 1),
(96, 1, 1, 957, 2),
(96, 1, 1, 958, 6),
(96, 1, 1, 959, 3),
(96, 1, 1, 961, 1),
(96, 1, 1, 963, 1),
(96, 1, 1, 964, 1),
(96, 1, 1, 965, 5),
(96, 1, 1, 966, 2),
(96, 1, 1, 967, 4),
(96, 1, 1, 968, 7),
(96, 1, 1, 969, 1),
(96, 1, 1, 970, 3),
(96, 1, 1, 971, 3),
(96, 1, 1, 972, 2),
(96, 1, 1, 973, 3),
(96, 1, 1, 974, 1),
(96, 1, 1, 975, 2),
(96, 1, 1, 976, 2),
(96, 1, 1, 978, 8),
(96, 1, 1, 979, 4),
(96, 1, 1, 980, 1),
(96, 1, 1, 982, 2),
(96, 1, 1, 983, 2),
(96, 1, 1, 984, 2),
(96, 1, 1, 985, 7),
(96, 1, 1, 986, 4),
(96, 1, 1, 987, 4),
(96, 1, 1, 988, 4),
(96, 1, 1, 989, 4),
(96, 1, 1, 990, 1),
(96, 1, 1, 991, 5),
(96, 1, 1, 992, 3),
(96, 1, 1, 993, 3),
(96, 1, 1, 994, 2),
(96, 1, 1, 995, 2),
(96, 1, 1, 997, 1),
(96, 1, 1, 998, 1),
(96, 1, 1, 999, 1),
(96, 1, 1, 1000, 1),
(96, 1, 1, 1001, 4),
(96, 1, 1, 1002, 1),
(96, 1, 1, 1004, 2),
(96, 1, 1, 1005, 2),
(96, 1, 1, 1006, 3),
(96, 1, 1, 1007, 4),
(96, 1, 1, 1008, 6),
(96, 1, 1, 1009, 1),
(96, 1, 1, 1010, 2),
(96, 1, 1, 1011, 2),
(96, 1, 1, 1012, 2),
(96, 1, 1, 1013, 3),
(96, 1, 1, 1014, 1),
(96, 1, 1, 1015, 2),
(96, 1, 1, 1016, 1),
(96, 1, 1, 1017, 3),
(96, 1, 1, 1018, 3),
(96, 1, 1, 1019, 5),
(96, 1, 1, 1020, 2),
(96, 1, 1, 1021, 6),
(96, 1, 1, 1022, 5),
(96, 1, 1, 1024, 1),
(96, 1, 1, 1025, 2),
(96, 1, 1, 1026, 4),
(96, 1, 1, 1027, 4),
(96, 1, 1, 1028, 1),
(96, 1, 1, 1029, 1),
(96, 1, 1, 1030, 1),
(96, 1, 1, 1031, 2),
(96, 1, 1, 1032, 2),
(96, 1, 1, 1033, 1),
(96, 1, 1, 1034, 2),
(96, 1, 1, 1035, 3),
(96, 1, 1, 1036, 1),
(96, 1, 1, 1037, 5),
(96, 1, 1, 1038, 4),
(96, 1, 1, 1039, 2),
(96, 1, 1, 1040, 3),
(96, 1, 1, 1041, 7),
(96, 1, 1, 1042, 6),
(96, 1, 1, 1043, 4),
(96, 1, 1, 1044, 3),
(96, 1, 1, 1045, 2),
(96, 1, 1, 1046, 2),
(96, 1, 1, 1048, 4),
(96, 1, 1, 1049, 5),
(96, 1, 1, 1050, 3),
(96, 1, 1, 1051, 6),
(96, 1, 1, 1052, 3),
(96, 1, 1, 1053, 2),
(96, 1, 1, 1054, 3),
(96, 1, 1, 1055, 3),
(96, 1, 1, 1056, 3),
(96, 1, 1, 1057, 3),
(96, 1, 1, 1058, 2),
(96, 1, 1, 1059, 2),
(96, 1, 1, 1060, 2),
(96, 1, 1, 1061, 5),
(96, 1, 1, 1062, 3),
(96, 1, 1, 1063, 1),
(96, 1, 1, 1064, 5),
(96, 1, 1, 1066, 1),
(96, 1, 1, 1067, 5),
(96, 1, 1, 1068, 2),
(96, 1, 1, 1069, 1),
(96, 1, 1, 1070, 5),
(96, 1, 1, 1072, 1),
(96, 1, 1, 1073, 1),
(96, 1, 1, 1074, 3),
(96, 1, 1, 1075, 3),
(96, 1, 1, 1076, 4),
(96, 1, 1, 1077, 2),
(96, 1, 1, 1078, 4),
(96, 1, 1, 1079, 4),
(96, 1, 1, 1080, 2),
(96, 1, 1, 1082, 4),
(96, 1, 1, 1083, 3),
(96, 1, 1, 1084, 2),
(96, 1, 1, 1085, 6),
(96, 1, 1, 1086, 3),
(96, 1, 1, 1087, 5),
(96, 1, 1, 1088, 7),
(96, 1, 1, 1089, 11),
(96, 1, 1, 1090, 2),
(96, 1, 1, 1091, 5),
(96, 1, 1, 1092, 4),
(96, 1, 1, 1093, 12),
(96, 1, 1, 1094, 3),
(96, 1, 1, 1095, 2),
(96, 1, 1, 1096, 3),
(96, 1, 1, 1097, 3),
(96, 1, 1, 1098, 8),
(96, 1, 1, 1099, 3),
(96, 1, 1, 1100, 5),
(96, 1, 1, 1101, 5),
(96, 1, 1, 1103, 2),
(96, 1, 1, 1104, 1),
(96, 1, 1, 1105, 8),
(96, 1, 1, 1106, 8),
(96, 1, 1, 1107, 3),
(96, 1, 1, 1109, 1),
(96, 1, 1, 1110, 3),
(96, 1, 1, 1111, 3),
(96, 1, 1, 1112, 5),
(96, 1, 1, 1113, 6),
(96, 1, 1, 1114, 7),
(96, 1, 1, 1115, 10),
(96, 1, 1, 1116, 7),
(96, 1, 1, 1117, 5),
(96, 1, 1, 1118, 4),
(96, 1, 1, 1119, 8),
(96, 1, 1, 1120, 2),
(96, 1, 1, 1121, 2),
(96, 1, 1, 1122, 2),
(96, 1, 1, 1123, 2),
(96, 1, 1, 1125, 4),
(96, 1, 1, 1126, 3),
(96, 1, 1, 1127, 2),
(96, 1, 1, 1128, 1),
(96, 1, 1, 1129, 1),
(96, 1, 1, 1130, 4),
(96, 1, 1, 1131, 5),
(96, 1, 1, 1132, 1),
(96, 1, 1, 1133, 4),
(96, 1, 1, 1134, 2),
(96, 1, 1, 1136, 4),
(96, 1, 1, 1137, 1),
(96, 1, 1, 1138, 4),
(96, 1, 1, 1139, 6),
(96, 1, 1, 1140, 5),
(96, 1, 1, 1141, 5),
(96, 1, 1, 1142, 3),
(96, 1, 1, 1143, 7),
(96, 1, 1, 1144, 6),
(96, 1, 1, 1145, 6),
(96, 1, 1, 1146, 1),
(96, 1, 1, 1147, 2),
(96, 1, 1, 1148, 8),
(96, 1, 1, 1149, 5),
(96, 1, 1, 1150, 5),
(96, 1, 1, 1151, 7),
(96, 1, 1, 1152, 4),
(96, 1, 1, 1153, 1),
(96, 1, 1, 1154, 2),
(96, 1, 1, 1155, 1),
(96, 1, 1, 1156, 6),
(96, 1, 1, 1157, 6),
(96, 1, 1, 1158, 2),
(96, 1, 1, 1159, 7),
(96, 1, 1, 1160, 2),
(96, 1, 1, 1161, 4),
(96, 1, 1, 1162, 7),
(96, 1, 1, 1163, 2),
(96, 1, 1, 1164, 2),
(96, 1, 1, 1165, 3),
(96, 1, 1, 1166, 6),
(96, 1, 1, 1167, 9),
(96, 1, 1, 1168, 8),
(96, 1, 1, 1169, 4),
(96, 1, 1, 1170, 7),
(96, 1, 1, 1171, 12),
(96, 1, 1, 1172, 4),
(96, 1, 1, 1173, 3),
(96, 1, 1, 1174, 3),
(97, 1, 1, 498, 8),
(97, 1, 1, 499, 4),
(97, 1, 1, 500, 6),
(97, 1, 1, 501, 3),
(97, 1, 1, 507, 1),
(97, 1, 1, 510, 1),
(97, 1, 1, 512, 1),
(97, 1, 1, 513, 2),
(97, 1, 1, 514, 2),
(97, 1, 1, 515, 2),
(97, 1, 1, 516, 1),
(97, 1, 1, 519, 5),
(97, 1, 1, 985, 4),
(97, 1, 1, 986, 2),
(97, 1, 1, 987, 1),
(97, 1, 1, 988, 13),
(97, 1, 1, 989, 4),
(97, 1, 1, 990, 2),
(97, 1, 1, 992, 4),
(97, 1, 1, 999, 1),
(97, 1, 1, 1002, 1),
(97, 1, 1, 1005, 1),
(97, 1, 1, 1006, 6),
(97, 1, 1, 1008, 2),
(97, 1, 1, 1009, 1),
(97, 1, 1, 1011, 1),
(97, 1, 1, 1012, 1),
(97, 1, 1, 1014, 1),
(97, 1, 1, 1016, 1),
(97, 1, 1, 1018, 7),
(97, 1, 1, 1019, 2),
(97, 1, 1, 1020, 4),
(97, 1, 1, 1021, 8),
(97, 1, 1, 1023, 2),
(97, 1, 1, 1024, 1),
(97, 1, 1, 1028, 3),
(97, 1, 1, 1034, 7),
(97, 1, 1, 1035, 1),
(97, 1, 1, 1037, 2),
(97, 1, 1, 1041, 6),
(97, 1, 1, 1042, 3),
(97, 1, 1, 1046, 1),
(97, 1, 1, 1047, 1),
(97, 1, 1, 1048, 1),
(97, 1, 1, 1056, 6),
(97, 1, 1, 1064, 4),
(97, 1, 1, 1065, 1),
(97, 1, 1, 1066, 2),
(97, 1, 1, 1067, 4),
(97, 1, 1, 1069, 1),
(97, 1, 1, 1070, 4),
(97, 1, 1, 1072, 1),
(97, 1, 1, 1073, 2),
(97, 1, 1, 1075, 1),
(97, 1, 1, 1080, 1),
(97, 1, 1, 1081, 1),
(97, 1, 1, 1082, 1),
(97, 1, 1, 1083, 2),
(97, 1, 1, 1084, 1),
(97, 1, 1, 1087, 7),
(97, 1, 1, 1090, 2),
(97, 1, 1, 1091, 1),
(97, 1, 1, 1092, 1),
(97, 1, 1, 1093, 1),
(97, 1, 1, 1095, 1),
(97, 1, 1, 1097, 2),
(97, 1, 1, 1098, 2),
(97, 1, 1, 1099, 1),
(97, 1, 1, 1100, 1),
(97, 1, 1, 1101, 3),
(97, 1, 1, 1103, 1),
(97, 1, 1, 1105, 1),
(97, 1, 1, 1106, 2),
(97, 1, 1, 1107, 3),
(97, 1, 1, 1108, 1),
(97, 1, 1, 1109, 2),
(97, 1, 1, 1110, 2),
(97, 1, 1, 1113, 4),
(97, 1, 1, 1114, 1),
(97, 1, 1, 1115, 2),
(97, 1, 1, 1117, 3),
(97, 1, 1, 1118, 2),
(97, 1, 1, 1119, 2),
(97, 1, 1, 1121, 1),
(97, 1, 1, 1122, 2),
(97, 1, 1, 1123, 3),
(97, 1, 1, 1125, 4),
(97, 1, 1, 1127, 2),
(97, 1, 1, 1129, 9),
(97, 1, 1, 1132, 2),
(97, 1, 1, 1133, 2),
(97, 1, 1, 1134, 2),
(97, 1, 1, 1135, 3),
(97, 1, 1, 1136, 2),
(97, 1, 1, 1137, 1),
(97, 1, 1, 1138, 2),
(97, 1, 1, 1139, 5),
(97, 1, 1, 1140, 3),
(97, 1, 1, 1141, 1),
(97, 1, 1, 1142, 1),
(97, 1, 1, 1143, 4),
(97, 1, 1, 1144, 2),
(97, 1, 1, 1145, 1),
(97, 1, 1, 1147, 1),
(97, 1, 1, 1148, 3),
(97, 1, 1, 1150, 2),
(97, 1, 1, 1152, 3),
(97, 1, 1, 1153, 2),
(97, 1, 1, 1154, 2),
(97, 1, 1, 1155, 2),
(97, 1, 1, 1157, 2),
(97, 1, 1, 1163, 1),
(97, 1, 1, 1165, 1),
(97, 1, 1, 1166, 4),
(97, 1, 1, 1167, 2),
(97, 1, 1, 1168, 4),
(97, 1, 1, 1169, 4),
(97, 1, 1, 1170, 3),
(97, 1, 1, 1171, 1),
(97, 1, 1, 1172, 1),
(97, 1, 1, 1173, 1),
(97, 1, 1, 1174, 1),
(98, 1, 1, 519, 1),
(98, 1, 1, 520, 1),
(98, 1, 1, 521, 1),
(98, 1, 1, 523, 1),
(98, 1, 1, 525, 1),
(98, 1, 1, 527, 1),
(98, 1, 1, 529, 1),
(98, 1, 1, 530, 2),
(98, 1, 1, 531, 2),
(98, 1, 1, 535, 1),
(98, 1, 1, 537, 1),
(98, 1, 1, 538, 1),
(98, 1, 1, 543, 3),
(98, 1, 1, 545, 1),
(98, 1, 1, 550, 1),
(98, 1, 1, 551, 1),
(98, 1, 1, 552, 1),
(98, 1, 1, 553, 1),
(98, 1, 1, 554, 2),
(98, 1, 1, 557, 1),
(98, 1, 1, 559, 4),
(98, 1, 1, 561, 1),
(98, 1, 1, 562, 10),
(98, 1, 1, 563, 1),
(98, 1, 1, 570, 2),
(98, 1, 1, 572, 1),
(98, 1, 1, 581, 5),
(98, 1, 1, 583, 3),
(98, 1, 1, 584, 3),
(98, 1, 1, 585, 5),
(98, 1, 1, 586, 3),
(98, 1, 1, 587, 5),
(98, 1, 1, 588, 1),
(98, 1, 1, 594, 1),
(98, 1, 1, 595, 1),
(98, 1, 1, 596, 1),
(98, 1, 1, 598, 4),
(98, 1, 1, 599, 4),
(98, 1, 1, 600, 3),
(98, 1, 1, 601, 1),
(98, 1, 1, 602, 2),
(98, 1, 1, 603, 4),
(98, 1, 1, 604, 2),
(98, 1, 1, 605, 2),
(98, 1, 1, 606, 1),
(98, 1, 1, 607, 1),
(98, 1, 1, 608, 1),
(98, 1, 1, 610, 2),
(98, 1, 1, 612, 3),
(98, 1, 1, 613, 2),
(98, 1, 1, 616, 7),
(98, 1, 1, 617, 1),
(98, 1, 1, 618, 1),
(98, 1, 1, 619, 1),
(98, 1, 1, 620, 1),
(98, 1, 1, 621, 1),
(98, 1, 1, 622, 1),
(98, 1, 1, 640, 4),
(98, 1, 1, 641, 4),
(98, 1, 1, 642, 1),
(98, 1, 1, 643, 1),
(98, 1, 1, 646, 1),
(98, 1, 1, 647, 2),
(98, 1, 1, 649, 1),
(98, 1, 1, 650, 5),
(98, 1, 1, 652, 1),
(98, 1, 1, 654, 1),
(98, 1, 1, 655, 1),
(98, 1, 1, 659, 4),
(98, 1, 1, 660, 1),
(98, 1, 1, 661, 1),
(98, 1, 1, 662, 1),
(98, 1, 1, 663, 2),
(98, 1, 1, 664, 1),
(98, 1, 1, 669, 1),
(98, 1, 1, 670, 1),
(98, 1, 1, 673, 2),
(98, 1, 1, 674, 7),
(98, 1, 1, 678, 1),
(98, 1, 1, 679, 2),
(98, 1, 1, 680, 2),
(98, 1, 1, 681, 8),
(98, 1, 1, 682, 1),
(98, 1, 1, 683, 1),
(98, 1, 1, 685, 1),
(98, 1, 1, 688, 1),
(98, 1, 1, 689, 1),
(98, 1, 1, 690, 1),
(98, 1, 1, 691, 1),
(98, 1, 1, 692, 1),
(98, 1, 1, 693, 2),
(98, 1, 1, 694, 8),
(98, 1, 1, 695, 1),
(98, 1, 1, 696, 1),
(98, 1, 1, 698, 2),
(98, 1, 1, 701, 2),
(98, 1, 1, 702, 2),
(98, 1, 1, 703, 8),
(98, 1, 1, 704, 1),
(98, 1, 1, 710, 3),
(98, 1, 1, 711, 2),
(98, 1, 1, 713, 1),
(98, 1, 1, 714, 1),
(98, 1, 1, 715, 1),
(98, 1, 1, 716, 2),
(98, 1, 1, 717, 1),
(98, 1, 1, 721, 1),
(98, 1, 1, 722, 1),
(98, 1, 1, 723, 2),
(98, 1, 1, 727, 3),
(98, 1, 1, 729, 2),
(98, 1, 1, 730, 1),
(98, 1, 1, 731, 2),
(98, 1, 1, 732, 3),
(98, 1, 1, 734, 1),
(98, 1, 1, 738, 2),
(98, 1, 1, 739, 1),
(98, 1, 1, 740, 1),
(98, 1, 1, 741, 1),
(98, 1, 1, 743, 2),
(98, 1, 1, 744, 1),
(98, 1, 1, 748, 8),
(98, 1, 1, 749, 3),
(98, 1, 1, 750, 1),
(98, 1, 1, 754, 2),
(98, 1, 1, 756, 2),
(98, 1, 1, 757, 1),
(98, 1, 1, 759, 1),
(98, 1, 1, 762, 1),
(98, 1, 1, 763, 4),
(98, 1, 1, 764, 9),
(98, 1, 1, 765, 3),
(98, 1, 1, 766, 4),
(98, 1, 1, 767, 1),
(98, 1, 1, 768, 1),
(98, 1, 1, 769, 1),
(98, 1, 1, 770, 1),
(98, 1, 1, 774, 1),
(98, 1, 1, 777, 1),
(98, 1, 1, 779, 1),
(98, 1, 1, 780, 1),
(98, 1, 1, 785, 1),
(98, 1, 1, 786, 2),
(98, 1, 1, 787, 2),
(98, 1, 1, 789, 2),
(98, 1, 1, 793, 5),
(98, 1, 1, 794, 1),
(98, 1, 1, 797, 1),
(98, 1, 1, 798, 1),
(98, 1, 1, 800, 1),
(98, 1, 1, 801, 3),
(98, 1, 1, 802, 7),
(98, 1, 1, 804, 1),
(98, 1, 1, 805, 2),
(98, 1, 1, 806, 1),
(98, 1, 1, 808, 3),
(98, 1, 1, 810, 1),
(98, 1, 1, 811, 1),
(98, 1, 1, 813, 1),
(98, 1, 1, 814, 1),
(98, 1, 1, 815, 1),
(98, 1, 1, 819, 1),
(98, 1, 1, 821, 2),
(98, 1, 1, 822, 1),
(98, 1, 1, 824, 4),
(98, 1, 1, 825, 1),
(98, 1, 1, 827, 1),
(98, 1, 1, 828, 1),
(98, 1, 1, 830, 2),
(98, 1, 1, 833, 2),
(98, 1, 1, 834, 1),
(98, 1, 1, 839, 2),
(98, 1, 1, 840, 2),
(98, 1, 1, 842, 3),
(98, 1, 1, 843, 3),
(98, 1, 1, 844, 2),
(98, 1, 1, 845, 1),
(98, 1, 1, 846, 1),
(98, 1, 1, 849, 1),
(98, 1, 1, 850, 1),
(98, 1, 1, 851, 1),
(98, 1, 1, 856, 1),
(98, 1, 1, 863, 5),
(98, 1, 1, 864, 3),
(98, 1, 1, 866, 3),
(98, 1, 1, 869, 2),
(98, 1, 1, 871, 1),
(98, 1, 1, 873, 3),
(98, 1, 1, 877, 1),
(98, 1, 1, 878, 1),
(98, 1, 1, 880, 2),
(98, 1, 1, 881, 1),
(98, 1, 1, 883, 8),
(98, 1, 1, 884, 1),
(98, 1, 1, 885, 2),
(98, 1, 1, 888, 3),
(98, 1, 1, 893, 1),
(98, 1, 1, 898, 2),
(98, 1, 1, 899, 7),
(98, 1, 1, 902, 3),
(98, 1, 1, 903, 2),
(98, 1, 1, 904, 3),
(98, 1, 1, 907, 1),
(98, 1, 1, 910, 1),
(98, 1, 1, 912, 2),
(98, 1, 1, 913, 2),
(98, 1, 1, 915, 1),
(98, 1, 1, 917, 4),
(98, 1, 1, 919, 1),
(98, 1, 1, 923, 1),
(98, 1, 1, 926, 1),
(98, 1, 1, 930, 2),
(98, 1, 1, 931, 5),
(98, 1, 1, 932, 4),
(98, 1, 1, 934, 2),
(98, 1, 1, 935, 4),
(98, 1, 1, 939, 2),
(98, 1, 1, 943, 2),
(98, 1, 1, 947, 2),
(98, 1, 1, 948, 3),
(98, 1, 1, 949, 5),
(98, 1, 1, 950, 3),
(98, 1, 1, 952, 1),
(98, 1, 1, 957, 1),
(98, 1, 1, 958, 1),
(98, 1, 1, 959, 3),
(98, 1, 1, 961, 1),
(98, 1, 1, 964, 1),
(98, 1, 1, 965, 5),
(98, 1, 1, 967, 1),
(98, 1, 1, 968, 1),
(98, 1, 1, 969, 1),
(98, 1, 1, 972, 2),
(98, 1, 1, 973, 1),
(98, 1, 1, 974, 1),
(98, 1, 1, 976, 2),
(98, 1, 1, 977, 1),
(98, 1, 1, 978, 2),
(98, 1, 1, 982, 2),
(98, 1, 1, 983, 2),
(98, 1, 1, 984, 1),
(98, 1, 1, 985, 9),
(98, 1, 1, 986, 3),
(98, 1, 1, 987, 1),
(98, 1, 1, 988, 10),
(98, 1, 1, 989, 3),
(98, 1, 1, 990, 1),
(98, 1, 1, 993, 1),
(98, 1, 1, 994, 1),
(98, 1, 1, 999, 1),
(98, 1, 1, 1004, 1),
(98, 1, 1, 1005, 1),
(98, 1, 1, 1006, 5),
(98, 1, 1, 1007, 1),
(98, 1, 1, 1008, 3),
(98, 1, 1, 1009, 1),
(98, 1, 1, 1011, 4),
(98, 1, 1, 1012, 4),
(98, 1, 1, 1013, 7),
(98, 1, 1, 1014, 1),
(98, 1, 1, 1016, 2),
(98, 1, 1, 1018, 7),
(98, 1, 1, 1020, 2),
(98, 1, 1, 1021, 6),
(98, 1, 1, 1022, 3),
(98, 1, 1, 1023, 2),
(98, 1, 1, 1024, 2),
(98, 1, 1, 1025, 3),
(98, 1, 1, 1032, 2),
(98, 1, 1, 1034, 8),
(98, 1, 1, 1035, 3),
(98, 1, 1, 1036, 1),
(98, 1, 1, 1037, 2),
(98, 1, 1, 1038, 1),
(98, 1, 1, 1039, 1),
(98, 1, 1, 1040, 2),
(98, 1, 1, 1041, 4),
(98, 1, 1, 1042, 1),
(98, 1, 1, 1043, 1),
(98, 1, 1, 1045, 1),
(98, 1, 1, 1046, 2),
(98, 1, 1, 1047, 1),
(98, 1, 1, 1048, 3),
(98, 1, 1, 1050, 2),
(98, 1, 1, 1051, 1),
(98, 1, 1, 1052, 1),
(98, 1, 1, 1053, 1),
(98, 1, 1, 1055, 1),
(98, 1, 1, 1056, 3),
(98, 1, 1, 1057, 1),
(98, 1, 1, 1059, 1),
(98, 1, 1, 1061, 2),
(98, 1, 1, 1063, 2),
(98, 1, 1, 1064, 2),
(98, 1, 1, 1065, 2),
(98, 1, 1, 1066, 3),
(98, 1, 1, 1067, 4),
(98, 1, 1, 1068, 4),
(98, 1, 1, 1069, 2),
(98, 1, 1, 1070, 1),
(98, 1, 1, 1071, 1),
(98, 1, 1, 1072, 1),
(98, 1, 1, 1073, 3),
(98, 1, 1, 1074, 3),
(98, 1, 1, 1075, 1),
(98, 1, 1, 1076, 2),
(98, 1, 1, 1077, 1),
(98, 1, 1, 1078, 2),
(98, 1, 1, 1079, 2),
(98, 1, 1, 1081, 1),
(98, 1, 1, 1082, 3),
(98, 1, 1, 1083, 2),
(98, 1, 1, 1086, 2),
(98, 1, 1, 1087, 8),
(98, 1, 1, 1088, 1),
(98, 1, 1, 1093, 6),
(98, 1, 1, 1094, 2),
(98, 1, 1, 1095, 2),
(98, 1, 1, 1097, 1),
(98, 1, 1, 1099, 4),
(98, 1, 1, 1100, 3),
(98, 1, 1, 1101, 3),
(98, 1, 1, 1103, 1),
(98, 1, 1, 1104, 1),
(98, 1, 1, 1105, 1),
(98, 1, 1, 1106, 1),
(98, 1, 1, 1111, 1),
(98, 1, 1, 1112, 2),
(98, 1, 1, 1113, 4),
(98, 1, 1, 1114, 1),
(98, 1, 1, 1116, 3),
(98, 1, 1, 1117, 1),
(98, 1, 1, 1118, 1),
(98, 1, 1, 1119, 4),
(98, 1, 1, 1120, 1),
(98, 1, 1, 1121, 1),
(98, 1, 1, 1126, 3),
(98, 1, 1, 1127, 1),
(98, 1, 1, 1128, 2),
(98, 1, 1, 1129, 13),
(98, 1, 1, 1130, 2),
(98, 1, 1, 1131, 1),
(98, 1, 1, 1132, 1),
(98, 1, 1, 1133, 2),
(98, 1, 1, 1136, 1),
(98, 1, 1, 1138, 1),
(98, 1, 1, 1139, 6),
(98, 1, 1, 1140, 2),
(98, 1, 1, 1141, 1),
(98, 1, 1, 1142, 2),
(98, 1, 1, 1144, 1),
(98, 1, 1, 1145, 3),
(98, 1, 1, 1146, 1),
(98, 1, 1, 1147, 2),
(98, 1, 1, 1148, 3),
(98, 1, 1, 1150, 1),
(98, 1, 1, 1152, 2),
(98, 1, 1, 1153, 3),
(98, 1, 1, 1155, 1),
(98, 1, 1, 1156, 2),
(98, 1, 1, 1159, 2),
(98, 1, 1, 1160, 1),
(98, 1, 1, 1162, 1),
(98, 1, 1, 1163, 1),
(98, 1, 1, 1165, 1),
(98, 1, 1, 1166, 2),
(98, 1, 1, 1167, 1),
(98, 1, 1, 1168, 4),
(98, 1, 1, 1169, 3),
(98, 1, 1, 1170, 1),
(98, 1, 1, 1171, 1),
(98, 1, 1, 1172, 3),
(98, 1, 1, 1173, 1),
(98, 1, 1, 1174, 1),
(99, 1, 1, 985, 5),
(99, 1, 1, 986, 7),
(99, 1, 1, 987, 8),
(99, 1, 1, 989, 5),
(99, 1, 1, 991, 1),
(99, 1, 1, 992, 1),
(99, 1, 1, 993, 1),
(99, 1, 1, 994, 2),
(99, 1, 1, 995, 2),
(99, 1, 1, 997, 1),
(99, 1, 1, 1001, 1),
(99, 1, 1, 1004, 14),
(99, 1, 1, 1005, 8),
(99, 1, 1, 1006, 4),
(99, 1, 1, 1007, 3),
(99, 1, 1, 1008, 4),
(99, 1, 1, 1009, 2),
(99, 1, 1, 1010, 2),
(99, 1, 1, 1011, 2),
(99, 1, 1, 1012, 2),
(99, 1, 1, 1013, 6),
(99, 1, 1, 1014, 1),
(99, 1, 1, 1015, 3),
(99, 1, 1, 1016, 2),
(99, 1, 1, 1017, 3),
(99, 1, 1, 1018, 2),
(99, 1, 1, 1019, 5),
(99, 1, 1, 1020, 1),
(99, 1, 1, 1021, 4),
(99, 1, 1, 1022, 4),
(99, 1, 1, 1023, 1),
(99, 1, 1, 1025, 2),
(99, 1, 1, 1026, 5),
(99, 1, 1, 1027, 2),
(99, 1, 1, 1028, 2),
(99, 1, 1, 1029, 2),
(99, 1, 1, 1030, 1),
(99, 1, 1, 1031, 2),
(99, 1, 1, 1032, 3),
(99, 1, 1, 1033, 1),
(99, 1, 1, 1034, 5),
(99, 1, 1, 1035, 1),
(99, 1, 1, 1036, 3),
(99, 1, 1, 1037, 5),
(99, 1, 1, 1038, 7),
(99, 1, 1, 1041, 4),
(99, 1, 1, 1044, 1),
(99, 1, 1, 1045, 1),
(99, 1, 1, 1046, 1),
(99, 1, 1, 1048, 1),
(99, 1, 1, 1049, 3),
(99, 1, 1, 1050, 1),
(99, 1, 1, 1051, 1),
(99, 1, 1, 1052, 1),
(99, 1, 1, 1053, 2),
(99, 1, 1, 1054, 1),
(99, 1, 1, 1056, 2),
(99, 1, 1, 1057, 1),
(99, 1, 1, 1058, 2);
INSERT INTO `ps_page_viewed` (`id_page`, `id_shop_group`, `id_shop`, `id_date_range`, `counter`) VALUES
(99, 1, 1, 1059, 1),
(99, 1, 1, 1060, 1),
(99, 1, 1, 1061, 2),
(99, 1, 1, 1063, 2),
(99, 1, 1, 1064, 1),
(99, 1, 1, 1065, 2),
(99, 1, 1, 1066, 2),
(99, 1, 1, 1067, 3),
(99, 1, 1, 1068, 1),
(99, 1, 1, 1069, 2),
(99, 1, 1, 1070, 1),
(99, 1, 1, 1072, 1),
(99, 1, 1, 1073, 4),
(99, 1, 1, 1074, 3),
(99, 1, 1, 1076, 2),
(99, 1, 1, 1077, 1),
(99, 1, 1, 1078, 2),
(99, 1, 1, 1081, 1),
(99, 1, 1, 1082, 2),
(99, 1, 1, 1084, 1),
(99, 1, 1, 1085, 3),
(99, 1, 1, 1086, 2),
(99, 1, 1, 1087, 4),
(99, 1, 1, 1088, 4),
(99, 1, 1, 1089, 7),
(99, 1, 1, 1090, 2),
(99, 1, 1, 1091, 1),
(99, 1, 1, 1092, 1),
(99, 1, 1, 1093, 5),
(99, 1, 1, 1094, 6),
(99, 1, 1, 1095, 2),
(99, 1, 1, 1096, 4),
(99, 1, 1, 1097, 3),
(99, 1, 1, 1098, 4),
(99, 1, 1, 1099, 3),
(99, 1, 1, 1100, 5),
(99, 1, 1, 1101, 3),
(99, 1, 1, 1103, 4),
(99, 1, 1, 1104, 3),
(99, 1, 1, 1105, 7),
(99, 1, 1, 1106, 3),
(99, 1, 1, 1107, 8),
(99, 1, 1, 1108, 4),
(99, 1, 1, 1110, 5),
(99, 1, 1, 1111, 1),
(99, 1, 1, 1112, 8),
(99, 1, 1, 1113, 3),
(99, 1, 1, 1114, 6),
(99, 1, 1, 1115, 5),
(99, 1, 1, 1116, 3),
(99, 1, 1, 1117, 6),
(99, 1, 1, 1118, 4),
(99, 1, 1, 1119, 3),
(99, 1, 1, 1120, 5),
(99, 1, 1, 1121, 4),
(99, 1, 1, 1122, 6),
(99, 1, 1, 1123, 1),
(99, 1, 1, 1125, 2),
(99, 1, 1, 1126, 7),
(99, 1, 1, 1127, 2),
(99, 1, 1, 1128, 3),
(99, 1, 1, 1129, 7),
(99, 1, 1, 1130, 4),
(99, 1, 1, 1131, 2),
(99, 1, 1, 1132, 1),
(99, 1, 1, 1133, 2),
(99, 1, 1, 1134, 2),
(99, 1, 1, 1136, 5),
(99, 1, 1, 1137, 2),
(99, 1, 1, 1138, 4),
(99, 1, 1, 1139, 6),
(99, 1, 1, 1140, 3),
(99, 1, 1, 1141, 2),
(99, 1, 1, 1142, 1),
(99, 1, 1, 1143, 1),
(99, 1, 1, 1144, 5),
(99, 1, 1, 1145, 4),
(99, 1, 1, 1146, 1),
(99, 1, 1, 1147, 1),
(99, 1, 1, 1148, 8),
(99, 1, 1, 1149, 6),
(99, 1, 1, 1150, 6),
(99, 1, 1, 1151, 5),
(99, 1, 1, 1152, 13),
(99, 1, 1, 1154, 4),
(99, 1, 1, 1155, 3),
(99, 1, 1, 1156, 2),
(99, 1, 1, 1157, 2),
(99, 1, 1, 1159, 1),
(99, 1, 1, 1160, 4),
(99, 1, 1, 1161, 3),
(99, 1, 1, 1162, 4),
(99, 1, 1, 1163, 3),
(99, 1, 1, 1164, 8),
(99, 1, 1, 1165, 1),
(99, 1, 1, 1166, 6),
(99, 1, 1, 1167, 12),
(99, 1, 1, 1168, 8),
(99, 1, 1, 1169, 5),
(99, 1, 1, 1170, 5),
(99, 1, 1, 1171, 4),
(99, 1, 1, 1172, 1),
(99, 1, 1, 1173, 2),
(99, 1, 1, 1174, 2),
(100, 1, 1, 985, 2),
(100, 1, 1, 986, 5),
(100, 1, 1, 987, 3),
(101, 1, 1, 1022, 1),
(102, 1, 1, 1033, 1),
(103, 1, 1, 1073, 1),
(104, 1, 1, 1151, 1);

-- --------------------------------------------------------

--
-- Estrutura da tabela `ps_payzen_token`
--

CREATE TABLE `ps_payzen_token` (
  `id` int(11) NOT NULL,
  `customer_id` int(11) NOT NULL,
  `token` varchar(128) NOT NULL,
  `last4` varchar(4) NOT NULL,
  `cc_type` varchar(20) NOT NULL,
  `active` int(11) NOT NULL DEFAULT '1',
  `created_at` datetime NOT NULL
) ENGINE=InnoDB DEFAULT CHARSET=utf8;

-- --------------------------------------------------------

--
-- Estrutura da tabela `ps_product`
--

CREATE TABLE `ps_product` (
  `id_product` int(10) UNSIGNED NOT NULL,
  `id_supplier` int(10) UNSIGNED DEFAULT NULL,
  `id_manufacturer` int(10) UNSIGNED DEFAULT NULL,
  `id_category_default` int(10) UNSIGNED DEFAULT NULL,
  `id_shop_default` int(10) UNSIGNED NOT NULL DEFAULT '1',
  `id_tax_rules_group` int(11) UNSIGNED NOT NULL,
  `on_sale` tinyint(1) UNSIGNED NOT NULL DEFAULT '0',
  `online_only` tinyint(1) UNSIGNED NOT NULL DEFAULT '0',
  `ean13` varchar(13) DEFAULT NULL,
  `isbn` varchar(32) DEFAULT NULL,
  `upc` varchar(12) DEFAULT NULL,
  `ecotax` decimal(17,6) NOT NULL DEFAULT '0.000000',
  `quantity` int(10) NOT NULL DEFAULT '0',
  `minimal_quantity` int(10) UNSIGNED NOT NULL DEFAULT '1',
  `low_stock_threshold` int(10) DEFAULT NULL,
  `low_stock_alert` tinyint(1) NOT NULL DEFAULT '0',
  `price` decimal(20,6) NOT NULL DEFAULT '0.000000',
  `wholesale_price` decimal(20,6) NOT NULL DEFAULT '0.000000',
  `unity` varchar(255) DEFAULT NULL,
  `unit_price_ratio` decimal(20,6) NOT NULL DEFAULT '0.000000',
  `additional_shipping_cost` decimal(20,2) NOT NULL DEFAULT '0.00',
  `reference` varchar(64) DEFAULT NULL,
  `supplier_reference` varchar(64) DEFAULT NULL,
  `location` varchar(64) DEFAULT NULL,
  `width` decimal(20,6) NOT NULL DEFAULT '0.000000',
  `height` decimal(20,6) NOT NULL DEFAULT '0.000000',
  `depth` decimal(20,6) NOT NULL DEFAULT '0.000000',
  `weight` decimal(20,6) NOT NULL DEFAULT '0.000000',
  `out_of_stock` int(10) UNSIGNED NOT NULL DEFAULT '2',
  `additional_delivery_times` tinyint(1) UNSIGNED NOT NULL DEFAULT '1',
  `quantity_discount` tinyint(1) DEFAULT '0',
  `customizable` tinyint(2) NOT NULL DEFAULT '0',
  `uploadable_files` tinyint(4) NOT NULL DEFAULT '0',
  `text_fields` tinyint(4) NOT NULL DEFAULT '0',
  `active` tinyint(1) UNSIGNED NOT NULL DEFAULT '0',
  `redirect_type` enum('','404','301-product','302-product','301-category','302-category') NOT NULL DEFAULT '',
  `id_type_redirected` int(10) UNSIGNED NOT NULL DEFAULT '0',
  `available_for_order` tinyint(1) NOT NULL DEFAULT '1',
  `available_date` date DEFAULT NULL,
  `show_condition` tinyint(1) NOT NULL DEFAULT '0',
  `condition` enum('new','used','refurbished') NOT NULL DEFAULT 'new',
  `show_price` tinyint(1) NOT NULL DEFAULT '1',
  `indexed` tinyint(1) NOT NULL DEFAULT '0',
  `visibility` enum('both','catalog','search','none') NOT NULL DEFAULT 'both',
  `cache_is_pack` tinyint(1) NOT NULL DEFAULT '0',
  `cache_has_attachments` tinyint(1) NOT NULL DEFAULT '0',
  `is_virtual` tinyint(1) NOT NULL DEFAULT '0',
  `cache_default_attribute` int(10) UNSIGNED DEFAULT NULL,
  `date_add` datetime NOT NULL,
  `date_upd` datetime NOT NULL,
  `advanced_stock_management` tinyint(1) NOT NULL DEFAULT '0',
  `pack_stock_type` int(11) UNSIGNED NOT NULL DEFAULT '3',
  `state` int(11) UNSIGNED NOT NULL DEFAULT '1'
) ENGINE=InnoDB DEFAULT CHARSET=utf8;

--
-- Extraindo dados da tabela `ps_product`
--

INSERT INTO `ps_product` (`id_product`, `id_supplier`, `id_manufacturer`, `id_category_default`, `id_shop_default`, `id_tax_rules_group`, `on_sale`, `online_only`, `ean13`, `isbn`, `upc`, `ecotax`, `quantity`, `minimal_quantity`, `low_stock_threshold`, `low_stock_alert`, `price`, `wholesale_price`, `unity`, `unit_price_ratio`, `additional_shipping_cost`, `reference`, `supplier_reference`, `location`, `width`, `height`, `depth`, `weight`, `out_of_stock`, `additional_delivery_times`, `quantity_discount`, `customizable`, `uploadable_files`, `text_fields`, `active`, `redirect_type`, `id_type_redirected`, `available_for_order`, `available_date`, `show_condition`, `condition`, `show_price`, `indexed`, `visibility`, `cache_is_pack`, `cache_has_attachments`, `is_virtual`, `cache_default_attribute`, `date_add`, `date_upd`, `advanced_stock_management`, `pack_stock_type`, `state`) VALUES
(1, 1, 4, 11, 1, 1, 0, 0, '', '', '', 0.000000, 0, 1, NULL, 0, 24.390244, 29.650000, '', 0.000000, 0.00, '1.1', '1.1', '', 0.000000, 0.000000, 0.000000, 0.000000, 2, 1, 0, 0, 0, 0, 1, '301-category', 0, 1, '0000-00-00', 0, 'new', 1, 1, 'both', 0, 0, 0, 0, '2020-11-17 10:40:07', '2024-01-02 12:47:51', 0, 0, 1),
(2, 1, 4, 11, 1, 1, 0, 0, '', '', '', 0.000000, 0, 1, NULL, 0, 36.585366, 44.500000, '', 0.000000, 0.00, '1.1L', '1.1L', '', 0.000000, 0.000000, 0.000000, 0.000000, 2, 1, 0, 0, 0, 0, 1, '301-category', 0, 1, '0000-00-00', 0, 'new', 1, 1, 'both', 0, 0, 0, 0, '2020-11-17 10:40:07', '2024-01-02 12:48:18', 0, 0, 1),
(3, 1, 4, 11, 1, 1, 0, 0, '', '', '', 0.000000, 0, 1, NULL, 0, 27.642276, 34.100000, '', 0.000000, 0.00, '1.3', '1.3', '', 0.000000, 0.000000, 0.000000, 0.000000, 2, 1, 0, 0, 0, 0, 1, '301-category', 0, 1, '0000-00-00', 0, 'new', 1, 1, 'both', 0, 0, 0, 0, '2020-11-17 10:40:07', '2021-06-20 22:09:32', 0, 0, 1),
(4, 1, 4, 11, 1, 1, 0, 0, '', '', '', 0.000000, 0, 1, NULL, 0, 34.146341, 44.000000, '', 0.000000, 0.00, '1.4L', '1.4L', '', 0.000000, 0.000000, 0.000000, 0.000000, 2, 1, 0, 0, 0, 0, 1, '301-category', 0, 1, '0000-00-00', 0, 'new', 1, 1, 'both', 0, 0, 0, 0, '2020-11-17 10:40:07', '2024-01-02 12:48:42', 0, 0, 1),
(5, 1, 4, 12, 1, 1, 0, 0, '', '', '', 0.000000, 0, 1, NULL, 0, 24.390244, 29.650000, '', 0.000000, 0.00, '2.1', '2.1', '', 0.000000, 0.000000, 0.000000, 0.000000, 2, 1, 0, 0, 0, 0, 1, '301-category', 0, 1, '0000-00-00', 0, 'new', 1, 1, 'both', 0, 0, 0, 0, '2020-11-17 10:40:07', '2024-01-02 12:48:58', 0, 0, 1),
(6, 1, 4, 12, 1, 1, 0, 0, '', '', '', 0.000000, 0, 1, NULL, 0, 36.585366, 44.500000, '', 0.000000, 0.00, '2.1L', '2.1L', '', 0.000000, 0.000000, 0.000000, 0.000000, 2, 1, 0, 0, 0, 0, 1, '301-category', 0, 1, '0000-00-00', 0, 'new', 1, 1, 'both', 0, 0, 0, 0, '2020-11-17 10:40:08', '2024-01-02 12:49:09', 0, 0, 1),
(7, 1, 4, 12, 1, 1, 0, 0, '', '', '', 0.000000, 0, 1, NULL, 0, 34.146341, 41.180000, '', 0.000000, 0.00, '2.4L', '2.4L', '', 0.000000, 0.000000, 0.000000, 0.000000, 2, 1, 0, 0, 0, 0, 1, '301-category', 0, 1, '0000-00-00', 0, 'new', 1, 1, 'both', 0, 0, 0, 0, '2020-11-17 10:40:08', '2024-01-02 12:49:25', 0, 0, 1),
(8, 1, 4, 13, 1, 1, 0, 0, '', '', '', 0.000000, 0, 1, NULL, 0, 24.390244, 29.650000, '', 0.000000, 0.00, '3.1', '3.1', '', 0.000000, 0.000000, 0.000000, 0.000000, 2, 1, 0, 0, 0, 0, 1, '301-category', 0, 1, '0000-00-00', 0, 'new', 1, 1, 'both', 0, 0, 0, 0, '2020-11-17 10:40:08', '2024-01-02 12:49:44', 0, 0, 1),
(9, 1, 4, 13, 1, 1, 0, 0, '', '', '', 0.000000, 0, 1, NULL, 0, 36.585366, 44.500000, '', 0.000000, 0.00, '3.1L', '3.1L', '', 0.000000, 0.000000, 0.000000, 0.000000, 2, 1, 0, 0, 0, 0, 1, '301-category', 0, 1, '0000-00-00', 0, 'new', 1, 1, 'both', 0, 0, 0, 0, '2020-11-17 10:40:08', '2024-01-02 12:49:57', 0, 0, 1),
(10, 1, 4, 13, 1, 1, 0, 0, '', '', '', 0.000000, 0, 1, NULL, 0, 34.146341, 43.200000, '', 0.000000, 0.00, '3.4', '3.4', '', 0.000000, 0.000000, 0.000000, 0.000000, 2, 1, 0, 0, 0, 0, 1, '301-category', 0, 1, '0000-00-00', 0, 'new', 1, 1, 'both', 0, 0, 0, 0, '2020-11-17 10:40:08', '2024-01-02 12:50:16', 0, 0, 1),
(11, 1, 4, 13, 1, 1, 0, 0, '', '', '', 0.000000, 0, 1, NULL, 0, 36.585366, 45.750000, '', 0.000000, 0.00, '3.4.1', '3.4.1', '', 0.000000, 0.000000, 0.000000, 0.000000, 2, 1, 0, 0, 0, 0, 1, '301-category', 0, 1, '0000-00-00', 0, 'new', 1, 1, 'both', 0, 0, 0, 0, '2020-11-17 10:40:08', '2024-01-02 12:50:34', 0, 0, 1),
(12, 1, 4, 13, 1, 1, 0, 0, '', '', '', 0.000000, 0, 1, NULL, 0, 29.268293, 36.000000, '', 0.000000, 0.00, '3.4.2', '3.4.2', '', 0.000000, 0.000000, 0.000000, 0.000000, 2, 1, 0, 0, 0, 0, 1, '301-category', 0, 1, '0000-00-00', 0, 'new', 1, 1, 'both', 0, 0, 0, 0, '2020-11-17 10:40:08', '2021-02-20 11:42:07', 0, 3, 1),
(13, 1, 4, 13, 1, 1, 0, 0, '', '', '', 0.000000, 0, 1, NULL, 0, 39.024390, 48.600000, '', 0.000000, 0.00, '3.4.3A', '3.4.3A', '', 0.000000, 0.000000, 0.000000, 0.000000, 2, 1, 0, 0, 0, 0, 1, '301-category', 0, 1, '0000-00-00', 0, 'new', 1, 1, 'both', 0, 0, 0, 0, '2020-11-17 10:40:08', '2024-01-02 12:50:56', 0, 0, 1),
(14, 1, 4, 13, 1, 1, 0, 0, '', '', '', 0.000000, 0, 1, NULL, 0, 65.040650, 92.000000, '', 0.000000, 0.00, '3.4.3B', '3.4.3B', '', 0.000000, 0.000000, 0.000000, 0.000000, 2, 1, 0, 0, 0, 0, 1, '301-category', 0, 1, '0000-00-00', 0, 'new', 1, 1, 'both', 0, 0, 0, 0, '2020-11-17 10:40:08', '2022-04-21 14:38:16', 0, 0, 1),
(15, 1, 4, 13, 1, 1, 0, 0, '', '', '', 0.000000, 0, 1, NULL, 0, 34.959350, 43.700000, '', 0.000000, 0.00, '3.4.4', '3.4.4', '', 0.000000, 0.000000, 0.000000, 0.000000, 2, 1, 0, 0, 0, 0, 1, '301-category', 0, 1, '0000-00-00', 0, 'new', 1, 1, 'both', 0, 0, 0, 0, '2020-11-17 10:40:08', '2024-01-02 12:51:09', 0, 0, 1),
(16, 1, 4, 13, 1, 1, 0, 0, '', '', '', 0.000000, 0, 1, NULL, 0, 54.471545, 68.350000, '', 0.000000, 0.00, '3.4.5A', '3.4.5A', '', 0.000000, 0.000000, 0.000000, 0.000000, 2, 1, 0, 0, 0, 0, 1, '301-category', 0, 1, '0000-00-00', 0, 'new', 1, 1, 'both', 0, 0, 0, 0, '2020-11-17 10:40:08', '2024-01-02 12:51:35', 0, 0, 1),
(17, 1, 4, 13, 1, 1, 0, 0, '', '', '', 0.000000, 0, 1, NULL, 0, 34.146341, 41.500000, '', 0.000000, 0.00, '3.4.5B', '3.4.5B', '', 0.000000, 0.000000, 0.000000, 0.000000, 2, 1, 0, 0, 0, 0, 1, '301-category', 0, 1, '0000-00-00', 0, 'new', 1, 1, 'both', 0, 0, 0, 0, '2020-11-17 10:40:08', '2024-01-02 12:51:50', 0, 0, 1),
(18, 1, 4, 13, 1, 1, 0, 0, '', '', '', 0.000000, 0, 1, NULL, 0, 48.780488, 55.000000, '', 0.000000, 0.00, '3.4.6', '3.4.6', '', 0.000000, 0.000000, 0.000000, 0.000000, 2, 1, 0, 0, 0, 0, 1, '301-category', 0, 1, '0000-00-00', 0, 'new', 1, 1, 'both', 0, 0, 0, 0, '2020-11-17 10:40:08', '2024-01-02 12:52:02', 0, 0, 1),
(19, 1, 4, 14, 1, 1, 0, 0, '', '', '', 0.000000, 0, 1, NULL, 0, 24.390244, 29.650000, '', 0.000000, 0.00, '4.1', '4.1', '', 0.000000, 0.000000, 0.000000, 0.000000, 2, 1, 0, 0, 0, 0, 1, '301-category', 0, 1, '0000-00-00', 0, 'new', 1, 1, 'both', 0, 0, 0, 0, '2020-11-17 10:40:08', '2024-01-02 12:52:29', 0, 0, 1),
(20, 1, 4, 14, 1, 1, 0, 0, '', '', '', 0.000000, 0, 1, NULL, 0, 36.585366, 44.500000, '', 0.000000, 0.00, '4.1L', '4.1L', '', 0.000000, 0.000000, 0.000000, 0.000000, 2, 1, 0, 0, 0, 0, 1, '301-category', 0, 1, '0000-00-00', 0, 'new', 1, 1, 'both', 0, 0, 0, 0, '2020-11-17 10:40:08', '2024-01-02 12:52:47', 0, 0, 1),
(21, 1, 4, 14, 1, 1, 0, 0, '', '', '', 0.000000, 0, 1, NULL, 0, 8.130081, 0.000000, '', 0.000000, 0.00, '4.1S', '4.1S', '', 0.000000, 0.000000, 0.000000, 0.000000, 2, 1, 0, 0, 0, 0, 0, '301-category', 0, 1, '0000-00-00', 0, 'new', 1, 0, 'both', 0, 0, 0, 0, '2020-11-17 10:40:08', '2023-04-03 14:37:34', 0, 0, 1),
(22, 1, 4, 14, 1, 1, 0, 0, '', '', '', 0.000000, 0, 1, NULL, 0, 36.585366, 48.700000, '', 0.000000, 0.00, '4.1.1L', '4.1.1L', '', 0.000000, 0.000000, 0.000000, 0.000000, 2, 1, 0, 0, 0, 0, 1, '301-category', 0, 1, '0000-00-00', 0, 'new', 1, 1, 'both', 0, 0, 0, 0, '2020-11-17 10:40:08', '2024-01-02 12:53:08', 0, 0, 1),
(23, 1, 4, 14, 1, 1, 0, 0, '', '', '', 0.000000, 0, 1, NULL, 0, 22.764228, 28.300000, '', 0.000000, 0.00, '4.2', '4.2', '', 0.000000, 0.000000, 0.000000, 0.000000, 2, 1, 0, 0, 0, 0, 1, '301-category', 0, 1, '0000-00-00', 0, 'new', 1, 1, 'both', 0, 0, 0, 0, '2020-11-17 10:40:08', '2021-03-03 14:47:54', 0, 0, 1),
(24, 1, 4, 14, 1, 1, 0, 0, '', '', '', 0.000000, 0, 1, NULL, 0, 28.455285, 35.000000, '', 0.000000, 0.00, '4.2L', '4.2L', '', 0.000000, 0.000000, 0.000000, 0.000000, 2, 1, 0, 0, 0, 0, 1, '301-category', 0, 1, '0000-00-00', 0, 'new', 1, 1, 'both', 0, 0, 0, 0, '2020-11-17 10:40:08', '2021-02-20 11:52:24', 0, 3, 1),
(25, 1, 4, 14, 1, 1, 0, 0, '', '', '', 0.000000, 0, 1, NULL, 0, 32.520325, 41.500000, '', 0.000000, 0.00, '4.3', '4.3', '', 0.000000, 0.000000, 0.000000, 0.000000, 2, 1, 0, 0, 0, 0, 1, '301-category', 0, 1, '0000-00-00', 0, 'new', 1, 1, 'both', 0, 0, 0, 0, '2020-11-17 10:40:08', '2024-01-02 12:53:26', 0, 0, 1),
(26, 1, 4, 14, 1, 1, 0, 0, '', '', '', 0.000000, 0, 1, NULL, 0, 44.715447, 65.820000, '', 0.000000, 0.00, '4.3L', '4.3L', '', 0.000000, 0.000000, 0.000000, 0.000000, 2, 1, 0, 0, 0, 0, 1, '301-category', 0, 1, '0000-00-00', 0, 'new', 1, 1, 'both', 0, 0, 0, 0, '2020-11-17 10:40:08', '2024-01-02 12:53:50', 0, 0, 1),
(27, 1, 4, 14, 1, 1, 0, 0, '', '', '', 0.000000, 0, 1, NULL, 0, 8.130081, 0.000000, '', 0.000000, 0.00, '4.3S', '4.3S', '', 0.000000, 0.000000, 0.000000, 0.000000, 2, 1, 0, 0, 0, 0, 0, '301-category', 0, 1, '0000-00-00', 0, 'new', 1, 0, 'both', 0, 0, 0, 0, '2020-11-17 10:40:08', '2023-04-03 14:37:49', 0, 0, 1),
(28, 1, 4, 14, 1, 1, 0, 0, '', '', '', 0.000000, 0, 1, NULL, 0, 34.146341, 41.000000, '', 0.000000, 0.00, '4.4', '4.4', '', 0.000000, 0.000000, 0.000000, 0.000000, 2, 1, 0, 0, 0, 0, 1, '301-category', 0, 1, '0000-00-00', 0, 'new', 1, 1, 'both', 0, 0, 0, 0, '2020-11-17 10:40:08', '2024-01-02 12:54:07', 0, 0, 1),
(29, 1, 4, 14, 1, 1, 0, 0, '', '', '', 0.000000, 0, 1, NULL, 0, 29.268293, 38.700000, '', 0.000000, 0.00, '4.4.1', '4.4.1', '', 0.000000, 0.000000, 0.000000, 0.000000, 2, 1, 0, 0, 0, 0, 1, '301-category', 0, 1, '0000-00-00', 0, 'new', 1, 1, 'both', 0, 0, 0, 0, '2020-11-17 10:40:08', '2024-01-02 12:54:21', 0, 0, 1),
(30, 1, 4, 14, 1, 1, 0, 0, '', '', '', 0.000000, 0, 1, NULL, 0, 30.081301, 36.300000, '', 0.000000, 0.00, '4.5', '4.5', '', 0.000000, 0.000000, 0.000000, 0.000000, 2, 1, 0, 0, 0, 0, 1, '301-category', 0, 1, '0000-00-00', 0, 'new', 1, 1, 'both', 0, 0, 0, 0, '2020-11-17 10:40:08', '2024-01-02 12:54:38', 0, 0, 1),
(31, 1, 4, 14, 1, 1, 0, 0, '', '', '', 0.000000, 0, 1, NULL, 0, 8.130081, 0.000000, '', 0.000000, 0.00, '4.5S', '4.5S', '', 0.000000, 0.000000, 0.000000, 0.000000, 2, 1, 0, 0, 0, 0, 0, '301-category', 0, 1, '0000-00-00', 0, 'new', 1, 0, 'both', 0, 0, 0, 0, '2020-11-17 10:40:08', '2023-04-03 14:36:38', 0, 0, 1),
(32, 1, 4, 15, 1, 1, 0, 0, '', '', '', 0.000000, 0, 1, NULL, 0, 24.390244, 29.650000, '', 0.000000, 0.00, '5.1', '5.1', '', 0.000000, 0.000000, 0.000000, 0.000000, 2, 1, 0, 0, 0, 0, 1, '301-category', 0, 1, '0000-00-00', 0, 'new', 1, 1, 'both', 0, 0, 0, 0, '2020-11-17 10:40:08', '2024-01-02 12:55:02', 0, 0, 1),
(33, 1, 4, 15, 1, 1, 0, 0, '', '', '', 0.000000, 0, 1, NULL, 0, 36.585366, 44.500000, '', 0.000000, 0.00, '5.1L', '5.1L', '', 0.000000, 0.000000, 0.000000, 0.000000, 2, 1, 0, 0, 0, 0, 1, '301-category', 0, 1, '0000-00-00', 0, 'new', 1, 1, 'both', 0, 0, 0, 0, '2020-11-17 10:40:08', '2024-01-02 12:55:14', 0, 0, 1),
(34, 1, 4, 15, 1, 1, 0, 0, '', '', '', 0.000000, 0, 1, NULL, 0, 24.390244, 30.500000, '', 0.000000, 0.00, '5.1.1', '5.1.1', '', 0.000000, 0.000000, 0.000000, 0.000000, 2, 1, 0, 0, 0, 0, 1, '301-category', 0, 1, '0000-00-00', 0, 'new', 1, 1, 'both', 0, 0, 0, 0, '2020-11-17 10:40:08', '2024-01-02 12:55:35', 0, 0, 1),
(35, 1, 4, 15, 1, 1, 0, 0, '', '', '', 0.000000, 0, 1, NULL, 0, 36.585366, 45.000000, '', 0.000000, 0.00, '5.1.1L', '5.1.1L', '', 0.000000, 0.000000, 0.000000, 0.000000, 2, 1, 0, 0, 0, 0, 1, '301-category', 0, 1, '0000-00-00', 0, 'new', 1, 1, 'both', 0, 0, 0, 0, '2020-11-17 10:40:08', '2024-01-02 12:55:49', 0, 0, 1),
(36, 1, 4, 15, 1, 1, 0, 0, '', '', '', 0.000000, 0, 1, NULL, 0, 21.951220, 26.500000, '', 0.000000, 0.00, '5.2', '5.2', '', 0.000000, 0.000000, 0.000000, 0.000000, 2, 1, 0, 0, 0, 0, 1, '301-category', 0, 1, '0000-00-00', 0, 'new', 1, 1, 'both', 0, 0, 0, 0, '2020-11-17 10:40:08', '2024-01-02 12:56:16', 0, 0, 1),
(37, 1, 4, 15, 1, 1, 0, 0, '', '', '', 0.000000, 0, 1, NULL, 0, 32.520325, 42.000000, '', 0.000000, 0.00, '5.2.1', '5.2.1', '', 0.000000, 0.000000, 0.000000, 0.000000, 2, 1, 0, 0, 0, 0, 1, '301-category', 0, 1, '0000-00-00', 0, 'new', 1, 1, 'both', 0, 0, 0, 0, '2020-11-17 10:40:08', '2024-01-02 12:56:31', 0, 0, 1),
(38, 1, 4, 15, 1, 1, 0, 0, '', '', '', 0.000000, 0, 1, NULL, 0, 28.455285, 36.800000, '', 0.000000, 0.00, '5.3', '5.3', '', 0.000000, 0.000000, 0.000000, 0.000000, 2, 1, 0, 0, 0, 0, 1, '301-category', 0, 1, '0000-00-00', 0, 'new', 1, 1, 'both', 0, 0, 0, 0, '2020-11-17 10:40:08', '2024-01-02 12:56:58', 0, 0, 1),
(39, 1, 4, 15, 1, 1, 0, 0, '', '', '', 0.000000, 0, 1, NULL, 0, 44.715447, 56.000000, '', 0.000000, 0.00, '5.3L', '5.3L', '', 0.000000, 0.000000, 0.000000, 0.000000, 2, 1, 0, 0, 0, 0, 1, '301-category', 0, 1, '0000-00-00', 0, 'new', 1, 1, 'both', 0, 0, 0, 0, '2020-11-17 10:40:08', '2024-01-02 12:57:12', 0, 0, 1),
(40, 1, 4, 15, 1, 1, 0, 0, '', '', '', 0.000000, 0, 1, NULL, 0, 34.146341, 44.000000, '', 0.000000, 0.00, '5.5L', '5.5L', '', 0.000000, 0.000000, 0.000000, 0.000000, 2, 1, 0, 0, 0, 0, 1, '301-category', 0, 1, '0000-00-00', 0, 'new', 1, 1, 'both', 0, 0, 0, 0, '2020-11-17 10:40:08', '2024-01-02 12:57:28', 0, 0, 1),
(41, 1, 4, 15, 1, 1, 0, 0, '', '', '', 0.000000, 0, 1, NULL, 0, 36.585366, 45.000000, '', 0.000000, 0.00, '5.5.1', '5.5.1', '', 0.000000, 0.000000, 0.000000, 0.000000, 2, 1, 0, 0, 0, 0, 1, '301-category', 0, 1, '0000-00-00', 0, 'new', 1, 1, 'both', 0, 0, 0, 0, '2020-11-17 10:40:08', '2021-02-20 12:07:37', 0, 3, 1),
(42, 1, 4, 15, 1, 1, 0, 0, '', '', '', 0.000000, 0, 1, NULL, 0, 8.943089, 11.600000, '', 0.000000, 0.00, '6.1', '6.1', '', 0.000000, 0.000000, 0.000000, 0.000000, 2, 1, 0, 0, 0, 0, 1, '301-category', 0, 1, '0000-00-00', 0, 'new', 1, 1, 'both', 0, 0, 0, 0, '2020-11-17 10:40:08', '2024-01-02 12:57:47', 0, 0, 1),
(43, 1, 4, 30, 1, 1, 0, 0, '', '', '', 0.000000, 0, 1, NULL, 0, 20.325203, 25.500000, '', 0.000000, 0.00, '7.1', '7.1', '', 0.000000, 0.000000, 0.000000, 0.000000, 2, 1, 0, 0, 0, 0, 1, '301-category', 0, 1, '0000-00-00', 0, 'new', 1, 1, 'both', 0, 0, 0, 0, '2020-11-17 10:40:08', '2024-01-02 12:58:05', 0, 0, 1),
(44, 1, 4, 30, 1, 1, 0, 0, '', '', '', 0.000000, 0, 1, NULL, 0, 26.016260, 36.000000, '', 0.000000, 0.00, '7.3', '7.3', '', 0.000000, 0.000000, 0.000000, 0.000000, 2, 1, 0, 0, 0, 0, 1, '301-category', 0, 1, '0000-00-00', 0, 'new', 1, 1, 'both', 0, 0, 0, 0, '2020-11-17 10:40:08', '2024-01-02 12:58:17', 0, 0, 1),
(45, 1, 4, 30, 1, 1, 0, 0, '', '', '', 0.000000, 0, 1, NULL, 0, 31.707317, 38.500000, '', 0.000000, 0.00, '7.4', '7.4', '', 0.000000, 0.000000, 0.000000, 0.000000, 2, 1, 0, 0, 0, 0, 1, '301-category', 0, 1, '0000-00-00', 0, 'new', 1, 1, 'both', 0, 0, 0, 0, '2020-11-17 10:40:08', '2024-01-02 12:58:29', 0, 0, 1),
(46, 1, 4, 14, 1, 1, 0, 0, '', '', '', 0.000000, 0, 1, NULL, 0, 20.325203, 25.500000, '', 0.000000, 0.00, 'TS', 'TS', '', 0.000000, 0.000000, 0.000000, 0.000000, 2, 1, 0, 0, 0, 0, 1, '301-category', 0, 1, '0000-00-00', 0, 'new', 1, 1, 'both', 0, 0, 0, 0, '2020-11-17 10:40:08', '2024-01-10 10:51:55', 0, 0, 1),
(47, 1, 4, 20, 1, 1, 0, 0, '', '', '', 0.000000, 0, 1, NULL, 0, 30.081301, 50.660000, '', 0.000000, 0.00, '001', '1', '', 0.000000, 0.000000, 0.000000, 0.000000, 2, 1, 0, 0, 0, 0, 1, '301-category', 0, 1, '0000-00-00', 0, 'new', 1, 1, 'both', 0, 0, 0, 0, '2020-11-17 10:40:08', '2024-01-02 13:39:56', 0, 0, 1),
(48, 1, 4, 20, 1, 1, 0, 0, '', '', '', 0.000000, 0, 1, NULL, 0, 30.081301, 50.660000, '', 0.000000, 0.00, '002', '2', '', 0.000000, 0.000000, 0.000000, 0.000000, 2, 1, 0, 0, 0, 0, 1, '301-category', 0, 1, '0000-00-00', 0, 'new', 1, 1, 'both', 0, 0, 0, 0, '2020-11-17 10:40:08', '2024-01-02 13:40:39', 0, 0, 1),
(49, 1, 4, 20, 1, 1, 0, 0, '', '', '', 0.000000, 0, 1, NULL, 0, 30.081301, 50.660000, '', 0.000000, 0.00, '003', '3', '', 0.000000, 0.000000, 0.000000, 0.000000, 2, 1, 0, 0, 0, 0, 1, '301-category', 0, 1, '0000-00-00', 0, 'new', 1, 1, 'both', 0, 0, 0, 0, '2020-11-17 10:40:08', '2024-01-02 13:40:50', 0, 0, 1),
(50, 1, 4, 20, 1, 1, 0, 0, '', '', '', 0.000000, 0, 1, NULL, 0, 32.520325, 45.000000, '', 0.000000, 0.00, '004', '4', '', 0.000000, 0.000000, 0.000000, 0.000000, 2, 1, 0, 0, 0, 0, 1, '301-category', 0, 1, '0000-00-00', 0, 'new', 1, 1, 'both', 0, 0, 0, 0, '2020-11-17 10:40:08', '2024-01-02 13:41:05', 0, 0, 1),
(51, 1, 4, 20, 1, 1, 0, 0, '', '', '', 0.000000, 0, 1, NULL, 0, 38.211382, 51.300000, '', 0.000000, 0.00, '005', '5', '', 0.000000, 0.000000, 0.000000, 0.000000, 2, 1, 0, 0, 0, 0, 1, '301-category', 0, 1, '0000-00-00', 0, 'new', 1, 1, 'both', 0, 0, 0, 0, '2020-11-17 10:40:08', '2024-01-02 13:41:19', 0, 0, 1),
(52, 1, 4, 20, 1, 1, 0, 0, '', '', '', 0.000000, 0, 1, NULL, 0, 32.520325, 44.900000, '', 0.000000, 0.00, '006', '6', '', 0.000000, 0.000000, 0.000000, 0.000000, 2, 1, 0, 0, 0, 0, 1, '301-category', 0, 1, '0000-00-00', 0, 'new', 1, 1, 'both', 0, 0, 0, 0, '2020-11-17 10:40:08', '2024-01-02 13:41:32', 0, 0, 1),
(53, 1, 4, 20, 1, 1, 0, 0, '', '', '', 0.000000, 0, 1, NULL, 0, 33.333333, 46.170000, '', 0.000000, 0.00, '007', '7', '', 0.000000, 0.000000, 0.000000, 0.000000, 2, 1, 0, 0, 0, 0, 1, '301-category', 0, 1, '0000-00-00', 0, 'new', 1, 1, 'both', 0, 0, 0, 0, '2020-11-17 10:40:08', '2024-01-02 13:41:43', 0, 0, 1),
(54, 1, 4, 20, 1, 1, 0, 0, '', '', '', 0.000000, 0, 1, NULL, 0, 30.081301, 50.990000, '', 0.000000, 0.00, '008GF', '008GF', '', 0.000000, 0.000000, 0.000000, 0.000000, 2, 1, 0, 0, 0, 0, 1, '301-category', 0, 1, '0000-00-00', 0, 'new', 1, 1, 'both', 0, 0, 0, 0, '2020-11-17 10:40:08', '2024-01-02 13:41:56', 0, 0, 1),
(55, 1, 4, 20, 1, 1, 0, 0, '', '', '', 0.000000, 0, 1, NULL, 0, 42.276423, 64.770000, '', 0.000000, 0.00, '009GF', '009GF', '', 0.000000, 0.000000, 0.000000, 0.000000, 2, 1, 0, 0, 0, 0, 1, '301-category', 0, 1, '0000-00-00', 0, 'new', 1, 1, 'both', 0, 0, 0, 0, '2020-11-17 10:40:08', '2024-01-02 13:42:11', 0, 0, 1),
(56, 1, 4, 20, 1, 1, 0, 0, '', '', '', 0.000000, 0, 1, NULL, 0, 40.650407, 58.990000, '', 0.000000, 0.00, '010GF', '010GF', '', 0.000000, 0.000000, 0.000000, 0.000000, 2, 1, 0, 0, 0, 0, 1, '301-category', 0, 1, '0000-00-00', 0, 'new', 1, 1, 'both', 0, 0, 0, 0, '2020-11-17 10:40:08', '2024-01-02 13:42:28', 0, 0, 1),
(57, 1, 4, 20, 1, 1, 0, 0, '', '', '', 0.000000, 0, 1, NULL, 0, 44.715447, 62.000000, '', 0.000000, 0.00, '011GF', '011GF', '', 0.000000, 0.000000, 0.000000, 0.000000, 2, 1, 0, 0, 0, 0, 1, '301-category', 0, 1, '0000-00-00', 0, 'new', 1, 1, 'both', 0, 0, 0, 0, '2020-11-17 10:40:08', '2024-01-14 15:20:36', 0, 0, 1),
(58, 1, 4, 20, 1, 1, 0, 0, '', '', '', 0.000000, 0, 1, NULL, 0, 142.276423, 175.000000, '', 0.000000, 0.00, '12MHS', '12MHS', '', 0.000000, 0.000000, 0.000000, 0.000000, 2, 1, 0, 0, 0, 0, 1, '301-category', 0, 1, '0000-00-00', 0, 'new', 1, 1, 'both', 0, 0, 0, 0, '2020-11-17 10:40:08', '2023-06-05 17:44:03', 0, 0, 1),
(59, 1, 4, 20, 1, 1, 0, 0, '', '', '', 0.000000, 0, 1, NULL, 0, 0.000000, 0.000000, '', 0.000000, 0.00, 'DERMAROLLER', 'DERMAROLLER', '', 0.000000, 0.000000, 0.000000, 0.000000, 2, 1, 0, 0, 0, 0, 0, '301-category', 0, 1, '0000-00-00', 0, 'new', 1, 0, 'both', 0, 0, 0, 0, '2020-11-17 10:40:08', '2020-11-17 14:41:03', 0, 3, 1),
(60, 1, 4, 20, 1, 1, 0, 0, '', '', '', 0.000000, 0, 1, NULL, 0, 0.000000, 0.000000, '', 0.000000, 0.00, 'SPRAYDESIN', 'SPRAYDESIN', '', 0.000000, 0.000000, 0.000000, 0.000000, 2, 1, 0, 0, 0, 0, 0, '301-category', 0, 1, '0000-00-00', 0, 'new', 1, 0, 'both', 0, 0, 0, 0, '2020-11-17 10:40:08', '2020-11-17 14:41:18', 0, 3, 1),
(61, 1, 4, 20, 1, 1, 0, 0, '', '', '', 0.000000, 0, 1, NULL, 0, 0.000000, 0.000000, '', 0.000000, 0.00, 'DERMAPEN', 'DERMAPEN', '', 0.000000, 0.000000, 0.000000, 0.000000, 2, 1, 0, 0, 0, 0, 0, '301-category', 0, 1, '0000-00-00', 0, 'new', 1, 0, 'both', 0, 0, 0, 0, '2020-11-17 10:40:08', '2020-11-17 14:41:34', 0, 3, 1),
(62, 1, 4, 20, 1, 1, 0, 0, '', '', '', 0.000000, 0, 1, NULL, 0, 0.000000, 0.000000, '', 0.000000, 0.00, 'RECARGAPEN', 'RECARGAPEN', '', 0.000000, 0.000000, 0.000000, 0.000000, 2, 1, 0, 0, 0, 0, 0, '301-category', 0, 1, '0000-00-00', 0, 'new', 1, 0, 'both', 0, 0, 0, 0, '2020-11-17 10:40:08', '2020-11-17 14:41:49', 0, 3, 1),
(63, 1, 4, 20, 1, 1, 0, 0, '', '', '', 0.000000, 0, 1, NULL, 0, 0.000000, 0.000000, '', 0.000000, 0.00, 'DSDLUVAS', 'DSDLUVAS', '', 0.000000, 0.000000, 0.000000, 0.000000, 2, 1, 0, 0, 0, 0, 0, '301-category', 0, 1, '0000-00-00', 0, 'new', 1, 0, 'both', 0, 0, 0, 0, '2020-11-17 10:40:08', '2020-11-17 14:42:04', 0, 3, 1),
(64, 1, 4, 2, 1, 1, 0, 0, '', '', '', 0.000000, 0, 1, NULL, 0, 89.430894, 0.000000, '', 0.000000, 0.00, '9.4', '', '', 0.000000, 0.000000, 0.000000, 0.000000, 2, 1, 0, 0, 0, 0, 1, '301-category', 0, 1, '0000-00-00', 0, 'new', 1, 1, 'both', 0, 0, 0, 0, '2022-07-02 15:20:24', '2024-01-02 12:58:47', 0, 0, 1),
(66, 1, 4, 19, 1, 1, 0, 0, '', '', '', 0.000000, 0, 1, NULL, 0, 32.520325, 0.000000, '', 0.000000, 0.00, '8.0', '', '', 0.000000, 0.000000, 0.000000, 0.000000, 2, 1, 0, 0, 0, 0, 1, '301-category', 0, 1, '0000-00-00', 0, 'new', 1, 1, 'both', 0, 0, 0, 0, '2023-10-19 16:23:28', '2023-10-23 11:32:38', 0, 0, 1);

-- --------------------------------------------------------

--
-- Estrutura da tabela `ps_producttabs_settings`
--

CREATE TABLE `ps_producttabs_settings` (
  `id_producttabs_settings` int(11) NOT NULL,
  `product_id` int(11) NOT NULL,
  `tab_type` char(50) NOT NULL,
  `date_add` timestamp NOT NULL DEFAULT CURRENT_TIMESTAMP ON UPDATE CURRENT_TIMESTAMP,
  `date_upd` timestamp NOT NULL DEFAULT '0000-00-00 00:00:00'
) ENGINE=InnoDB DEFAULT CHARSET=utf8;

--
-- Extraindo dados da tabela `ps_producttabs_settings`
--

INSERT INTO `ps_producttabs_settings` (`id_producttabs_settings`, `product_id`, `tab_type`, `date_add`, `date_upd`) VALUES
(1, 35, 'horizontal', '2021-02-16 13:53:49', '2024-01-02 12:55:46'),
(2, 1, 'horizontal', '2021-02-16 13:56:25', '2024-01-02 12:47:47'),
(3, 63, 'horizontal', '2021-02-17 09:36:34', '2021-02-17 09:36:49'),
(4, 58, 'horizontal', '2021-02-17 09:37:02', '2023-06-05 16:43:52'),
(5, 57, 'horizontal', '2021-02-17 09:43:26', '2021-02-20 12:15:38'),
(6, 56, 'horizontal', '2021-02-17 09:46:05', '2021-03-03 14:48:25'),
(7, 55, 'horizontal', '2021-02-17 09:48:19', '2022-04-21 13:38:32'),
(8, 54, 'horizontal', '2021-02-17 09:50:20', '2022-07-02 14:19:02'),
(9, 53, 'horizontal', '2021-02-17 09:53:01', '2021-03-03 14:34:38'),
(10, 52, 'horizontal', '2021-02-17 10:06:33', '2022-04-21 13:39:27'),
(11, 51, 'horizontal', '2021-02-17 10:09:46', '2022-04-21 13:38:51'),
(12, 50, 'horizontal', '2021-02-17 10:12:05', '2024-01-02 13:41:00'),
(13, 49, 'horizontal', '2021-02-17 10:14:22', '2024-01-02 13:40:46'),
(14, 48, 'horizontal', '2021-02-17 10:17:17', '2021-03-28 16:48:42'),
(15, 47, 'horizontal', '2021-02-17 10:18:57', '2022-02-22 15:00:50'),
(16, 46, 'horizontal', '2021-02-17 10:20:37', '2024-01-10 10:51:50'),
(17, 45, 'horizontal', '2021-02-17 10:23:12', '2021-02-20 12:09:28'),
(18, 44, 'horizontal', '2021-02-17 10:25:37', '2024-01-02 12:58:12'),
(19, 43, 'horizontal', '2021-02-17 10:32:28', '2021-02-20 12:08:32'),
(20, 42, 'horizontal', '2021-02-17 10:34:49', '2021-03-03 14:33:16'),
(21, 41, 'horizontal', '2021-02-17 10:37:42', '2021-02-20 12:07:08'),
(22, 40, 'horizontal', '2021-02-17 10:40:06', '2024-01-02 12:57:24'),
(23, 39, 'horizontal', '2021-02-17 10:44:15', '2021-02-20 12:06:32'),
(24, 38, 'horizontal', '2021-02-17 10:46:07', '2024-01-02 12:56:46'),
(25, 37, 'horizontal', '2021-02-17 10:47:30', '2024-01-02 12:56:25'),
(26, 36, 'horizontal', '2021-02-17 10:49:08', '2021-02-20 12:04:23'),
(27, 34, 'horizontal', '2021-02-17 10:53:31', '2021-02-20 12:03:03'),
(28, 33, 'horizontal', '2021-02-17 10:56:18', '2024-01-02 12:55:09'),
(29, 32, 'horizontal', '2021-02-17 10:58:07', '2021-03-03 14:32:39'),
(30, 31, 'horizontal', '2021-02-17 10:59:34', '2023-04-03 13:36:32'),
(31, 30, 'horizontal', '2021-02-17 11:02:31', '2024-01-02 12:54:35'),
(32, 29, 'horizontal', '2021-02-17 11:04:01', '2024-01-02 12:54:18'),
(33, 28, 'horizontal', '2021-02-17 11:05:36', '2024-01-02 12:54:05'),
(34, 27, 'horizontal', '2021-02-17 11:06:59', '2023-04-03 13:37:49'),
(35, 26, 'horizontal', '2021-02-17 11:08:39', '2023-12-13 11:35:38'),
(36, 25, 'horizontal', '2021-02-17 11:09:52', '2024-01-02 12:53:23'),
(37, 24, 'horizontal', '2021-02-17 11:11:06', '2021-02-20 11:51:57'),
(38, 23, 'horizontal', '2021-02-17 11:21:26', '2021-03-03 14:47:47'),
(39, 22, 'horizontal', '2021-02-17 11:22:54', '2024-01-02 12:53:00'),
(40, 21, 'horizontal', '2021-02-17 11:24:08', '2023-04-03 13:37:33'),
(41, 20, 'horizontal', '2021-02-17 11:25:21', '2024-01-02 12:52:40'),
(42, 19, 'horizontal', '2021-02-17 11:27:40', '2024-01-02 12:52:26'),
(43, 18, 'horizontal', '2021-02-17 11:28:48', '2024-01-02 12:51:59'),
(44, 17, 'horizontal', '2021-02-17 11:30:02', '2024-01-02 12:51:47'),
(45, 16, 'horizontal', '2021-02-17 11:31:13', '2024-01-02 12:51:28'),
(46, 15, 'horizontal', '2021-02-17 11:32:23', '2021-06-20 21:09:51'),
(47, 14, 'horizontal', '2021-02-17 11:33:33', '2021-02-20 11:43:52'),
(48, 13, 'horizontal', '2021-02-17 11:34:42', '2024-01-02 12:50:52'),
(49, 12, 'horizontal', '2021-02-17 11:35:43', '2021-02-20 11:43:32'),
(50, 11, 'horizontal', '2021-02-17 11:37:21', '2021-03-31 12:57:30'),
(51, 10, 'horizontal', '2021-02-17 11:38:22', '2024-01-02 12:50:14'),
(52, 9, 'horizontal', '2021-02-17 11:39:37', '2024-01-02 12:49:53'),
(53, 8, 'horizontal', '2021-02-17 11:40:44', '2022-07-23 12:56:10'),
(54, 7, 'horizontal', '2021-02-17 11:42:01', '2024-01-02 12:49:23'),
(55, 6, 'horizontal', '2021-02-17 11:43:05', '2021-02-20 11:37:23'),
(56, 5, 'horizontal', '2021-02-17 11:44:03', '2024-01-02 12:48:56'),
(57, 4, 'horizontal', '2021-02-17 11:45:21', '2024-01-02 12:48:38'),
(58, 3, 'horizontal', '2021-02-17 11:46:27', '2022-07-23 13:09:08'),
(59, 2, 'horizontal', '2021-02-17 11:47:47', '2022-07-23 13:12:08'),
(60, 64, 'horizontal', '2022-07-02 14:25:51', '2023-12-13 11:36:16'),
(62, 66, 'horizontal', '2023-10-19 15:23:31', '2023-10-19 15:44:30');

-- --------------------------------------------------------

--
-- Estrutura da tabela `ps_producttabs_settings_shop`
--

CREATE TABLE `ps_producttabs_settings_shop` (
  `id_producttabs_settings` int(11) NOT NULL,
  `id_shop` int(11) NOT NULL,
  `product_id` int(11) NOT NULL,
  `tab_type` char(50) NOT NULL
) ENGINE=InnoDB DEFAULT CHARSET=utf8;

--
-- Extraindo dados da tabela `ps_producttabs_settings_shop`
--

INSERT INTO `ps_producttabs_settings_shop` (`id_producttabs_settings`, `id_shop`, `product_id`, `tab_type`) VALUES
(1, 1, 35, 'horizontal'),
(2, 1, 1, 'horizontal'),
(3, 1, 63, 'horizontal'),
(4, 1, 58, 'horizontal'),
(5, 1, 57, 'horizontal'),
(6, 1, 56, 'horizontal'),
(7, 1, 55, 'horizontal'),
(8, 1, 54, 'horizontal'),
(9, 1, 53, 'horizontal'),
(10, 1, 52, 'horizontal'),
(11, 1, 51, 'horizontal'),
(12, 1, 50, 'horizontal'),
(13, 1, 49, 'horizontal'),
(14, 1, 48, 'horizontal'),
(15, 1, 47, 'horizontal'),
(16, 1, 46, 'horizontal'),
(17, 1, 45, 'horizontal'),
(18, 1, 44, 'horizontal'),
(19, 1, 43, 'horizontal'),
(20, 1, 42, 'horizontal'),
(21, 1, 41, 'horizontal'),
(22, 1, 40, 'horizontal'),
(23, 1, 39, 'horizontal'),
(24, 1, 38, 'horizontal'),
(25, 1, 37, 'horizontal'),
(26, 1, 36, 'horizontal'),
(27, 1, 34, 'horizontal'),
(28, 1, 33, 'horizontal'),
(29, 1, 32, 'horizontal'),
(30, 1, 31, 'horizontal'),
(31, 1, 30, 'horizontal'),
(32, 1, 29, 'horizontal'),
(33, 1, 28, 'horizontal'),
(34, 1, 27, 'horizontal'),
(35, 1, 26, 'horizontal'),
(36, 1, 25, 'horizontal'),
(37, 1, 24, 'horizontal'),
(38, 1, 23, 'horizontal'),
(39, 1, 22, 'horizontal'),
(40, 1, 21, 'horizontal'),
(41, 1, 20, 'horizontal'),
(42, 1, 19, 'horizontal'),
(43, 1, 18, 'horizontal'),
(44, 1, 17, 'horizontal'),
(45, 1, 16, 'horizontal'),
(46, 1, 15, 'horizontal'),
(47, 1, 14, 'horizontal'),
(48, 1, 13, 'horizontal'),
(49, 1, 12, 'horizontal'),
(50, 1, 11, 'horizontal'),
(51, 1, 10, 'horizontal'),
(52, 1, 9, 'horizontal'),
(53, 1, 8, 'horizontal'),
(54, 1, 7, 'horizontal'),
(55, 1, 6, 'horizontal'),
(56, 1, 5, 'horizontal'),
(57, 1, 4, 'horizontal'),
(58, 1, 3, 'horizontal'),
(59, 1, 2, 'horizontal'),
(60, 1, 64, 'horizontal'),
(62, 1, 66, 'horizontal');

-- --------------------------------------------------------

--
-- Estrutura da tabela `ps_product_attachment`
--

CREATE TABLE `ps_product_attachment` (
  `id_product` int(10) UNSIGNED NOT NULL,
  `id_attachment` int(10) UNSIGNED NOT NULL
) ENGINE=InnoDB DEFAULT CHARSET=utf8;

-- --------------------------------------------------------

--
-- Estrutura da tabela `ps_product_attribute`
--

CREATE TABLE `ps_product_attribute` (
  `id_product_attribute` int(10) UNSIGNED NOT NULL,
  `id_product` int(10) UNSIGNED NOT NULL,
  `reference` varchar(64) DEFAULT NULL,
  `supplier_reference` varchar(64) DEFAULT NULL,
  `location` varchar(64) DEFAULT NULL,
  `ean13` varchar(13) DEFAULT NULL,
  `isbn` varchar(32) DEFAULT NULL,
  `upc` varchar(12) DEFAULT NULL,
  `wholesale_price` decimal(20,6) NOT NULL DEFAULT '0.000000',
  `price` decimal(20,6) NOT NULL DEFAULT '0.000000',
  `ecotax` decimal(17,6) NOT NULL DEFAULT '0.000000',
  `quantity` int(10) NOT NULL DEFAULT '0',
  `weight` decimal(20,6) NOT NULL DEFAULT '0.000000',
  `unit_price_impact` decimal(20,6) NOT NULL DEFAULT '0.000000',
  `default_on` tinyint(1) UNSIGNED DEFAULT NULL,
  `minimal_quantity` int(10) UNSIGNED NOT NULL DEFAULT '1',
  `low_stock_threshold` int(10) DEFAULT NULL,
  `low_stock_alert` tinyint(1) NOT NULL DEFAULT '0',
  `available_date` date DEFAULT NULL
) ENGINE=InnoDB DEFAULT CHARSET=utf8;

-- --------------------------------------------------------

--
-- Estrutura da tabela `ps_product_attribute_combination`
--

CREATE TABLE `ps_product_attribute_combination` (
  `id_attribute` int(10) UNSIGNED NOT NULL,
  `id_product_attribute` int(10) UNSIGNED NOT NULL
) ENGINE=InnoDB DEFAULT CHARSET=utf8;

-- --------------------------------------------------------

--
-- Estrutura da tabela `ps_product_attribute_image`
--

CREATE TABLE `ps_product_attribute_image` (
  `id_product_attribute` int(10) UNSIGNED NOT NULL,
  `id_image` int(10) UNSIGNED NOT NULL
) ENGINE=InnoDB DEFAULT CHARSET=utf8;

-- --------------------------------------------------------

--
-- Estrutura da tabela `ps_product_attribute_shop`
--

CREATE TABLE `ps_product_attribute_shop` (
  `id_product` int(10) UNSIGNED NOT NULL,
  `id_product_attribute` int(10) UNSIGNED NOT NULL,
  `id_shop` int(10) UNSIGNED NOT NULL,
  `wholesale_price` decimal(20,6) NOT NULL DEFAULT '0.000000',
  `price` decimal(20,6) NOT NULL DEFAULT '0.000000',
  `ecotax` decimal(17,6) NOT NULL DEFAULT '0.000000',
  `weight` decimal(20,6) NOT NULL DEFAULT '0.000000',
  `unit_price_impact` decimal(20,6) NOT NULL DEFAULT '0.000000',
  `default_on` tinyint(1) UNSIGNED DEFAULT NULL,
  `minimal_quantity` int(10) UNSIGNED NOT NULL DEFAULT '1',
  `low_stock_threshold` int(10) DEFAULT NULL,
  `low_stock_alert` tinyint(1) NOT NULL DEFAULT '0',
  `available_date` date DEFAULT NULL
) ENGINE=InnoDB DEFAULT CHARSET=utf8;

-- --------------------------------------------------------

--
-- Estrutura da tabela `ps_product_carrier`
--

CREATE TABLE `ps_product_carrier` (
  `id_product` int(10) UNSIGNED NOT NULL,
  `id_carrier_reference` int(10) UNSIGNED NOT NULL,
  `id_shop` int(10) UNSIGNED NOT NULL
) ENGINE=InnoDB DEFAULT CHARSET=utf8;

-- --------------------------------------------------------

--
-- Estrutura da tabela `ps_product_country_tax`
--

CREATE TABLE `ps_product_country_tax` (
  `id_product` int(11) NOT NULL,
  `id_country` int(11) NOT NULL,
  `id_tax` int(11) NOT NULL
) ENGINE=InnoDB DEFAULT CHARSET=utf8;

-- --------------------------------------------------------

--
-- Estrutura da tabela `ps_product_download`
--

CREATE TABLE `ps_product_download` (
  `id_product_download` int(10) UNSIGNED NOT NULL,
  `id_product` int(10) UNSIGNED NOT NULL,
  `display_filename` varchar(255) DEFAULT NULL,
  `filename` varchar(255) DEFAULT NULL,
  `date_add` datetime NOT NULL,
  `date_expiration` datetime DEFAULT NULL,
  `nb_days_accessible` int(10) UNSIGNED DEFAULT NULL,
  `nb_downloadable` int(10) UNSIGNED DEFAULT '1',
  `active` tinyint(1) UNSIGNED NOT NULL DEFAULT '1',
  `is_shareable` tinyint(1) UNSIGNED NOT NULL DEFAULT '0'
) ENGINE=InnoDB DEFAULT CHARSET=utf8;

-- --------------------------------------------------------

--
-- Estrutura da tabela `ps_product_group_reduction_cache`
--

CREATE TABLE `ps_product_group_reduction_cache` (
  `id_product` int(10) UNSIGNED NOT NULL,
  `id_group` int(10) UNSIGNED NOT NULL,
  `reduction` decimal(4,3) NOT NULL
) ENGINE=InnoDB DEFAULT CHARSET=utf8;

-- --------------------------------------------------------

--
-- Estrutura da tabela `ps_product_lang`
--

CREATE TABLE `ps_product_lang` (
  `id_product` int(10) UNSIGNED NOT NULL,
  `id_shop` int(11) UNSIGNED NOT NULL DEFAULT '1',
  `id_lang` int(10) UNSIGNED NOT NULL,
  `description` text,
  `description_short` text,
  `link_rewrite` varchar(128) NOT NULL,
  `meta_description` varchar(512) DEFAULT NULL,
  `meta_keywords` varchar(255) DEFAULT NULL,
  `meta_title` varchar(128) DEFAULT NULL,
  `name` varchar(128) NOT NULL,
  `available_now` varchar(255) DEFAULT NULL,
  `available_later` varchar(255) DEFAULT NULL,
  `delivery_in_stock` varchar(255) DEFAULT NULL,
  `delivery_out_stock` varchar(255) DEFAULT NULL
) ENGINE=InnoDB DEFAULT CHARSET=utf8;

--
-- Extraindo dados da tabela `ps_product_lang`
--

INSERT INTO `ps_product_lang` (`id_product`, `id_shop`, `id_lang`, `description`, `description_short`, `link_rewrite`, `meta_description`, `meta_keywords`, `meta_title`, `name`, `available_now`, `available_later`, `delivery_in_stock`, `delivery_out_stock`) VALUES
(1, 1, 1, '<p class=\"MsoNormal\"><b><span style=\"font-family:Arial, sans-serif;\">DIXIDOX DE LUXE ANTISEBORRHEIC SHAMPOO </span></b><span style=\"font-family:Arial, sans-serif;\">contém queratina, colágeno, vitaminas e princípios ativos reguladores de gordura. A olamina piroctona exerce uma atividade antigordura e o ingrediente ativo à base de plantas 5 alfa-Avocuta ajuda a reduzir a secreção excessiva de sebo e a descamação. Também contém um extrato de 12 plantas especialmente selecionadas para ajudar a regular o excesso de gordura e os processos de descamação.</span></p>', '<p></p>\n<p><span style=\"font-family:Arial, sans-serif;\">Champô anti seborreico que ajuda a reduzir e prevenir o aparecimento de oleosidade no couro cabeludo e no cabelo.</span><br /><span style=\"font-family:Arial, sans-serif;\">Obtém-se cabelos limpos, sedosos e bem cuidados.</span><br /><span style=\"font-family:Arial, sans-serif;\">Ajuda a regular a secreção sebácea.</span><br /><span style=\"font-family:Arial, sans-serif;\">Ajuda a prevenir o aparecimento de gordura.</span><br /><span style=\"font-family:Arial, sans-serif;\">Ajuda a reduzir a queda de cabelo.</span><br /><span style=\"font-family:Arial, sans-serif;\">Efeito calmante no couro cabeludo.</span><br /><span style=\"font-family:Arial, sans-serif;font-size:8pt;\"> </span><br /><span style=\"font-family:Arial, sans-serif;\">200ml.</span></p>\n<p></p>\n<p></p>', 'dixidox-de-luxe-antiseborrheic-shampoo', '', '', '', 'DIXIDOX de LUXE ANTISEBORRHEIC SHAMPOO', '', '', '', ''),
(2, 1, 1, '<p class=\"MsoNormal\"><b><span style=\"font-family:Arial, sans-serif;\">DIXIDOX DE LUXE ANTISEBORRHEIC SHAMPOO </span></b><span style=\"font-family:Arial, sans-serif;\">contém queratina, colágeno, vitaminas e princípios ativos reguladores de gordura. A olamina piroctona exerce uma atividade antigordura e o ingrediente ativo à base de plantas 5 alfa-Avocuta ajuda a reduzir a secreção excessiva de sebo e a descamação. Também contém um extrato de 12 plantas especialmente selecionadas para ajudar a regular o excesso de gordura e os processos de descamação.</span></p>', '<p><span style=\"font-family:Arial, sans-serif;\">Champô anti seborreico que ajuda a reduzir e prevenir o aparecimento de oleosidade no couro cabeludo e no cabelo.</span><br /><span style=\"font-family:Arial, sans-serif;\">Obtém-se cabelos limpos, sedosos e bem cuidados.</span><br /><span style=\"font-family:Arial, sans-serif;\">Ajuda a regular a secreção sebácea.</span><br /><span style=\"font-family:Arial, sans-serif;\">Ajuda a prevenir o aparecimento de gordura.</span><br /><span style=\"font-family:Arial, sans-serif;\">Ajuda a reduzir a queda de cabelo.</span><br /><span style=\"font-family:Arial, sans-serif;\">Efeito calmante no couro cabeludo.</span><br /><span style=\"font-family:Arial, sans-serif;font-size:8pt;\"> </span><br /><span style=\"font-family:Arial, sans-serif;\">500ml.</span></p>', 'dixidox-de-luxe-antiseborrheic-shampoo', '', '', '', 'DIXIDOX de LUXE ANTISEBORRHEIC SHAMPOO', '', '', '', ''),
(3, 1, 1, '<p><b><span style=\"font-size:11pt;font-family:Arial, sans-serif;\">DIXIDOX DE LUXE PEELING </span></b><span style=\"font-size:11pt;font-family:Arial, sans-serif;\">é formulado com alfa-hidroxiácidos, ácido salicílico e pó de caroço de damasco que ajudam a esfoliar o couro cabeludo. Limpa profundamente a pele e ajuda a eliminar a caspa, descamação e excesso de oleosidade, melhorando a ação de outros produtos</span></p>', '<p><span style=\"font-family:Arial, sans-serif;\">Tratamento esfoliante que ajuda a limpar profundamente o couro cabeludo das impurezas e das células mortas.</span><br /><span style=\"font-family:Arial, sans-serif;\">Efeito regulador de sebo.</span><br /><span style=\"font-family:Arial, sans-serif;\">Ajuda a eliminar a caspa.</span><br /><span style=\"font-family:Arial, sans-serif;\">Previne a queda de cabelo.</span><br /><span style=\"font-family:Arial, sans-serif;\">Efeito calmante.</span><br /><span style=\"font-family:Arial, sans-serif;font-size:8pt;\"> </span><br /><span style=\"font-family:Arial, sans-serif;\">200ml.</span></p>', 'dixidox-de-luxe-peeling', '', '', '', 'DIXIDOX de LUXE PEELING', '', '', '', ''),
(4, 1, 1, '<p class=\"MsoNormal\"><b><span style=\"font-family:Arial, sans-serif;\">DIXIDOX DE LUXE ANTISEBORRHEIC LOTION </span></b><span style=\"font-family:Arial, sans-serif;\">contém uma alta concentração de extratos vegetais, vitaminas e princípios ativos reguladores de sebo. Esta loção ajuda a reduzir e prevenir o excesso de oleosidade, o aparecimento de caspa e previne a queda de cabelo.</span></p>', '<p><span style=\"font-family:Arial, sans-serif;\">Loção à base de extratos vegetais, vitaminas e ingredientes anti-seborreicos que ajudam a reduzir e prevenir o excesso de oleosidade, o aparecimento de caspa e queda de cabelo.</span><br /><span style=\"font-family:Arial, sans-serif;\">Regula e previne o excesso de seborreia.</span><br /><span style=\"font-family:Arial, sans-serif;\">Reequilibra o couro cabeludo.</span><br /><span style=\"font-family:Arial, sans-serif;\">Previne o aparecimento de caspa e reduz a queda de cabelo.</span><br /><span style=\"font-family:Arial, sans-serif;\">Indicado para couro cabeludo oleoso, com caspa oleosa e dermatite seborreica.</span><br /><span style=\"font-family:Arial, sans-serif;font-size:8pt;\"> </span><br /><span style=\"font-family:Arial, sans-serif;\">200ml.</span></p>', 'dixidox-de-luxe-antiseborrheic-lotion', '', '', '', 'DIXIDOX de LUXE ANTISEBORRHEIC LOTION', '', '', '', ''),
(5, 1, 1, '<p><b><span style=\"font-size:8pt;font-family:Arial, sans-serif;\">DIXIDOX DE LUXE ANTIDANDRUFF SHAMPOO </span></b><span style=\"font-size:8pt;font-family:Arial, sans-serif;\">contém ingredientes ativos anticaspa, vitaminas e ingredientes reguladores de sebo. É indicado para a lavagem diária de cabelos e couro cabeludo com caspa oleosa ou seca. Ajuda a eliminar a caspa e previne o seu reaparecimento a longo prazo. Ingredientes ativos: piroctona olamina, e climbazol controlam eficazmente o microrganismo responsável pela caspa. Ajuda a combater a coceira causada pela descamação.</span></p>', '<p><span style=\"font-family:Arial, sans-serif;\">Champô que ajuda a reduzir e a prevenir o aparecimento da caspa e evita o seu reaparecimento a longo prazo.</span><br /><span style=\"font-family:Arial, sans-serif;\">Previne e ajuda a reduzir a caspa.</span><br /><span style=\"font-family:Arial, sans-serif;\">Efeito calmante.</span><br /><span style=\"font-family:Arial, sans-serif;\">Alivia a coceira.</span><br /><span style=\"font-family:Arial, sans-serif;\">Proporciona uma sensação de frescura.</span><br /><span style=\"font-family:Arial, sans-serif;\">Indicado para todos os tipos de processos descamativos.</span><br /><span style=\"font-family:Arial, sans-serif;font-size:8pt;\"> </span><br /><span style=\"font-family:Arial, sans-serif;\">200ml.</span></p>', 'dixidox-de-luxe-antidandruff-shampoo', '', '', '', 'DIXIDOX de LUXE ANTIDANDRUFF SHAMPOO', '', '', '', ''),
(6, 1, 1, '<p><b><span style=\"font-size:8pt;font-family:Arial, sans-serif;\">DIXIDOX DE LUXE ANTIDANDRUFF SHAMPOO </span></b><span style=\"font-size:8pt;font-family:Arial, sans-serif;\">contém ingredientes ativos anticaspa, vitaminas e ingredientes reguladores de sebo. É indicado para a lavagem diária de cabelos e couro cabeludo com caspa oleosa ou seca. Ajuda a eliminar a caspa e previne o seu reaparecimento a longo prazo. Ingredientes ativos: piroctona olamina, e climbazol controlam eficazmente o microrganismo responsável pela caspa. Ajuda a combater a coceira causada pela descamação.</span></p>', '<p><span style=\"font-family:Arial, sans-serif;\">Champô que ajuda a reduzir e a prevenir o aparecimento da caspa e evita o seu reaparecimento a longo prazo.</span><br /><span style=\"font-family:Arial, sans-serif;\">Previne e ajuda a reduzir a caspa.</span><br /><span style=\"font-family:Arial, sans-serif;\">Efeito calmante.</span><br /><span style=\"font-family:Arial, sans-serif;\">Alivia a coceira.</span><br /><span style=\"font-family:Arial, sans-serif;\">Proporciona uma sensação de frescura.</span><br /><span style=\"font-family:Arial, sans-serif;\">Indicado para todos os tipos de processos descamativos.</span><br /><span style=\"font-family:Arial, sans-serif;font-size:8pt;\"> </span><br /><span style=\"font-family:Arial, sans-serif;\">500ml.</span></p>', 'dixidox-de-luxe-antidandruff-shampoo', '', '', '', 'DIXIDOX de LUXE ANTIDANDRUFF SHAMPOO', '', '', '', ''),
(7, 1, 1, '<p class=\"MsoNormal\"><b><span style=\"font-family:Arial, sans-serif;\">DIXIDOX DE LUXE ANTIDANDRUFF LOTION </span></b><span style=\"font-family:Arial, sans-serif;\">contém vários ingredientes anticaspa e extratos vegetais ricos em componentes reguladores de sebo e anti-caspa. Ajuda a combater eficazmente a caspa e a prevenir o seu reaparecimento. Alivia eficazmente as comichões e proporciona uma agradável sensação de frescura. Indicado para todos os tipos de processos de descamação e como loção calmante e reequilibradora do couro cabeludo após tratamentos químicos.</span></p>', '<p><span style=\"font-family:Arial, sans-serif;\">Loção que ajuda a eliminar a caspa, regula o excesso de oleosidade e previne a queda do cabelo.</span><br /><span style=\"font-family:Arial, sans-serif;\">Promove a remoção da caspa.</span><br /><span style=\"font-family:Arial, sans-serif;\">Alivia a coceira e a irritação do couro cabeludo.</span><br /><span style=\"font-family:Arial, sans-serif;\">Efeito refrescante e propriedades calmantes.</span><br /><span style=\"font-family:Arial, sans-serif;\">Indicado para todos os tipos de processos de descamação.</span><br /><span style=\"font-family:Arial, sans-serif;font-size:8pt;\"> </span><br /><span style=\"font-family:Arial, sans-serif;\">200ml.</span></p>', 'dixidox-de-luxe-antidandruff-lotion', '', '', '', 'DIXIDOX de LUXE ANTIDANDRUFF LOTION', '', '', '', ''),
(8, 1, 1, '<p class=\"MsoNormal\"><b><span style=\"font-family:Arial, sans-serif;\">DIXIDOX DE LUXE INTENSE SHAMPOO </span></b><span style=\"font-family:Arial, sans-serif;\">é formulado com extrato de placenta, adenosina, cafeína, fito estrógenos, capsaicina, inositol e vitaminas. Também contém extrato de sabal, inibidor da queda de cabelo. Contém pantenol, queratina e colágeno que atuam na estrutura dos fios, proporcionando suavidade, brilho e volume.</span></p>', '<p><span style=\"font-family:Arial, sans-serif;\">Shampoo indicado na prevenção da queda de cabelo, promovendo o seu crescimento e proporcionando suavidade, brilho e volume à fibra capilar.</span><br /><span style=\"font-family:Arial, sans-serif;\">Ajuda a reduzir a queda de cabelo.</span><br /><span style=\"font-family:Arial, sans-serif;\">Nutre e fortalece o folículo piloso.</span><br /><span style=\"font-family:Arial, sans-serif;\">Estimula o crescimento do cabelo.</span><br /><span style=\"font-family:Arial, sans-serif;\">Fornece vitalidade.</span><br /><span style=\"font-family:Arial, sans-serif;font-size:8pt;\"> </span><br /><span style=\"font-family:Arial, sans-serif;\">200ml.</span></p>', 'dixidox-de-luxe-intense-shampoo', '', '', '', 'DIXIDOX de LUXE INTENSE SHAMPOO', '', '', '', ''),
(9, 1, 1, '<p class=\"MsoNormal\"><b><span style=\"font-family:Arial, sans-serif;\">DIXIDOX DE LUXE INTENSE SHAMPOO </span></b><span style=\"font-family:Arial, sans-serif;\">é formulado com extrato de placenta, adenosina, cafeína, fito estrógenos, capsaicina, inositol e vitaminas. Também contém extrato de sabal, inibidor da queda de cabelo. Contém pantenol, queratina e colágeno que atuam na estrutura dos fios, proporcionando suavidade, brilho e volume.</span></p>', '<p><span style=\"font-family:Arial, sans-serif;\">Shampoo indicado na prevenção da queda de cabelo, promovendo o seu crescimento e proporcionando suavidade, brilho e volume à fibra capilar.</span><br /><span style=\"font-family:Arial, sans-serif;\">Ajuda a reduzir a queda de cabelo.</span><br /><span style=\"font-family:Arial, sans-serif;\">Nutre e fortalece o folículo piloso.</span><br /><span style=\"font-family:Arial, sans-serif;\">Estimula o crescimento do cabelo.</span><br /><span style=\"font-family:Arial, sans-serif;\">Fornece vitalidade.</span><br /><span style=\"font-family:Arial, sans-serif;font-size:8pt;\"> </span><br /><span style=\"font-family:Arial, sans-serif;\">500ml.</span></p>', 'dixidox-de-luxe-intense-shampoo', '', '', '', 'DIXIDOX de LUXE INTENSE SHAMPOO', '', '', '', ''),
(10, 1, 1, '<p class=\"MsoNormal\"><b><span style=\"font-family:Arial, sans-serif;\">DIXIDOX DE LUXE FORTE LOTION </span></b><span style=\"font-family:Arial, sans-serif;\">ajuda a reduzir a queda do cabelo e a promover o seu crescimento. Contém bases purinas e pirimidinas (bases nitrogenadas que fazem parte dos ácidos nucleicos), cafeína, extrato de placenta, agentes vasodilatadores, fito-estrogénios, vitaminas e oligoelementos. Também contém extrato de Sabal com excelente atividade para interromper a queda de cabelo. Obtém-se cabelos mais fortes, densos e volumosos.</span></p>', '<p><span style=\"font-family:Arial, sans-serif;\">Loção que ajuda a reduzir a queda de cabelo e a promover o seu crescimento.</span><br /><span style=\"font-family:Arial, sans-serif;\">Ajuda a fortalecer o cabelo fraco.</span><br /><span style=\"font-family:Arial, sans-serif;\">Aumenta o crescimento do cabelo.</span><br /><span style=\"font-family:Arial, sans-serif;\">Ajuda a regular o excesso de sebo.</span><br /><span style=\"font-family:Arial, sans-serif;\">Fornece volume.</span></p>\n<p><span style=\"font-family:Arial, sans-serif;\">10 ampolas x 10ml.</span></p>', 'dixidox-de-luxe-forte-lotion', '', '', '', 'DIXIDOX de LUXE FORTE LOTION', '', '', '', ''),
(11, 1, 1, '<p class=\"MsoNormal\"><b><span style=\"font-family:Arial, sans-serif;\">DIXIDOX DE LUXE FORTE LOTION </span></b><span style=\"font-family:Arial, sans-serif;\">ajuda a reduzir a queda <b>severa</b> do cabelo e a promover o seu crescimento. Contém bases purinas e pirimidinas (bases nitrogenadas que fazem parte dos ácidos nucleicos), cafeína, extrato de placenta, agentes vasodilatadores, fito-estrogénios, vitaminas e oligoelementos. Também contém extrato de Sabal com excelente atividade para interromper a queda de cabelo severa e abundante. Obtém-se cabelos mais fortes, densos e volumosos.</span></p>', '<p><span style=\"font-family:Arial, sans-serif;\">Loção que ajuda a reduzir a queda </span><b style=\"font-family:Arial, sans-serif;\">severa</b><span style=\"font-family:Arial, sans-serif;\"> de cabelo e a promover o seu crescimento.</span><br /><span style=\"font-family:Arial, sans-serif;\">Ajuda a fortalecer o cabelo fraco.</span><br /><span style=\"font-family:Arial, sans-serif;\">Aumenta o crescimento do cabelo.</span><br /><span style=\"font-family:Arial, sans-serif;\">Ajuda a regular o excesso de sebo.</span><br /><span style=\"font-family:Arial, sans-serif;\">Fornece volume.</span></p>\n<p><span style=\"font-family:Arial, sans-serif;\">10 ampolas x 10ml.</span></p>', 'crexepil-de-luxe-forte-lotion', '', '', '', 'CREXEPIL de LUXE FORTE LOTION', '', '', '', ''),
(12, 1, 1, '<p class=\"MsoNormal\"><b><span style=\"font-family:Arial, sans-serif;\">CREXEPIL DE LUXE CLASSIC LOTION </span></b><span style=\"font-family:Arial, sans-serif;\">contém Cegaba, um novo agente estimulador do crescimento do cabelo, concentração equilibrada de estimuladores biogênicos procedentes do extrato de placenta, peptídeos de soja, inosina (nucleosídeo), complexo de vitaminas e minerais, bases de purina e pirimidina e extrato de bagas de açaí com elevada atividade antioxidante. A loção tem efeito vasodilatador devido a um derivado do ácido nicotínico e de cânfora. Proporciona uma sensação de frescura.</span></p>', '<p><span style=\"font-family:Arial, sans-serif;\">Loção formulada para ajudar a reduzir a queda de cabelo e o seu processo gradual de afinamento.</span><br /><span style=\"font-family:Arial, sans-serif;\">Ajuda a promover um crescimento de cabelo mais forte e saudável.</span><br /><span style=\"font-family:Arial, sans-serif;font-size:8pt;\"> </span><br /><span style=\"font-family:Arial, sans-serif;\">100ml.</span></p>', 'crexepil-de-luxe-classic-lotion', '', '', '', 'CREXEPIL DE LUXE CLASSIC LOTION', 'Em Stock', 'Em Stock', '', ''),
(13, 1, 1, '<p class=\"MsoNormal\"><b><span style=\"font-family:Arial, sans-serif;\">FRESH CELLS DE LUXE WONDERCELL LOTION</span></b><span style=\"font-family:Arial, sans-serif;\"> é composta por uma loção e um concentrado, cuja mistura demonstra o seu efeito sinérgico. A loção contém uma alta concentração de extrato de placenta, um complexo de vitaminas, vasodilatadores e extrato de sabal, um antiandrógeno natural. O concentrado contém Cegaba, um aminoácido que induz e estimula o metabolismo celular. Em combinação com o extrato de Sabal, células-tronco de maçã, antioxidantes, um complexo de vitaminas e minerais, proteínas de placenta e soja. Um efeito marcante no crescimento do cabelo.</span></p>', '<p><span style=\"font-family:Arial, sans-serif;\">Loção que ajuda a reduzir a queda de cabelo, revitalizando as células do folículo capilar para um cabelo mais forte e saudável.</span><br /><span style=\"font-family:Arial, sans-serif;font-size:8pt;\"> </span><br /><span style=\"font-family:Arial, sans-serif;\">1 frasco de 50ml + 1 ampola de 10ml.</span></p>', 'fresh-cells-de-luxe-wondercell-lotion', '', '', '', 'FRESH CELLS de LUXE WONDERCELL LOTION', '', '', '', ''),
(14, 1, 1, '<p><b><span style=\"font-size:8pt;font-family:Arial, sans-serif;\">FRESH CELLS DE LUXE CONCENTRATE</span></b><span style=\"font-size:8pt;font-family:Arial, sans-serif;\"> contém 6% de Cegaba que em combinação com extrato de sabal, células-tronco de maçã, antioxidantes, um complexo de vitaminas e minerais,  proteínas de placenta e soja, atinge um efeito muito acentuado no crescimento do cabelo, mesmo na queda de cabelo mais abundante</span></p>', '<p><span style=\"font-family:Arial, sans-serif;\">Loção indicada para reduzir a queda abundante de cabelo e ajudar a estimular o seu crescimento, conseguindo cabelos mais fortes e saudáveis.</span><br /><span style=\"font-family:Arial, sans-serif;font-size:8pt;\"> </span><br /><span style=\"font-family:Arial, sans-serif;\">10 ampolas x 10ml.</span></p>', 'fresh-cells-de-luxe-wondercell-concentrate', '', '', '', 'FRESH CELLS de LUXE WONDERCELL CONCENTRATE', '', '', '', ''),
(15, 1, 1, '<p><b><span style=\"font-size:8pt;font-family:Arial, sans-serif;\">CAPIXYL ™ + PLACENTA SHOCK DE LUXE LOTION</span></b><span style=\"font-size:8pt;font-family:Arial, sans-serif;\"> ajuda a prevenir a queda de cabelo, promovendo o seu crescimento do cabelo e normaliza a secreção sebácea. Capixyl ™ é um complexo patenteado que consiste em um peptídeo biomimético de 4 aminoácidos (Acetil Tetrapeptídeo-3) um extrato de trevo vermelho rico em Biochanina A. Atua diretamente no folículo piloso ajudando a aumentar o seu tamanho para uma melhor ancoragem e vitalidade. É altamente eficaz e ajuda a reduzir a queda de cabelo. Em combinação com o ácido salicílico, consegue-se um efeito pronunciado anti-seborreico. A queratina hidrolisada melhora a estrutura do cabelo, proporcionando força, brilho e volume extra.</span></p>', '<p style=\"text-align:left;\"><span style=\"font-family:Arial, sans-serif;\">Loção que ajuda a reduzir a queda de cabelo, promove o seu crescimento e normaliza a secreção sebácea.</span><br /><span style=\"font-family:Arial, sans-serif;\">Atua contra a queda excessiva de cabelo.</span><br /><span style=\"font-family:Arial, sans-serif;\">Ajuda a estimular o crescimento do cabelo.</span><br /><span style=\"font-family:Arial, sans-serif;\">Contém um efeito anti-seborreíco. </span><br /><span style=\"font-family:Arial, sans-serif;\">Proporciona resistência, brilho e volume extra.</span><br /><span style=\"font-family:Arial, sans-serif;font-size:8pt;\"> </span><br /><span style=\"font-family:Arial, sans-serif;\">100ml.</span></p>', 'capixyl-placenta-shock-de-luxe-lotion', '', '', '', 'CAPIXYL ™ + PLACENTA SHOCK DE LUXE LOTION', '', '', '', ''),
(16, 1, 1, '<p class=\"MsoNormal\"><b><span style=\"font-family:Arial, sans-serif;\">SCIENCE-7 de LUXE LOTION</span></b><span style=\"font-family:Arial, sans-serif;\"> atua na queda do cabelo ajudando a prolongar a fase anágena do crescimento do cabelo, melhora a irrigação sanguínea no couro cabeludo. Fortalece o cabelo frágil débil desde a raiz. Proporciona força, brilho e vitalidade. Contém CEGABA, um aminoácido que induz e estimula o metabolismo celular, indicada para promover o crescimento do cabelo com extrato de placenta, que aumenta o consumo de oxigênio nas células epiteliais, hidrata as células epidérmicas e restabelece a força natural do cabelo. A sua ação é complementada por um complexo de proteínas e minerais, vitaminas do grupo B com atividade reguladora nas glândulas sebáceas, hidratam e fortalecem o cabelo.</span></p>', '<p><span style=\"font-family:Arial, sans-serif;\">Loção que atua na queda de cabelo ajudando a prolongar a fase anágena do ciclo capilar e revitaliza o folículo piloso.</span><br /><span style=\"font-family:Arial, sans-serif;\">Ajuda a reduzir a queda de cabelo.</span><br /><span style=\"font-family:Arial, sans-serif;\">Aumenta o crescimento e a espessura do cabelo.</span><br /><span style=\"font-family:Arial, sans-serif;\">Fornece força, brilho e vitalidade.</span><br /><span style=\"font-family:Arial, sans-serif;\">Ajuda a regular a glândula sebácea.</span><br /><span style=\"font-family:Arial, sans-serif;\">Fortalece o cabelo frágil e débil.</span><br /><span style=\"font-family:Arial, sans-serif;font-size:8pt;\"> </span><br /><span style=\"font-family:Arial, sans-serif;\">3 frascos x 35ml.</span></p>', 'science-7-de-luxe-lotion', '', '', '', 'SCIENCE-7 de LUXE LOTION', '', '', '', ''),
(17, 1, 1, '<p class=\"MsoNormal\"><b><span style=\"font-family:Arial, sans-serif;\">SCIENCE-7 DE LUXE ESSENTIAL OILS</span></b><span style=\"font-family:Arial, sans-serif;\"> é formulado a partir de uma mistura de óleos essenciais com múltiplas propriedades para o cabelo e couro cabeludo: Óleo de Jojoba, com efeitos regenerativos e anticaspa; Óleo de Semente de Uva, que proporciona hidratação à pele; Óleo Essencial de Lavanda, que melhora a cicatrização de feridas, regula a produção de sebo e ajuda a controlar a caspa; Óleo essencial de tomilho, que ajuda a promover o crescimento do cabelo e retarda a queda de cabelo; O óleo essencial de Cedro Atlas, que ajuda a desacelerar a queda de cabelo e equilibra o couro cabeludo oleoso ou caspa, e o óleo essencial de Alecrim, que diminui a secreção sebácea, e ajuda a estimular o crescimento do cabelo.</span></p>', '<p><span style=\"font-family:Arial, sans-serif;\">Mistura de óleos essenciais que em combinação ajudam a equilibrar o couro cabeludo, controlam a caspa e a gordura e a promover o crescimento do cabelo.</span><br /><span style=\"font-family:Arial, sans-serif;\">A mistura é composta por: Óleo de Jojoba, Óleo de Semente de Uva, Óleo Essencial de Lavanda, Tomilho, Cedro do Atlas e Alecrim.</span><br /><span style=\"font-family:Arial, sans-serif;\">Efeito regenerador.</span><br /><span style=\"font-family:Arial, sans-serif;\">Proporciona hidratação.</span><br /><span style=\"font-family:Arial, sans-serif;\">Ajuda a regular a produção de sebo.</span><br /><span style=\"font-family:Arial, sans-serif;\">Ajuda a retardar a queda de cabelo.</span><br /><span style=\"font-family:Arial, sans-serif;font-size:8pt;\"> </span><br /><span style=\"font-family:Arial, sans-serif;\">35ml.</span></p>', 'science-7-de-luxe-essential-oils', '', '', '', 'SCIENCE-7 de LUXE ESSENTIAL OILS', '', '', '', ''),
(18, 1, 1, '<p class=\"MsoNormal\"><b><span style=\"font-family:Arial, sans-serif;\">EYELASH WONDER SERUM</span></b><span style=\"font-family:Arial, sans-serif;\"> é formulado com Myristoyl Pentapeptide-17, um ácido graxo com uma longa cadeia de peptídeos, que estimula os genes da queratina, o crescimento celular e a secreção de fatores de crescimento para obter pestanhas com melhor aparência e volume. Ajuda a alongar, fortalecer e aumentar a espessura das pestanas. Com aplicação diária os resultados são visíveis após 2 a 4 semanas.</span></p>', '<p><span style=\"font-family:Arial, sans-serif;\">Sérum formulado para ajudar a promover o crescimento natural das pestanas, fortalece e redensifica.</span><br /><span style=\"font-family:Arial, sans-serif;\">Alonga as pestanas.</span><br /><span style=\"font-family:Arial, sans-serif;\">Pestanas mais fortes.</span><br /><span style=\"font-family:Arial, sans-serif;\">Ativa o crescimento de novas pestanas.</span><br /><span style=\"font-family:Arial, sans-serif;font-size:8pt;\"> </span><br /><span style=\"font-family:Arial, sans-serif;\">4ml.</span></p>', 'eyelash-wonder-serum', '', '', '', 'EYELASH WONDER SERUM', '', '', '', ''),
(19, 1, 1, '<p class=\"MsoNormal\"><b><span style=\"font-family:Arial, sans-serif;\">DIXIDOX DE LUXE KERATIN TREATMENT SHAMPOO</span></b><span style=\"font-family:Arial, sans-serif;\"> contém uma alta concentração de ingredientes estimulantes do crescimento do cabelo, como cafeína, extrato de placenta, geleia real, extratos vegetais, adenosina encapsulada em nanolipossomas, ingredientes vasodilatadores como capsaicina e ingredientes para restaurar cabelos danificados como queratina hidrolisada, colágeno hidrolisado e vitaminas. Após o tratamento, o cabelo recupera o brilho, a força e o volume.</span></p>', '<p><span style=\"font-family:Arial, sans-serif;\">Champô de dupla ação que ajuda a estimular a microcirculação do couro cabeludo e melhora a estrutura do cabelo.</span><br /><span style=\"font-family:Arial, sans-serif;\">Ajuda a reduzir a queda de cabelo.</span><br /><span style=\"font-family:Arial, sans-serif;\">Promove a circulação sanguínea no couro cabeludo.</span><br /><span style=\"font-family:Arial, sans-serif;\">Reestrutura, nutre e fortalece o cabelo.</span><br /><span style=\"font-family:Arial, sans-serif;\">Indicado para cabelos frágeis e danificados.</span><br /><span style=\"font-family:Arial, sans-serif;font-size:8pt;\"> </span><br /><span style=\"font-family:Arial, sans-serif;\">200ml.</span></p>', 'dixidox-de-luxe-keratin-treatment-shampoo', '', '', '', 'DIXIDOX de LUXE KERATIN TREATMENT SHAMPOO', '', '', '', ''),
(20, 1, 1, '<p class=\"MsoNormal\"><b><span style=\"font-family:Arial, sans-serif;\">DIXIDOX DE LUXE KERATIN TREATMENT SHAMPOO</span></b><span style=\"font-family:Arial, sans-serif;\"> contém uma alta concentração de ingredientes estimulantes do crescimento do cabelo, como cafeína, extrato de placenta, geleia real, extratos vegetais, adenosina encapsulada em nanolipossomas, ingredientes vasodilatadores como capsaicina e ingredientes para restaurar cabelos danificados como queratina hidrolisada, colágeno hidrolisado e vitaminas. Após o tratamento, o cabelo recupera o brilho, a força e o volume.</span></p>', '<p><span style=\"font-family:Arial, sans-serif;\">Champô de dupla ação que ajuda a estimular a microcirculação do couro cabeludo e melhora a estrutura do cabelo.</span><br /><span style=\"font-family:Arial, sans-serif;\">Ajuda a reduzir a queda de cabelo.</span><br /><span style=\"font-family:Arial, sans-serif;\">Promove a circulação sanguínea no couro cabeludo.</span><br /><span style=\"font-family:Arial, sans-serif;\">Reestrutura, nutre e fortalece o cabelo.</span><br /><span style=\"font-family:Arial, sans-serif;\">Indicado para cabelos frágeis e danificados.</span><br /><span style=\"font-family:Arial, sans-serif;font-size:8pt;\"> </span><br /><span style=\"font-family:Arial, sans-serif;\">500ml.</span></p>', 'dixidox-de-luxe-keratin-treatment-shampoo', '', '', '', 'DIXIDOX de LUXE KERATIN TREATMENT SHAMPOO', '', '', '', ''),
(21, 1, 1, '<p class=\"MsoNormal\"><b><span style=\"font-family:Arial, sans-serif;\">DIXIDOX DE LUXE KERATIN TREATMENT SHAMPOO</span></b><span style=\"font-family:Arial, sans-serif;\"> contém uma alta concentração de ingredientes estimulantes do crescimento do cabelo, como cafeína, extrato de placenta, geleia real, extratos vegetais, adenosina encapsulada em nanolipossomas, ingredientes vasodilatadores como capsaicina e ingredientes para restaurar cabelos danificados como queratina hidrolisada, colágeno hidrolisado e vitaminas. Após o tratamento, o cabelo recupera o brilho, a força e o volume.</span></p>', '<p class=\"MsoNormal\"><span style=\"font-family:Arial, sans-serif;\">Champô de dupla ação que ajuda a estimular a microcirculação do couro cabeludo e melhora a estrutura do cabelo.</span><br /><span style=\"font-family:Arial, sans-serif;\">Ajuda a reduzir a queda de cabelo.</span><br /><span style=\"font-family:Arial, sans-serif;\">Promove a circulação sanguínea no couro cabeludo.</span><br /><span style=\"font-family:Arial, sans-serif;\">Reestrutura, nutre e fortalece o cabelo.</span><br /><span style=\"font-family:Arial, sans-serif;\">Indicado para cabelos frágeis e danificados.</span><br /><span style=\"font-family:Arial, sans-serif;font-size:8pt;\"> </span><br /><span style=\"font-family:Arial, sans-serif;\">50ml.</span></p>', 'dixidox-de-luxe-keratin-treatment-shampoo', '', '', '', 'DIXIDOX de LUXE KERATIN TREATMENT SHAMPOO', '', '', '', ''),
(22, 1, 1, '<p><b><span style=\"font-size:8pt;font-family:Arial, sans-serif;\">DIXIDOX DE LUXE VIOLET SHAMPOO</span></b><span style=\"font-size:8pt;font-family:Arial, sans-serif;\"> é enriquecido com extrato de placenta, betaína, extrato de algodão orgânico e vitaminas do grupo B, mantém os cabelos hidratados e auxilia na redução da queda de cabelo. O pigmento violeta neutraliza os reflexos amarelos. Contém proteção contra os raios UV. Ideal para cabelos brancos, loiros, madeixas e pintados. Ajuda a prevenir e controlar o frizz e o efeito eletrostático. O cabelo recupera suavidade, elasticidade e brilho.</span></p>', '<p><span style=\"font-family:Arial, sans-serif;\">Champô especialmente formulado para atenuar os tons amarelos em cabelos brancos, grisalhos e loiros.</span><br /><span style=\"font-family:Arial, sans-serif;\">Ajuda a reduzir a queda de cabelo.</span><br /><span style=\"font-family:Arial, sans-serif;\">Proporciona hidratação, suavidade e brilho.</span><br /><span style=\"font-family:Arial, sans-serif;\">Indicado para cabelos brancos, grisalhos e loiros.</span><br /><span style=\"font-family:Arial, sans-serif;font-size:8pt;\"> </span><br /><span style=\"font-family:Arial, sans-serif;\">500ml.</span></p>', 'dixidox-de-luxe-violet-shampoo', '', '', '', 'DIXIDOX DE LUXE VIOLET SHAMPOO', '', '', '', ''),
(23, 1, 1, '<p class=\"MsoNormal\"><b><span style=\"font-family:Arial, sans-serif;\">DIXIDOX DE LUXE TRIPLE ACTION CONDITIONER </span></b><span style=\"font-family:Arial, sans-serif;\">é elaborado com uma fórmula à base de manteiga de karité, colágeno hidrolisado, queratina, aloé vera e uma alta concentração de pantenol, ajuda a fortalecer e a reestruturar a fibra capilar. Como ingredientes estimuladores do crescimento do cabelo, contém um complexo proteico-mineral, oligoelementos como zinco, ferro, silício e magnésio e um complexo multivitamínico que inclui antioxidantes, estimulantes como vitaminas A, C, E, PP, riboflavina, biotina, inositol, tiamina, piridoxina e nicotinamida. Também contém extrato de Sabal com propriedades anti androgénicas. Indicado para cabelos frágeis e danificados. O resultado é um cabelo brilhante, macio e mais manejável, facilitando o penteado.</span></p>', '<p><span style=\"font-family:Arial, sans-serif;\">Tratamento condicionador que repara, nutre e protege o cabelo ao mesmo tempo que ajuda a estimular o seu crescimento.</span><br /><span style=\"font-family:Arial, sans-serif;\">Melhora e regenera a estrutura do cabelo.</span><br /><span style=\"font-family:Arial, sans-serif;\">Estimula o crescimento do cabelo.</span><br /><span style=\"font-family:Arial, sans-serif;\">Calmante do couro cabeludo.</span><br /><span style=\"font-family:Arial, sans-serif;\">Fornece elasticidade e suavidade sem pesar.</span><br /><span style=\"font-family:Arial, sans-serif;\">Indicado para cabelos danificados e quebradiços.</span><br /><span style=\"font-family:Arial, sans-serif;font-size:8pt;\"> </span><br /><span style=\"font-family:Arial, sans-serif;font-size:8pt;\"> </span><br /><span style=\"font-family:Arial, sans-serif;\">200ml.</span></p>', 'dixidox-de-luxe-triple-action-conditioner', '', '', '', 'DIXIDOX de LUXE TRIPLE ACTION CONDITIONER', '', '', '', ''),
(24, 1, 1, '<p class=\"MsoNormal\"><b><span style=\"font-family:Arial, sans-serif;\">DIXIDOX DE LUXE TRIPLE ACTION CONDITIONER </span></b><span style=\"font-family:Arial, sans-serif;\">é elaborado com uma fórmula à base de manteiga de karité, colágeno hidrolisado, queratina, aloé vera e uma alta concentração de pantenol, ajuda a fortalecer e a reestruturar a fibra capilar. Como ingredientes estimuladores do crescimento do cabelo, contém um complexo proteico-mineral, oligoelementos como zinco, ferro, silício e magnésio e um complexo multivitamínico que inclui antioxidantes, estimulantes como vitaminas A, C, E, PP, riboflavina, biotina, inositol, tiamina, piridoxina e nicotinamida. Também contém extrato de Sabal com propriedades anti androgénicas. Indicado para cabelos frágeis e danificados. O resultado é um cabelo brilhante, macio e mais manejável, facilitando o penteado.</span></p>', '<p><span style=\"font-family:Arial, sans-serif;\">Tratamento condicionador que repara, nutre e protege o cabelo ao mesmo tempo que ajuda a estimular o seu crescimento.</span><br /><span style=\"font-family:Arial, sans-serif;\">Melhora e regenera a estrutura do cabelo.</span><br /><span style=\"font-family:Arial, sans-serif;\">Estimula o crescimento do cabelo.</span><br /><span style=\"font-family:Arial, sans-serif;\">Calmante do couro cabeludo.</span><br /><span style=\"font-family:Arial, sans-serif;\">Fornece elasticidade e suavidade sem pesar.</span><br /><span style=\"font-family:Arial, sans-serif;\">Indicado para cabelos danificados e quebradiços.</span><br /><span style=\"font-family:Arial, sans-serif;font-size:8pt;\"> </span><br /><span style=\"font-family:Arial, sans-serif;font-size:5pt;\"> </span><br /><span style=\"font-family:Arial, sans-serif;\">500ml.</span></p>', 'dixidox-de-luxe-triple-action-conditioner', '', '', '', 'DIXIDOX de LUXE TRIPLE ACTION CONDITIONER', 'Em Stock', 'Em Stock', '', ''),
(25, 1, 1, '<p><b><span style=\"font-size:8pt;font-family:Arial, sans-serif;\">DIXIDOX DE LUXE KERATIN TREATMENT MASK </span></b><span style=\"font-size:8pt;font-family:Arial, sans-serif;\">contém uma alta concentração de ingredientes que auxiliam na estimulação do crescimento capilar, como cafeína, extrato de levedura,  adenosina encapsulada em nanolipossomas e capsaicina com atividade vasodilatadora. A sua alta concentração em queratina hidrolisada, colágeno hidrolisado e vitaminas proporciona uma rápida recuperação da estrutura danificada do cabelo. Após o tratamento, o cabelo recupera o brilho, força e volume.</span></p>', '<p><span style=\"font-family:Arial, sans-serif;\">Máscara de dupla ação que ajuda a estimular a microcirculação do couro cabeludo e melhora a estrutura do cabelos.</span><br /><span style=\"font-family:Arial, sans-serif;\">Nutre e regenera a estrutura do cabelo.</span><br /><span style=\"font-family:Arial, sans-serif;\">Estimula a microcirculação e tonifica o couro cabeludo.</span><br /><span style=\"font-family:Arial, sans-serif;\">Cabelo recupera força, brilho e volume.</span><br /><span style=\"font-family:Arial, sans-serif;\">Indicado para cabelos danificados e quebradiços.</span><br /><span style=\"font-family:Arial, sans-serif;font-size:8pt;\"> </span><br /><span style=\"font-family:Arial, sans-serif;\">200ml.</span></p>', 'dixidox-de-luxe-keratin-treatment-mask', '', '', '', 'DIXIDOX de LUXE KERATIN TREATMENT MASK', '', '', '', ''),
(26, 1, 1, '<p class=\"MsoNormal\"><b><span style=\"font-family:Arial, sans-serif;\">DIXIDOX DE LUXE KERATIN TREATMENT MASK </span></b><span style=\"font-family:Arial, sans-serif;\">contém uma alta concentração de ingredientes que auxiliam na estimulação do crescimento capilar, como cafeína, extrato de levedura,  adenosina encapsulada em nanolipossomas e capsaicina com atividade vasodilatadora. A sua alta concentração em queratina hidrolisada, colágeno hidrolisado e vitaminas proporciona uma rápida recuperação da estrutura danificada do cabelo. Após o tratamento, o cabelo recupera o brilho, força e volume.</span></p>', '<p><span style=\"font-family:Arial, sans-serif;\">Máscara de dupla ação que ajuda a estimular a microcirculação do couro cabeludo e melhora a estrutura do cabelos.</span><br /><span style=\"font-family:Arial, sans-serif;\">Nutre e regenera a estrutura do cabelo.</span><br /><span style=\"font-family:Arial, sans-serif;\">Estimula a microcirculação e tonifica o couro cabeludo.</span><br /><span style=\"font-family:Arial, sans-serif;\">Cabelo recupera força, brilho e volume.</span><br /><span style=\"font-family:Arial, sans-serif;\">Indicado para cabelos danificados e quebradiços.</span><br /><span style=\"font-family:Arial, sans-serif;font-size:8pt;\"> </span><br /><span style=\"font-family:Arial, sans-serif;\">500ml.</span></p>', 'dixidox-de-luxe-keratin-treatment-mask', '', '', '', 'DIXIDOX de LUXE KERATIN TREATMENT MASK', '', '', '', ''),
(27, 1, 1, '<p class=\"MsoNormal\"><b><span style=\"font-family:Arial, sans-serif;\">DIXIDOX DE LUXE KERATIN TREATMENT MASK </span></b><span style=\"font-family:Arial, sans-serif;\">contém uma alta concentração de ingredientes que auxiliam na estimulação do crescimento capilar, como cafeína, extrato de levedura,  adenosina encapsulada em nanolipossomas e capsaicina com atividade vasodilatadora. A sua alta concentração em queratina hidrolisada, colágeno hidrolisado e vitaminas proporciona uma rápida recuperação da estrutura danificada do cabelo. Após o tratamento, o cabelo recupera o brilho, força e volume.</span></p>', '<p class=\"MsoNormal\"><span style=\"font-family:Arial, sans-serif;\">Máscara de dupla ação que ajuda a estimular a microcirculação do couro cabeludo e melhora a estrutura do cabelos.</span><br /><span style=\"font-family:Arial, sans-serif;\">Nutre e regenera a estrutura do cabelo.</span><br /><span style=\"font-family:Arial, sans-serif;\">Estimula a microcirculação e tonifica o couro cabeludo.</span><br /><span style=\"font-family:Arial, sans-serif;\">Cabelo recupera força, brilho e volume.</span><br /><span style=\"font-family:Arial, sans-serif;\">Indicado para cabelos danificados e quebradiços.</span><br /><span style=\"font-family:Arial, sans-serif;font-size:8pt;\"> </span><br /><span style=\"font-family:Arial, sans-serif;\">50ml.</span></p>', 'dixidox-de-luxe-keratin-treatment-mask', '', '', '', 'DIXIDOX de LUXE KERATIN TREATMENT MASK', '', '', '', ''),
(28, 1, 1, '<p class=\"MsoNormal\"><b><span style=\"font-family:Arial, sans-serif;\">DIXIDOX DE LUXE KERATIN TREATMENT LOTION </span></b><span style=\"font-family:Arial, sans-serif;\">contém uma alta concentração de ingredientes que ajudam a estimular o crescimento do cabelo, tais como; cafeína, proteína de placenta, extrato de levedura e capsaicina com atividade vasodilatadora. A sua alta concentração de queratina hidrolisada, colágeno hidrolisado e vitaminas proporcionam uma rápida recuperação da estrutura danificada do cabelo. Após o tratamento, o cabelo recupera o brilho, a força e o volume.</span></p>', '<p><span style=\"font-family:Arial, sans-serif;\">Loção de dupla ação que ajuda a estimular a microcirculação do couro cabeludo e melhora a estrutura do cabelo.</span><br /><span style=\"font-family:Arial, sans-serif;\">Ativa a microcirculação e nutrição do cabelo.</span><br /><span style=\"font-family:Arial, sans-serif;\">Melhora a estrutura e aumenta a espessura do cabelo.</span><br /><span style=\"font-family:Arial, sans-serif;\">Reforça eficazmente a queratina no cabelo desde a raiz.</span><br /><span style=\"font-family:Arial, sans-serif;\">Propriedades anti sépticas e sebo reguladoras.</span><br /><span style=\"font-family:Arial, sans-serif;\">Indicada para fortalecer cabelos finos com tendência a rutura.</span><br /><span style=\"font-family:Arial, sans-serif;font-size:8pt;\"> </span><br /><span style=\"font-family:Arial, sans-serif;\">10 ampolas x 10ml.</span></p>', 'dixidox-de-luxe-keratinn-treatment-lotion', '', '', '', 'DIXIDOX de LUXE KERATINN TREATMENT LOTION', '', '', '', ''),
(29, 1, 1, '<p class=\"MsoNormal\"><b><span style=\"font-family:Arial, sans-serif;\">ROYAL JELLY + GREEN O2 DE LUXE LOTION</span></b><span style=\"font-family:Arial, sans-serif;\"> contém geleia real, rica em vitaminas E, A, B1, B2, B3 e B6, niacina, ácido pantoténico, biotina, inositol, oligoelementos, sais minerais, aminoácidos e proteínas que ajudam a nutrir em profundidade o bulbo capilar. Os princípios ativos vegetais, fonte de peptídeos, aminoácidos e sais minerais, garantem o fornecimento direto de nutrientes essenciais à célula, estimulando o consumo de oxigênio e reativando o metabolismo celular. O cabelo fica assim fortalecido desde a base, melhorando a resistência e oferecendo uma aparência mais saudável aos cabelos opacos e stressados.</span></p>', '<p><span style=\"font-family:Arial, sans-serif;\">Loção capilar à base de geleia real, queratina e ingredientes ativos vegetais de soja que ajudam a prevenir a queda de cabelo.</span><br /><span style=\"font-family:Arial, sans-serif;\">Estimulam o crescimento de cabelo saudável ​​e vigoroso.</span><br /><span style=\"font-family:Arial, sans-serif;\">Reduz a perda de cabelo.</span><br /><span style=\"font-family:Arial, sans-serif;\">Promove o seu crescimento.</span><br /><span style=\"font-family:Arial, sans-serif;\">Contribuição importante de nutrientes para o bulbo capilar.</span><br /><span style=\"font-family:Arial, sans-serif;\">Reequilibra o couro cabeludo.</span><br /><span style=\"font-family:Arial, sans-serif;\">Fortalece o cabelo, melhorando a resistência a cabelos opacos e stressados.</span><br /><span style=\"font-family:Arial, sans-serif;\">Indicado em cabelos anémicos.</span><br /><span style=\"font-family:Arial, sans-serif;font-size:8pt;\"> </span><br /><span style=\"font-family:Arial, sans-serif;\">150ml.</span></p>', 'royal-jelly-green-o2-de-luxe-lotion', '', '', '', 'ROYAL JELLY + GREEN O2 de LUXE LOTION', '', '', '', ''),
(30, 1, 1, '<p><b><span style=\"font-size:8pt;font-family:Arial, sans-serif;\">DIXIDOX DE LUXE KERATIN TREATMENT SERUM</span></b><span style=\"font-size:8pt;font-family:Arial, sans-serif;\"> contém uma alta concentração de extrato de chá verde, que ajuda a estimular a atividade celular da papila dérmica e a promover o crescimento do cabelo. As isoflavonas de soja, em combinação com um complexo de vitaminas e minerais, ajudam a prolongar a fase de crescimento do cabelo. A queratina hidrolisada promove a recuperação do cabelo danificado. A adenosina estimula a síntese de ADN e tem excelentes propriedades hidratantes. Após a aplicação do sérum, o cabelo obterá brilho, força e volume, além de ser facilmente penteavel. Aplicado no couro cabeludo, tem efeito calmante.</span></p>', '<p><span style=\"font-family:Arial, sans-serif;\">Sérum de tratamento de dupla ação que ajuda a estimular o crescimento do cabelo e melhora a sua estrutura.</span><br /><span style=\"font-family:Arial, sans-serif;\">Propriedades antioxidantes, anti-inflamatórias e adstringentes.</span><br /><span style=\"font-family:Arial, sans-serif;\">Reestrutura a fibra capilar em cabelos secos e danificados.</span><br /><span style=\"font-family:Arial, sans-serif;\">Cuidado intensivo com textura não gordurosa.</span><br /><span style=\"font-family:Arial, sans-serif;\">Obtendo força, brilho e volume.</span><br /><span style=\"font-family:Arial, sans-serif;font-size:8pt;\"> </span><br /><span style=\"font-family:Arial, sans-serif;\">200ml.</span></p>', 'dixidox-de-luxe-keratin-treatment-serum', '', '', '', 'DIXIDOX de LUXE KERATIN TREATMENT SERUM', '', '', '', ''),
(31, 1, 1, '<p><b><span style=\"font-size:8pt;font-family:Arial, sans-serif;\">DIXIDOX DE LUXE KERATIN TREATMENT SERUM</span></b><span style=\"font-size:8pt;font-family:Arial, sans-serif;\"> contém uma alta concentração de extrato de chá verde, que ajuda a estimular a atividade celular da papila dérmica e a promover o crescimento do cabelo. As isoflavonas de soja, em combinação com um complexo de vitaminas e minerais, ajudam a prolongar a fase de crescimento do cabelo. A queratina hidrolisada promove a recuperação do cabelo danificado. A adenosina estimula a síntese de ADN e tem excelentes propriedades hidratantes. Após a aplicação do sérum, o cabelo obterá brilho, força e volume, além de ser facilmente penteavel. Aplicado no couro cabeludo, tem efeito calmante.</span></p>', '<p class=\"MsoNormal\"><span style=\"font-family:Arial, sans-serif;\">Sérum de tratamento de dupla ação que ajuda a estimular o crescimento do cabelo e melhora a sua estrutura.</span><br /><span style=\"font-family:Arial, sans-serif;\">Propriedades antioxidantes, anti-inflamatórias e adstringentes.</span><br /><span style=\"font-family:Arial, sans-serif;\">Reestrutura a fibra capilar em cabelos secos e danificados.</span><br /><span style=\"font-family:Arial, sans-serif;\">Cuidado intensivo com textura não gordurosa.</span><br /><span style=\"font-family:Arial, sans-serif;\">Obtendo força, brilho e volume.</span><br /><span style=\"font-family:Arial, sans-serif;font-size:8pt;\"> </span><br /><span style=\"font-family:Arial, sans-serif;\">50ml.</span></p>', 'dixidox-de-luxe-keratin-treatment-serum', '', '', '', 'DIXIDOX de LUXE KERATIN TREATMENT SERUM', '', '', '', ''),
(32, 1, 1, '<p><b><span style=\"font-size:8pt;font-family:Arial, sans-serif;\">DIXIDOX DE LUXE STEEL AND SILK TREATMENT SHAMPOO </span></b><span style=\"font-size:8pt;font-family:Arial, sans-serif;\">restaura a estrutura do cabelo danificado pela influência de fatores externos: ambientais, térmicos, químicos incluindo coloração, exposição excessiva ao sol, etc. As altas concentrações de componentes reestruturantes, como fosfolipídios, esfingolipídios, extrato de orquídea, colágeno hidrolisado, queratina hidrolisada, seda hidrolisada, extrato de geleia real, vitaminas e extrato de plâncton, permitem restaurar a estrutura do cabelo ao nível da cutícula e das fibrilas da queratina da camada cortical. Após o uso do champô, os cabelos adquirem um volume extra, mais hidratação, elasticidade e brilho. Aspeto saudável e radiante.</span></p>', '<p><span style=\"font-family:Arial, sans-serif;\">Champô que ajuda a restaurar a estrutura do cabelo danificado pela influência de fatores externos.</span><br /><span style=\"font-family:Arial, sans-serif;\">Normaliza o couro cabeludo.</span><br /><span style=\"font-family:Arial, sans-serif;\">Ajuda a reparar e restabelecer a coesão das escamas do cabelo.</span><br /><span style=\"font-family:Arial, sans-serif;\">Protege os cabelos de possíveis agressões externas.</span><br /><span style=\"font-family:Arial, sans-serif;\">Obtém-se hidratação, elasticidade e brilho.</span><br /><span style=\"font-family:Arial, sans-serif;\">Indicado para cabelos frágeis e danificados.</span><br /><span style=\"font-family:Arial, sans-serif;font-size:8pt;\"> </span><br /><span style=\"font-family:Arial, sans-serif;\">200ml.</span></p>', 'dixidox-de-luxe-steel-and-silk-treatment-shampoo', '', '', '', 'DIXIDOX DE LUXE STEEL AND SILK TREATMENT SHAMPOO', '', '', '', ''),
(33, 1, 1, '<p class=\"MsoNormal\"><b><span style=\"font-family:Arial, sans-serif;\">DIXIDOX DE LUXE STEEL AND SILK TREATMENT SHAMPOO </span></b><span style=\"font-family:Arial, sans-serif;\">restaura a estrutura do cabelo danificado pela influência de fatores externos: ambientais, térmicos, químicos incluindo coloração, exposição excessiva ao sol, etc. As altas concentrações de componentes reestruturantes, como fosfolipídios, esfingolipídios, extrato de orquídea, colágeno hidrolisado, queratina hidrolisada, seda hidrolisada, extrato de geleia real, vitaminas e extrato de plâncton, permitem restaurar a estrutura do cabelo ao nível da cutícula e das fibrilas da queratina da camada cortical. Após o uso do champô, os cabelos adquirem um volume extra, mais hidratação, elasticidade e brilho. Aspeto saudável e radiante.</span></p>', '<p><span style=\"font-family:Arial, sans-serif;\">Champô que ajuda a restaurar a estrutura do cabelo danificado pela influência de fatores externos.</span><br /><span style=\"font-family:Arial, sans-serif;\">Normaliza o couro cabeludo.</span><br /><span style=\"font-family:Arial, sans-serif;\">Ajuda a reparar e restabelecer a coesão das escamas do cabelo.</span><br /><span style=\"font-family:Arial, sans-serif;\">Protege os cabelos de possíveis agressões externas.</span><br /><span style=\"font-family:Arial, sans-serif;\">Obtém-se hidratação, elasticidade e brilho.</span><br /><span style=\"font-family:Arial, sans-serif;\">Indicado para cabelos frágeis e danificados.</span><br /><span style=\"font-family:Arial, sans-serif;font-size:8pt;\"> </span><br /><span style=\"font-family:Arial, sans-serif;\">500ml.</span></p>', 'dixidox-de-luxe-steel-and-silk-treatment-shampoo', '', '', '', 'DIXIDOX DE LUXE STEEL AND SILK TREATMENT SHAMPOO', '', '', '', '');
INSERT INTO `ps_product_lang` (`id_product`, `id_shop`, `id_lang`, `description`, `description_short`, `link_rewrite`, `meta_description`, `meta_keywords`, `meta_title`, `name`, `available_now`, `available_later`, `delivery_in_stock`, `delivery_out_stock`) VALUES
(34, 1, 1, '<p class=\"MsoNormal\"><b><span style=\"font-family:Arial, sans-serif;\">BOTOX LIKE HAIR THERAPY DE LUXE SHAMPOO </span></b><span style=\"font-family:Arial, sans-serif;\">limpa e hidrata profundamente o couro cabeludo e o cabelo. Indicado para cabelos quebradiços, secos e danificados pela exposição a fatores externos ambientais, térmicos e / ou químicos. Ajuda a proteger a cutícula do cabelo melhorando sua aparência. Controla o frizz proporcionando maior elasticidade, suavidade e brilho.</span></p>', '<p><span style=\"font-family:Arial, sans-serif;\">Champô a base de ácido hialurónico de diferentes pesos moleculares, Pantenol, seda hidrolisada e extrato de mel.</span><br /><span style=\"font-family:Arial, sans-serif;\">Hidrata profundamente o couro cabeludo e o cabelo.</span><br /><span style=\"font-family:Arial, sans-serif;\">Reduz o frizz.</span><br /><span style=\"font-family:Arial, sans-serif;\">Proporciona elasticidade, suavidade e brilho.</span><br /><span style=\"font-family:Arial, sans-serif;\">Indicado para cabelos secos, quebradiços e danificados.</span><br /><span style=\"font-family:Arial, sans-serif;font-size:8pt;\"> </span><br /><span style=\"font-family:Arial, sans-serif;\">200ml.</span></p>', 'botox-like-hair-therapy-de-luxe-shampoo', '', '', '', 'BOTOX LIKE HAIR THERAPY DE LUXE SHAMPOO', '', '', '', ''),
(35, 1, 1, '<p class=\"MsoNormal\"><b><span style=\"font-family:Arial, sans-serif;\">BOTOX LIKE HAIR THERAPY DE LUXE SHAMPOO </span></b><span style=\"font-family:Arial, sans-serif;\">limpa e hidrata profundamente o couro cabeludo e o cabelo. Indicado para cabelos quebradiços, secos e danificados pela exposição a fatores externos ambientais, térmicos e / ou químicos. Ajuda a proteger a cutícula do cabelo melhorando sua aparência. Controla o frizz proporcionando maior elasticidade, suavidade e brilho.</span></p>', '<p><span style=\"font-family:Arial, sans-serif;\">Champô a base de ácido hialurónico de diferentes pesos moleculares, Pantenol, seda hidrolisada e extrato de mel.</span><br /><span style=\"font-family:Arial, sans-serif;\">Hidrata profundamente o couro cabeludo e o cabelo.</span><br /><span style=\"font-family:Arial, sans-serif;\">Reduz o frizz.</span><br /><span style=\"font-family:Arial, sans-serif;\">Proporciona elasticidade, suavidade e brilho.</span><br /><span style=\"font-family:Arial, sans-serif;\">Indicado para cabelos secos, quebradiços e danificados.</span><br /><span style=\"font-family:Arial, sans-serif;font-size:8pt;\"> </span><br /><span style=\"font-family:Arial, sans-serif;\">500ml.</span></p>', 'botox-like-hair-therapy-de-luxe-shampoo', '', '', '', 'BOTOX LIKE HAIR THERAPY DE LUXE SHAMPOO', '', '', '', ''),
(36, 1, 1, '<p class=\"MsoNormal\"><b><span style=\"font-family:Arial, sans-serif;\">DIXIDOX DE LUXE STEEL AND SILK TREATMENT BALSAM</span></b><span style=\"font-family:Arial, sans-serif;\"> restaura a estrutura do cabelo danificado pela influência de fatores externos: ambientais, térmicos, químicos (coloração), exposição excessiva ao sol, etc. As altas concentrações de componentes reestruturantes como fosfolipídios, esfingolipídios, extrato de orquídea e colágeno hidrolisado permitem restaurar a estrutura do cabelo ao nível da cutícula e das fibrilas de queratina da camada cortical. Após a aplicação do bálsamo, o cabelo adquire um volume extra, hidratação, elasticidade e brilho.</span></p>', '<p><span style=\"font-family:Arial, sans-serif;\">Ajuda a restaurar a estrutura do cabelo danificado pela influência de fatores externos.</span><br /><span style=\"font-family:Arial, sans-serif;\">Ajuda a reestruturar a cutícula.</span><br /><span style=\"font-family:Arial, sans-serif;\">Tem efeito anti-frizz.</span><br /><span style=\"font-family:Arial, sans-serif;\">Atua como protetor solar.</span><br /><span style=\"font-family:Arial, sans-serif;\">Consegue brilho e hidratação.</span><br /><span style=\"font-family:Arial, sans-serif;font-size:8pt;\"> </span><br /><span style=\"font-family:Arial, sans-serif;\">200ml.</span></p>', 'dixidox-de-luxe-steel-and-silk-treatment-balsam', '', '', '', 'DIXIDOX DE LUXE STEEL AND SILK TREATMENT BALSAM', '', '', '', ''),
(37, 1, 1, '<p class=\"MsoNormal\"><b><span style=\"font-family:Arial, sans-serif;\">BOTOX LIKE HAIR THERAPY DE LUXE BALSAM</span></b><span style=\"font-family:Arial, sans-serif;\"> contém extrato de Castanea Sativa, que nutre, ajuda a reparar e a manter a hidratação do cabelo quando submetido a vários tratamentos térmicos e / ou químicos. Indicado para todos os tipos de cabelos principalmente para os mais desidratados, castigados, fracos, crespos e com pontas duplas. Hidrata profundamente e atua como termoprotetor. Facilita o pentear de cabelo molhado. Proporciona suavidade, elasticidade e brilho obtendo um cabelos com aparência mais saudável.</span></p>', '<p><span style=\"font-family:Arial, sans-serif;\">Bálsamo à base de ácido hialurónico de diferentes pesos moleculares, seda hidrolisada, pantenol e extrato de Castanea Sativa de origem ecológica.</span><br /><span style=\"font-family:Arial, sans-serif;\">Ajuda a reparar e a manter a hidratação do cabelo.</span><br /><span style=\"font-family:Arial, sans-serif;\">Atua como um termoprotetor.</span><br /><span style=\"font-family:Arial, sans-serif;\">Facilita pentear o cabelo molhado.</span><br /><span style=\"font-family:Arial, sans-serif;\">Proporciona suavidade, elasticidade e brilho.</span><br /><span style=\"font-family:Arial, sans-serif;\">Indicado em cabelos desidratados, castigados e débeis.</span><br /><span style=\"font-family:Arial, sans-serif;font-size:8pt;\"> </span><br /><span style=\"font-family:Arial, sans-serif;\">150ml.</span></p>', 'botox-like-hair-therapy-de-luxe-balsam', '', '', '', 'BOTOX LIKE HAIR THERAPY DE LUXE BALSAM', '', '', '', ''),
(38, 1, 1, '<p class=\"MsoNormal\"><b><span style=\"font-family:Arial, sans-serif;\">DIXIDOX DE LUXE STEEL AND SILK TREATMENT MASK</span></b><span style=\"font-family:Arial, sans-serif;\"> restaura a estrutura do cabelo danificada por fatores externos: ambientais, térmicos, químicos incluindo a coloração do cabelo, exposição excessiva ao sol, etc. As altas concentrações de componentes de reestruturação como fosfolipídios, esfingolipídios, extrato de orquídea, queratina hidrolisada, seda hidrolisada, extrato de levedura e vitaminas permitem que a estrutura do cabelo seja restaurada na cutícula e nas fibrilas de queratina da camada cortical. Após o uso da máscara, o cabelo adquire volume extra, hidratação, brilho, com aspeto saudável e brilhante.</span></p>', '<p><span style=\"font-family:Arial, sans-serif;\">Máscara que restaura a estrutura do cabelos danificado por fatores externos.</span><br /><span style=\"font-family:Arial, sans-serif;\">Restaura a fibra capilar ao nível da cutícula e do córtex em cabelos severamente danificados.</span><br /><span style=\"font-family:Arial, sans-serif;\">Protege os cabelos de possíveis agressões externas.</span><br /><span style=\"font-family:Arial, sans-serif;\">Aumenta a flexibilidade e resistência do cabelo.</span><br /><span style=\"font-family:Arial, sans-serif;\">Proporciona hidratação adicional.</span><br /><span style=\"font-family:Arial, sans-serif;\">Proporciona volume, suavidade e brilho.</span><br /><span style=\"font-family:Arial, sans-serif;font-size:8pt;\"> </span><br /><span style=\"font-family:Arial, sans-serif;\">200ml.</span></p>', 'dixidox-de-luxe-steel-and-silk-treatment-mask', '', '', '', 'DIXIDOX DE LUXE STEEL AND SILK TREATMENT MASK', '', '', '', ''),
(39, 1, 1, '<p class=\"MsoNormal\"><b><span style=\"font-family:Arial, sans-serif;\">DIXIDOX DE LUXE STEEL AND SILK TREATMENT MASK</span></b><span style=\"font-family:Arial, sans-serif;\"> restaura a estrutura do cabelo danificada por fatores externos: ambientais, térmicos, químicos incluindo a coloração do cabelo, exposição excessiva ao sol, etc. As altas concentrações de componentes de reestruturação como fosfolipídios, esfingolipídios, extrato de orquídea, queratina hidrolisada, seda hidrolisada, extrato de levedura e vitaminas permitem que a estrutura do cabelo seja restaurada na cutícula e nas fibrilas de queratina da camada cortical. Após o uso da máscara, o cabelo adquire volume extra, hidratação, brilho, com aspeto saudável e brilhante.</span></p>', '<p><span style=\"font-family:Arial, sans-serif;\">Máscara que restaura a estrutura do cabelos danificado por fatores externos.</span><br /><span style=\"font-family:Arial, sans-serif;\">Restaura a fibra capilar ao nível da cutícula e do córtex em cabelos severamente danificados.</span><br /><span style=\"font-family:Arial, sans-serif;\">Protege os cabelos de possíveis agressões externas.</span><br /><span style=\"font-family:Arial, sans-serif;\">Aumenta a flexibilidade e resistência do cabelo.</span><br /><span style=\"font-family:Arial, sans-serif;\">Proporciona hidratação adicional.</span><br /><span style=\"font-family:Arial, sans-serif;\">Proporciona volume, suavidade e brilho.</span><br /><span style=\"font-family:Arial, sans-serif;font-size:8pt;\"> </span><br /><span style=\"font-family:Arial, sans-serif;\">500ml.</span></p>', 'dixidox-de-luxe-steel-and-silk-treatment-mask', '', '', '', 'DIXIDOX DE LUXE STEEL AND SILK TREATMENT MASK', '', '', '', ''),
(40, 1, 1, '<p class=\"MsoNormal\"><b><span style=\"font-family:Arial, sans-serif;\">DIXIDOX DE LUXE STEEL AND SILK TREATMENT SPRAY</span></b><span style=\"font-family:Arial, sans-serif;\"> proporciona um tratamento profundo no couro cabeludo e no cabelo, tem efeito hidratante, propriedades calmantes e refrescantes que deixam uma sensação agradável após um tratamento capilar agressivo (coloração, permanente, etc.). O spray contém mentol, seda hidrolisada, nucleotídeos e um complexo de ácidos de frutas.</span></p>', '<p><span style=\"font-family:Arial, sans-serif;\">Loção desenvolvida para um tratamento profundo do couro cabeludo e do cabelo, com efeito hidratante e propriedades calmantes.</span><br /><span style=\"font-family:Arial, sans-serif;\">Reestrutura a fibra capilar em cabelos castigados por agressões químicas e / ou ambientais.</span><br /><span style=\"font-family:Arial, sans-serif;\">Reduz a eletricidade estática.</span><br /><span style=\"font-family:Arial, sans-serif;\">Proporciona suavidade, força e brilho.</span><br /><span style=\"font-family:Arial, sans-serif;font-size:8pt;\"> </span><br /><span style=\"font-family:Arial, sans-serif;\">100ml.</span></p>', 'dixidox-de-luxe-steel-and-silk-treatment-spray-200ml', '', '', '', 'DIXIDOX DE LUXE STEEL AND SILK TREATMENT SPRAY 200ml', '', '', '', ''),
(41, 1, 1, '<p class=\"MsoNormal\"><b><span style=\"font-family:Arial, sans-serif;\">INSTANT AMINO ENERGIZER DE LUXE LOTION</span></b><span style=\"font-family:Arial, sans-serif;\"> é uma solução com propriedades benéficas para o couro cabeludo e cabelo que, misturada em colorações, permanentes e descolorantes, reduz a irritação e coceira do couro cabeludo. Aplicado após a lavagem, atua na fibra capilar em profundidade, melhorando a sua estrutura, incrementando a hidratação e a elasticidade proporcionando suavidade e brilho extra.</span></p>', '<p><span style=\"font-family:Arial, sans-serif;\">Solução contendo betaína, um composto natural com reconhecidas propriedades benéficas no couro cabeludo e no cabelo.</span><br /><span style=\"font-family:Arial, sans-serif;\">Proteção do couro cabeludo e do cabelos em tratamento químicos (coloração, permanente, etc.).</span><br /><span style=\"font-family:Arial, sans-serif;\">Previne a coceira.</span><br /><span style=\"font-family:Arial, sans-serif;\">Aumenta a duração da coloração.</span><br /><span style=\"font-family:Arial, sans-serif;\">Ajuda a restaurar o equilíbrio natural do couro cabeludo.</span><br /><span style=\"font-family:Arial, sans-serif;font-size:8pt;\"> </span><br /><span style=\"font-family:Arial, sans-serif;\">10 ampolas x 10ml.</span></p>', 'instant-amino-energizer-de-luxe-lotion', '', '', '', 'INSTANT AMINO ENERGIZER DE LUXE LOTION', 'Em Stock', 'Em Stock', '', ''),
(42, 1, 1, '<p class=\"MsoNormal\"><b><span style=\"font-family:Arial, sans-serif;\">INTENSIVE SKIN CARE CREME </span></b><span style=\"font-family:Arial, sans-serif;\">é enriquecido com manteiga de karité e betaína, a sua textura agradável penetra nas camadas mais profundas da pele e melhora a aparência das mãos desde a primeira aplicação.</span></p>', '<p class=\"MsoNormal\"><span style=\"font-family:Arial, sans-serif;\">Creme hidratante para as mãos de rápida absorção e textura não oleosa que proporciona proteção, maciez e firmeza contra os agentes nocivos externos.</span></p><p></p>\n<p class=\"MsoNormal\">100ml.</p>', 'intensive-skin-care-creme', '', '', '', 'INTENSIVE SKIN CARE CREME', '', '', '', ''),
(43, 1, 1, '<p class=\"MsoNormal\"><b><span style=\"font-family:Arial, sans-serif;\">OPIUM SHAMPOO</span></b><span style=\"font-family:Arial, sans-serif;\"> é formulado com uma mistura sinérgica de ingredientes antioxidantes, estimulantes do folículo capilar e condicionadores que ajudam a restaurar as condições ideais do couro cabeludo e melhoram a sua estrutura, espessura e volume do cabelo. Contém um complexo de ingredientes estimuladores do crescimento do cabelo: extrato de placenta, niacinamida, cafeína, extrato de papoila, extrato de serenoa serrulata , adenosina e vitamina E.</span></p>', '<p><span style=\"font-family:Arial, sans-serif;\">Shampoo suave que ajuda a prevenir a queda e estimular o crescimento do cabelo.</span><br /><span style=\"font-family:Arial, sans-serif;font-size:8pt;\"> </span><br /><span style=\"font-family:Arial, sans-serif;\">200ml.</span></p>', 'opium-shampoo', '', '', '', 'OPIUM SHAMPOO', '', '', '', ''),
(44, 1, 1, '<p class=\"MsoNormal\"><b><span style=\"font-family:Arial, sans-serif;\">OPIUM MASK </span></b><span style=\"font-family:Arial, sans-serif;\">de dupla ação que ajuda a estimular o crescimento do cabelo e melhora a sua estrutura. Formulada com uma combinação de ingredientes antioxidantes, estimuladores do folículo capilar, protetores e condicionantes da fibra capilar. O cabelo obtém mais volume, força, brilho e suavidade. Contém um complexo de ingredientes estimuladores do crescimento do cabelo: extrato de placenta, niacinamida, cafeína, extrato de papoila, extrato de serenoa serrulata, adenosina e vitamina E.</span></p>', '<p><span style=\"font-family:Arial, sans-serif;\">Máscara regeneradora de dupla ação que ajuda a estimular o crescimento do cabelo e melhora a  sua estrutura.</span><br /><span style=\"font-family:Arial, sans-serif;font-size:8pt;\"> </span><br /><span style=\"font-family:Arial, sans-serif;\">200ml.</span></p>', 'opium-mask', '', '', '', 'OPIUM MASK', '', '', '', ''),
(45, 1, 1, '<p><b><span style=\"font-size:8pt;font-family:Arial, sans-serif;\">LOTION OPIUM</span></b><span style=\"font-size:8pt;font-family:Arial, sans-serif;\"> foi concebida com uma formula de princípios ativos que ajudam a estimular e a nutrir o folículo piloso, favorecendo as condições ideais para o crescimento do cabelo, obtendo cabelos mais fortes, densos e saudáveis. Contém um complexo de estimuladores de crescimento capilar, tais como: extrato de placenta, niacinamida, cafeína, extrato de papoila, extrato de serenoa serrulata, adenosina e vitamina E.</span></p>', '<p><span style=\"font-family:Arial, sans-serif;\">Loção indicada para todos os tipos de queda de cabelo. </span><br /><span style=\"font-family:Arial, sans-serif;\">Ajuda a reduzir a queda de cabelo.</span><br /><span style=\"font-family:Arial, sans-serif;\">Promove o crescimento do cabelo graças a uma mistura de ingredientes estimulantes do folículo capilar.</span><br /><span style=\"font-family:Arial, sans-serif;font-size:8pt;\"> </span><br /><span style=\"font-family:Arial, sans-serif;\">10 ampolas x 10ml.</span></p>', 'opium-lotion', '', '', '', 'OPIUM LOTION', '', '', '', ''),
(46, 1, 1, '<p class=\"MsoNormal\"><b><span style=\"font-family:Arial, sans-serif;\">TRAVEL SET</span></b><span style=\"font-family:Arial, sans-serif;\"> contém produtos que ajudam a revitalizar e a reparar a estrutura do cabelo danificado graças à sua alta concentração de vitaminas, queratina hidrolisada e colágeno. O cabelo ganha brilho, força e volume por muito tempo.</span></p>', '<p class=\"MsoNormal\"><span style=\"font-family:Arial, sans-serif;\">Perfeito para cuidar do seu cabelo mesmo em viagens.</span><br /><span style=\"font-family:Arial, sans-serif;\">Este kit de produtos ajuda a prevenir a queda.</span><br /><span style=\"font-family:Arial, sans-serif;\">Estimular a microcirculação do couro cabeludo melhorando a estrutura da fibra capilar.</span><br /><span style=\"font-family:Arial, sans-serif;font-size:8pt;\"> </span><br /><span style=\"font-family:Arial, sans-serif;\">Este kit contém:</span><br /><span style=\"font-family:Arial, sans-serif;\"> </span><br /><span style=\"font-family:Arial, sans-serif;\">1 unidade do 4.1 DIXIDOX DE LUXE KERATIN TREATMENT SHAMPOO</span><br /><span style=\"font-family:Arial, sans-serif;\">1 unidade do 4.3 DIXIDOX DE LUXE KERATIN TREATMENT MASK</span><br /><span style=\"font-family:Arial, sans-serif;\">1 unidade do 4.5 DIXIDOX DE LUXE KERATIN TREATMENT SERUM</span><br /><span style=\"font-family:Arial, sans-serif;\">1 bolsa.</span><br /><span style=\"font-family:Arial, sans-serif;font-size:8pt;\"> </span><br /><span style=\"font-family:Arial, sans-serif;\">3 unidades x 50ml.</span></p>', 'travel-set-41-43-45', '', '', '', 'TRAVEL SET (4.1 + 4.3 + 4.5)', '', '', '', ''),
(47, 1, 1, '<p class=\"MsoNormal\"><b><span style=\"font-family:Arial, sans-serif;\">LUMINOX SHINE SHAMPOO</span></b><span style=\"font-family:Arial, sans-serif;\">  reequilibra a microflora da pele e combate o desconforto no couro cabeludo como secura, descamação ou irritação. Rico em Xilitol e Lactitol, restabelece o ecossistema cutâneo favorecendo o crescimento de uma microflora resistente, evitando a proliferação de germes patogênicos. O champô ajuda a manter a hidratação do couro cabeludo e do cabelo proporcionando suavidade, elasticidade e brilho.</span></p>', '<p><span style=\"font-family:Arial, sans-serif;\">Champô nutritivo e hidratante à base de extratos de plantas que estimulam o crescimento do cabelo proporcionando brilho, força e volume.</span><br /><span style=\"font-family:Arial, sans-serif;\">Produto livre de sulfatos e parabenos.</span><br /><span style=\"font-family:Arial, sans-serif;\">Nutre e hidrata o cabelo.</span><br /><span style=\"font-family:Arial, sans-serif;\">Propriedades calmantes, bactericidas e anti androgénicas.</span><br /><span style=\"font-family:Arial, sans-serif;\">Ajuda a estimular o crescimento do cabelo.</span><br /><span style=\"font-family:Arial, sans-serif;\">Proporciona brilho, força e volume.</span><br /><span style=\"font-family:Arial, sans-serif;font-size:8pt;\"> </span><br /><span style=\"font-family:Arial, sans-serif;\">200ml.</span></p>', 'luminox-shine-shampoo', '', '', '', 'LUMINOX SHINE SHAMPOO', '', '', '', ''),
(48, 1, 1, '<p class=\"MsoNormal\"><b><span style=\"font-family:Arial, sans-serif;\">PH CONTROL ANTISEBORRHEIC SHAMPOO</span></b><span style=\"font-family:Arial, sans-serif;\">  é formulado com ingredientes que ajudam a regular a atividade das glândulas sebáceas evitando progressivamente o efeito rebote. Ajuda a impedir a proliferação de microrganismos patogênicos. Equilibra o pH do couro cabeludo proporcionando uma agradável sensação de frescura. Efeito suavizante.</span></p>', '<p><span style=\"font-family:Arial, sans-serif;\">Champô de ação potente que ajuda a eliminar e a evitar o excesso de sebo no couro cabeludo.</span><br /><span style=\"font-family:Arial, sans-serif;\">Produto sem sulfatos e parabenos.</span><br /><span style=\"font-family:Arial, sans-serif;\">Equilibra o pH do couro cabeludo.</span><br /><span style=\"font-family:Arial, sans-serif;\">Ajuda a regular a produção de sebo.</span><br /><span style=\"font-family:Arial, sans-serif;\">Reduz a caspa e promove o crescimento do cabelo.</span><br /><span style=\"font-family:Arial, sans-serif;\">Evita a proliferação de microrganismos.</span><br /><span style=\"font-family:Arial, sans-serif;\">Reduz a coceira e proporciona uma sensação de frescura.</span><br /><span style=\"font-family:Arial, sans-serif;\">Proporciona elasticidade e suavidade ao cabelo.</span><br /><span style=\"font-family:Arial, sans-serif;font-size:8pt;\"> </span><br /><span style=\"font-family:Arial, sans-serif;\">200ml.</span></p>', 'ph-control-antiseborrheic-shampoo', '', '', '', 'pH CONTROL ANTISEBORRHEIC SHAMPOO', '', '', '', ''),
(49, 1, 1, '<p class=\"MsoNormal\"><b><span style=\"font-family:Arial, sans-serif;\">DETOX DEEP CLEANSING SHAMPOO </span></b><span style=\"font-family:Arial, sans-serif;\">limpa profundamente o cabelo, removendo as impurezas e resíduos diários. A sua fórmula suave ajuda a equilibrar e a purificar o couro cabeludo. Formulado com extratos vegetais, esfoliantes ativos e ingredientes reguladores de sebo. Contém Celldetox ©, um precursor ativo que reforça a ação desintoxicante das células. Proporciona elasticidade e suavidade ao cabelo.</span></p>', '<p><span style=\"font-family:Arial, sans-serif;\">Champô que limpa profundamente o cabelo e o couro cabeludo proporcionando sensação de frescura.</span><br /><span style=\"font-family:Arial, sans-serif;\">Produto livre de sulfatos e parabenos.</span><br /><span style=\"font-family:Arial, sans-serif;\">Elimina impurezas, toxinas e resíduos diários.</span><br /><span style=\"font-family:Arial, sans-serif;\">Contém Celldetox ©, um precursor ativo que reforça a ação desintoxicante das células da pele.</span><br /><span style=\"font-family:Arial, sans-serif;\">Ajuda a regular a secreção sebácea e elimina a caspa.</span><br /><span style=\"font-family:Arial, sans-serif;\">Proporciona volume, brilho e elasticidade aos cabelos.</span><br /><span style=\"font-family:Arial, sans-serif;font-size:8pt;\"> </span><br /><span style=\"font-family:Arial, sans-serif;\">200ml.</span></p>', 'detox-deep-cleansing-shampoo', '', '', '', 'DETOX DEEP CLEANSING SHAMPOO', '', '', '', ''),
(50, 1, 1, '<p class=\"MsoNormal\"><b><span style=\"font-family:Arial, sans-serif;\">DETOX DEEP CLEANSING LOTION </span></b><span style=\"font-family:Arial, sans-serif;\">contém Celldetox ©, um precursor ativo que reforça a ação desintoxicante das células. Contém extratos vegetais, esfoliantes ativos e ingredientes anticaspa e reguladores de sebo. Elimina a hiperqueratinização, produtos químicos, toxinas do couro cabeludo e previne o aparecimento de caspa.</span></p>', '<p><span style=\"font-family:Arial, sans-serif;\">Loção potente que desintoxica e limpa profundamente o cabelo e couro cabeludo proporcionando uma sensação de frescura.</span><br /><span style=\"font-family:Arial, sans-serif;\">Produto livre de sulfatos e parabenos.</span><br /><span style=\"font-family:Arial, sans-serif;\">Elimina impurezas, toxinas e resíduos diários.</span><br /><span style=\"font-family:Arial, sans-serif;\">Ação hidratante, anti irritante e antifúngica.</span><br /><span style=\"font-family:Arial, sans-serif;\">Contém Celldetox ©, um ativo precursor que reforça a ação desintoxicante das células da pele.</span><br /><span style=\"font-family:Arial, sans-serif;\">Regula a hiperqueratinização e previne o aparecimento de caspa.</span><br /><span style=\"font-family:Arial, sans-serif;\">Proporciona uma agradável sensação de frescura.</span><br /><span style=\"font-family:Arial, sans-serif;font-size:8pt;\"> </span><br /><span style=\"font-family:Arial, sans-serif;\">50ml.</span></p>', 'detox-deep-cleansing-lotion', '', '', '', 'DETOX DEEP CLEANSING LOTION', '', '', '', ''),
(51, 1, 1, '<p class=\"MsoNormal\"><b><span style=\"font-family:Arial, sans-serif;\">MIRACLE SCALP CONTROL PEELING </span></b><span style=\"font-family:Arial, sans-serif;\">é uma solução à base de ácido glicólico e um complexo de ceramidas. Limpa intensamente a pele, tem efeito regulador do sebo, elimina a hiperqueratinização e ajuda a prevenir o aparecimento de caspa.</span></p>', '<p><span style=\"font-family:Arial, sans-serif;\">Solução à base de ácido glicólico e um complexo de ceramidas que limpa intensamente a pele e tem um efeito regulador do sebo.</span><br /><span style=\"font-family:Arial, sans-serif;\">Produto livre de sulfatos e parabenos.</span><br /><span style=\"font-family:Arial, sans-serif;\">Penetra profundamente na pele.</span><br /><span style=\"font-family:Arial, sans-serif;\">Elimina a hiperqueratinização e ajuda a prevenir a caspa.</span><br /><span style=\"font-family:Arial, sans-serif;\">Ajuda a restaurar a barreira lipídica do estrato córneo.</span><br /><span style=\"font-family:Arial, sans-serif;\">Aplicar posteriormente o Neutralizador.</span><br /><span style=\"font-family:Arial, sans-serif;font-size:8pt;\"> </span><br /><span style=\"font-family:Arial, sans-serif;\">50ml.</span></p>', 'miracle-scalp-control-peeling', '', '', '', 'MIRACLE SCALP CONTROL PEELING', '', '', '', ''),
(52, 1, 1, '<p class=\"MsoNormal\"><b><span style=\"font-family:Arial, sans-serif;\">MIRACLE PEELING NEUTRALIZER </span></b><span style=\"font-family:Arial, sans-serif;\">é uma solução de bicarbonato de sódio que garante uma efetiva neutralização do peeling à base de ácido glicólico. Com agentes hidratantes que mantêm o equilíbrio da pele, reduzindo irritações e protegendo o couro cabeludo. Contem Aloe Vera orgânico que proporciona hidratação intensa e protege a pele das agressões diárias.</span></p>', '<p><span style=\"font-family:Arial, sans-serif;\">Solução à base de bicarbonato de sódio que neutraliza com eficácia e segurança o MIRACLE SCALP CONTROL PEELING.</span><br /><span style=\"font-family:Arial, sans-serif;\">Produto livre de sulfatos e parabenos.</span><br /><span style=\"font-family:Arial, sans-serif;\">Neutralização eficaz e segura do peeling a base de ácido glicólico.</span><br /><span style=\"font-family:Arial, sans-serif;\">Propriedades antioxidantes e adstringentes.</span><br /><span style=\"font-family:Arial, sans-serif;\">Proporciona hidratação.</span><br /><span style=\"font-family:Arial, sans-serif;\">Reduz a irritação e protege a pele.</span><br /><span style=\"font-family:Arial, sans-serif;font-size:8pt;\"> </span><br /><span style=\"font-family:Arial, sans-serif;\">50ml.</span></p>', 'miracle-peeling-neutralizer', '', '', '', 'MIRACLE PEELING NEUTRALIZER', '', '', '', ''),
(53, 1, 1, '<p class=\"MsoNormal\"><b><span style=\"font-family:Arial, sans-serif;\">MIRACLE SKIN CONTROL CREAM </span></b><span style=\"font-family:Arial, sans-serif;\">é um produto complementar eficaz para sintomas típicos como descamação, comichão, secura e endurecimento da pele.</span></p>', '<p><span style=\"font-family:Arial, sans-serif;\">Emulsão especial com propriedades anti-inflamatórias, antipruriginosas, hidratantes e nutritivas para o couro cabeludo.</span><br /><span style=\"font-family:Arial, sans-serif;\">Produto livre de sulfatos e parabenos.</span><br /><span style=\"font-family:Arial, sans-serif;\">Propriedades anti-inflamatórias, anti-irritantes, emolientes e cicatrizantes.</span><br /><span style=\"font-family:Arial, sans-serif;\">Aumenta a hidratação e flexibilidade do couro cabeludo.</span><br /><span style=\"font-family:Arial, sans-serif;\">Ajuda a restaurar a função protetora do couro cabeludo.</span><br /><span style=\"font-family:Arial, sans-serif;\">Eficaz na vermelhidão, coceira e ressecamento.</span><br /><span style=\"font-family:Arial, sans-serif;\">Indicado para o tratamento da Psoríase, Eczema e outras doenças da pele.</span><br /><span style=\"font-family:Arial, sans-serif;font-size:8pt;\"> </span><br /><span style=\"font-family:Arial, sans-serif;\">50ml.</span></p>', 'miracle-skin-control-cream', '', '', '', 'MIRACLE SKIN CONTROL CREAM', '', '', '', ''),
(54, 1, 1, '<p class=\"MsoNormal\"><b><span style=\"font-family:Arial, sans-serif;\">VASOGROTENE GF SHAMPOO</span></b><span style=\"font-family:Arial, sans-serif;\"> contém os ingredientes Grotene, Vasqulin e Bioproteinol, conhecidos por ajudar a promover o crescimento do cabelo em homens e mulheres. O Grotene diminui a apoptose celular causada pelo hormônio DHT, aumenta a síntese de melanina e ativa o sinal WNT que atua no crescimento do cabelo. O Vasqulin fornece nutrição para cabelos mais grossos e saudáveis, estimulando a angiogênese. Este champô ajuda a reforçar as fibras capilares, proporcionando um cabelo visivelmente mais espesso e uma melhor cobertura do couro cabeludo. Proporciona uma sensação de frescura. O cabelo fino e enfraquecido fica mais forte e saudável.</span></p>', '<p class=\"MsoNormal\"><span style=\"font-family:Arial, sans-serif;\">Champô baseado em proteínas placentárias, betaína e nutritivos ingredientes ativos que contém fatores de crescimento.</span><br /><span style=\"font-family:Arial, sans-serif;\">Produto livre de sulfatos e parabenos.</span><br /><span style=\"font-family:Arial, sans-serif;\">Estimula o crescimento de cabelo e ajuda a prevenir a perda de cabelo.</span><br /><span style=\"font-family:Arial, sans-serif;\">Contém fatores de crescimento que ativam a vascularização e a nutrição do folículo piloso.</span><br /><span style=\"font-family:Arial, sans-serif;\">Fornece força, espessura e volume.</span><br /><span style=\"font-family:Arial, sans-serif;\">Acalma e relaxa o couro cabeludo.</span><br /><span style=\"font-family:Arial, sans-serif;\">Indicado para couro cabeludo sensível, queda de cabelo e cabelos finos e enfraquecidos.</span><br /><span style=\"font-family:Arial, sans-serif;font-size:8pt;\"> </span><br /><span style=\"font-family:Arial, sans-serif;\">200ml.</span></p>', 'vasogrotene-gf-shampoo', '', '', '', 'VASOGROTENE GF SHAMPOO', '', '', '', ''),
(55, 1, 1, '<p class=\"MsoNormal\"><b><span style=\"font-family:Arial, sans-serif;\">VASOGROTENE GF MASK </span></b><span style=\"font-family:Arial, sans-serif;\">contém os ingredientes Grotene, Vasqulin e Bioproteinol, conhecidos por ajudar a promover o crescimento do cabelo em homens e mulheres. O Grotene diminui a apoptose celular causada pelo hormônio DHT, aumenta a síntese de melanina e ativa o sinal WNT que influencia o crescimento do cabelo. O Vasqulin nutre o couro cabeludo e a raiz do cabelo para um cabelo mais espesso e saudável, estimulando a angiogênese. Adicionamos ingredientes ativos que ajudam a melhorar a microcirculação do couro cabeludo e a atrofia do folículo causada pela diidrotestosterona, stress emocional intenso, alterações hormonais e envelhecimento do folículo. A máscara rica em queratina repara e fortalece os cabelos secos e danificados. Funciona da raiz até as pontas.</span></p>\n<p></p>\n<p></p>', '<p class=\"MsoNormal\"><span style=\"font-family:Arial, sans-serif;\">Máscara que contém princípios ativos nutritivos para o cabelo e fatores de crescimento.</span><br /><span style=\"font-family:Arial, sans-serif;\">Produto livre de sulfatos e parabenos.</span><br /><span style=\"font-family:Arial, sans-serif;\">Repara e regenera cabelos secos, danificados e enfraquecidos.</span><br /><span style=\"font-family:Arial, sans-serif;\">Contém fatores de crescimento que ativam a vascularização e nutrição do folículo piloso.</span><br /><span style=\"font-family:Arial, sans-serif;\">Proporciona hidratação e suavidade.</span><br /><span style=\"font-family:Arial, sans-serif;\">O cabelo recupera brilho, vitalidade e flexibilidade.</span><br /><span style=\"font-family:Arial, sans-serif;\">Indicado para cabelos danificados, fracos e com queda.</span><br /><span style=\"font-family:Arial, sans-serif;font-size:8pt;\"> </span><br /><span style=\"font-family:Arial, sans-serif;\">200ml.</span></p>', 'vasogrotene-gf-mask', '', '', '', 'VASOGROTENE GF MASK', '', '', '', ''),
(56, 1, 1, '<p class=\"MsoNormal\"><b><span style=\"font-family:Arial, sans-serif;\">VASOGROTENE GF SERUM </span></b><span style=\"font-family:Arial, sans-serif;\">contém os ingredientes Grotene, Vasqulin e Bioproteinol, conhecidos por ajudar a promover o crescimento do cabelo em homens e mulheres. O Grotene diminui a apoptose celular causada pelo hormônio DHT, aumenta a síntese de melanina e ativa o sinal WNT que influencia o crescimento do cabelo. O Vasqulin nutre o couro cabeludo e a raiz do cabelo para um cabelo mais espesso e saudável, estimulando a angiogênese. Adicionamos ingredientes ativos para ajudar a melhorar a microcirculação do couro cabeludo e a atrofia do folículo causada pela diidrotestosterona, stress emocional intenso, alterações hormonais e envelhecimento do folículo. O sérum rico em queratina repara e fortalece os cabelos secos e danificados. Funciona da raiz até as pontas.</span></p>', '<p class=\"MsoNormal\"><span style=\"font-family:Arial, sans-serif;\">Sérum que contém uma combinação de princípios ativos e fatores de crescimento para o cabelo.</span><br /><span style=\"font-family:Arial, sans-serif;\">Produto livre de sulfatos e parabenos.</span><br /><span style=\"font-family:Arial, sans-serif;\">Nutre, hidrata e repara profundamente os cabelos secos e danificados.</span><br /><span style=\"font-family:Arial, sans-serif;\">Contém fatores de crescimento que ativam a vascularização e nutrição do folículo piloso.</span><br /><span style=\"font-family:Arial, sans-serif;\">Combate e previne o frizz.</span><br /><span style=\"font-family:Arial, sans-serif;\">Proporciona um cabelo saudável e brilhante.</span><br /><span style=\"font-family:Arial, sans-serif;\">Adequado para cabelos danificados, secos e com queda.</span><br /><span style=\"font-family:Arial, sans-serif;font-size:8pt;\"> </span><br /><span style=\"font-family:Arial, sans-serif;\">200ml.</span></p>', 'vasogrotene-gf-serum', '', '', '', 'VASOGROTENE GF SERUM', '', '', '', ''),
(57, 1, 1, '<p class=\"MsoNormal\"><b><span style=\"font-family:Arial, sans-serif;\">VASOGROTENE GF ACTIVATOR </span></b><span style=\"font-family:Arial, sans-serif;\">contém princípios ativos nutritivos para o cabelo e uma alta concentração de fatores de crescimento. Os fatores de crescimento são sinais naturais que o corpo produz para manter o crescimento do cabelo. Os ingredientes Grotene, Vasqulin e Bioproteinol são conhecidos por ajudar a promover o crescimento do cabelo em homens e mulheres. O Grotene diminui a apoptose celular causada pelo hormônio DHT, aumenta a síntese de melanina e ativa o sinal WNT que influencia o crescimento do cabelo. O Vasqulin nutre o couro cabeludo e a raiz do cabelo para um cabelo mais espesso e saudável, estimulando a angiogênese. Assim acrescentaram-se ingredientes ativos para ajudar a melhor a microcirculação do couro cabeludo e a atrofia do folículo causada pela diidrotestoterona, pelo stress, alterações hormonais e envelhecimento do folículo.</span></p>', '<p class=\"MsoNormal\"><span style=\"font-family:Arial, sans-serif;\">Loção para maximizar os benefícios do champô, máscara e sérum do vasogrotene.</span><br /><span style=\"font-family:Arial, sans-serif;\">Produto livre de sulfatos e parabenos.</span><br /><span style=\"font-family:Arial, sans-serif;\">Tratamento intensivo para reduzir a queda de cabelo, e estimular o seu crescimento.</span><br /><span style=\"font-family:Arial, sans-serif;\">Concentração elevada de fatores de crescimento encapsulado em lipossomas que ativam a vascularização e a nutrição do folículo piloso.</span><br /><span style=\"font-family:Arial, sans-serif;\">Prolonga o crescimento do cabelo na fase anágena.</span><br /><span style=\"font-family:Arial, sans-serif;\">Fortalece e restaura os cabelos mais fracos.</span><br /><span style=\"font-family:Arial, sans-serif;\">Indicado para todos os tipos de queda de cabelo.</span><br /><span style=\"font-family:Arial, sans-serif;font-size:8pt;\"> </span><br /><span style=\"font-family:Arial, sans-serif;\">200ml.</span></p>', 'vasogrotene-gf-activator', '', '', '', 'VASOGROTENE GF ACTIVATOR', '', '', '', ''),
(58, 1, 1, '<p class=\"MsoNormal\"><b><span style=\"font-family:Arial, sans-serif;\">MHS – MesoHair Solution</span></b><span style=\"font-family:Arial, sans-serif;\"> é uma loção poderosa que contém 3 fatores de crescimento (sh-polipeptídeo-9, sh-polipeptídeo-1 e oligopeptídeo-2) e um peptídeo biomimético (cobre tripeptídeo-1) que ajudam a reduzir e a promover o crescimento do cabelo, revitalizam o folículo capilar e melhoram a circulação sanguínea favorecendo a nutrição e oxigenação do couro cabeludo e do bulbo capilar. Em combinação com vitaminas, aminoácidos, minerais, coenzimas, ácidos nucleicos e antioxidantes, aumenta a espessura e o volume, a força e a resistência do cabelo.</span></p>', '<p class=\"MsoNormal\"><span style=\"font-family:Arial, sans-serif;\">Loção poderosa contendo 3 fatores de crescimento e um peptídeo biomimético que ajuda a reduzir a queda de cabelo, e a promover o crescimento do cabelo revitalizando o folículo capilar.</span><br /><span style=\"font-family:Arial, sans-serif;\">Produto livre de sulfatos e parabenos.</span><br /><span style=\"font-family:Arial, sans-serif;\">Promove o crescimento do cabelo.</span><br /><span style=\"font-family:Arial, sans-serif;\">Aumenta a espessura, resistência e volume do cabelo.</span><br /><span style=\"font-family:Arial, sans-serif;\">Alta concentração em fatores de crescimento que melhoram a microcirculação sanguínea do couro cabeludo e revitalizam o folículo capilar.</span><br /><span style=\"font-family:Arial, sans-serif;\">Fortifica e aumenta a elasticidade da pele induzindo a síntese de colágeno e elastina.</span><br /><span style=\"font-family:Arial, sans-serif;\">Indicado para todos os tipos de alopecia e após transplante capilar.</span><br /><span style=\"font-family:Arial, sans-serif;font-size:8pt;\"> </span><br /><span style=\"font-family:Arial, sans-serif;\">5 viais x 5ml.</span></p>', 'mhs-mesohair-solution', '', '', '', 'MHS – MesoHair Solution', '', '', '', ''),
(59, 1, 1, '', '', 'dermaroller-de-050mm', '', '', '', 'DERMAROLLER DE 0,50mm', 'Em Stock', 'Em Stock', '', ''),
(60, 1, 1, '', '', 'spray-desinfectante', '', '', '', 'SPRAY DESINFECTANTE', 'Em Stock', 'Em Stock', '', ''),
(61, 1, 1, '', '', 'dermapen-sem-fios', '', '', '', 'DERMAPEN Sem Fios', 'Em Stock', 'Em Stock', '', ''),
(62, 1, 1, '', '', 'recarga-para-dermapen', '', '', '', 'Recarga para DERMAPEN', 'Em Stock', 'Em Stock', '', ''),
(63, 1, 1, '', '', 'caixa-de-luvas-descartaveis', '', '', '', 'Caixa de Luvas Descartáveis', 'Em Stock', 'Em Stock', '', ''),
(64, 1, 1, '<p class=\"MsoNormal\"><strong><span style=\"font-family:Arial, sans-serif;\">AMINOPYRROLE + MELATONIN LOTION </span></strong></p>\n<p class=\"MsoNormal\"><span style=\"font-family:Arial, sans-serif;\">foi desenvolvido para ajudar a prevenir a queda de cabelo, promovendo o crescimento de novos cabelos com uma fórmula inovadora. É baseado em Aminopyrrole e melatonina, contém extrato de placenta, niacinamida e uma mistura de aminoácidos. O aminopyrrole ajuda a fortalecer, engrossar o cabelo e a melhorar a sua ancoragem. É encapsulado em lipossomas, especificamente para atingir os seus alvos, os folículos capilares. Os lipossomas melhoram a entrega transdérmica de ingredientes ativos. O mecanismo de absorção transdérmico, a microcirculação adequada garante que os folículos recebam todo o oxigénio e nutrientes necessários.</span></p>\n<p class=\"MsoNormal\"></p>\n<p class=\"MsoNormal\"><b><span style=\"font-size:8.5pt;line-height:107%;font-family:Arial, sans-serif;\">MODO DE USO:</span></b></p><p><b></b></p><b></b>\n<p class=\"MsoNormal\"><span style=\"font-family:Arial, sans-serif;\">Aplicar meia ampola todos os dias, principalmente nas zonas dos cabelos finos. Massajar suavemente para promover a absorção. Na queda de cabelo severa, recomendamos o uso da loção duas vezes ao dia. O período do tratamento é de 4 a 6 meses, após os quais pode continuar a usar a loção três vezes por semana, se necessário e pelo tempo requerido. Recomenda-se não lavar o cabelo imediatamente após o uso dos produtos. É adequado deixar os princípios ativos atuarem por algum tempo.</span></p>\n<p class=\"MsoNormal\"> </p>\n<p class=\"MsoNormal\"><strong><span style=\"font-family:Arial, sans-serif;\">INGREDIENTES:</span></strong></p>\n<p class=\"MsoNormal\"><span style=\"font-family:Arial, sans-serif;\">KOPIRROL FOLICULAR (6.7%) | NIACINAMIDA (1%) | MELATONINA (0.0033%) | EXTRATO DE PLACENTA (1%) | MISTURA DE AMINOÁCIDOS (2%), PYRROLIDINYL DIAMINOPYRIMIDINE OXIDE OXOTHIAZOLIDINECARBOXYLATE, PLACENTAL PROTEIN, GLYCERIN, CHOLESTEROL, TOCOPHERYL ACETATE, PROLINE, THREONINE, PHENYLALANINE, HISTIDINE, MELATONIN, VALINE, ALANINE, ISOLEUCINE, GLYCINE, PCA, ASPARTIC ACID, ARGININE, SERINE, ETHOXYDIGLYCOL, DIMIRISTOYL PHOSPHATIDYLCHOLINE, SODIUM PCA, PHOSPHATIDYLCHOLINE, PROPYLENE GLYCOL, SODIUM LACTATE, SORBITAN OLEATE, STEARAMINE, BHT, LACTIC ACID, SODIUM SUCCINATE, MANNITOL, 1,2 HEXANEDIOL, CHLORPHENESIN, HYDROXYACETOPHENONE, CAPRYLYL GLYCOL, POLYSORBATE 20, PARFUM (FRAGRANCE), LIMONENE.</span></p>', '<p><span style=\"font-family:Arial, sans-serif;\">Rejuvenesce o folículo capilar.</span><br /> <span style=\"font-family:Arial, sans-serif;\">Aumenta a densidade do cabelo. </span><br /> <span style=\"font-family:Arial, sans-serif;\">Acelera o crescimento do cabelo.</span><br /> <span style=\"font-family:Arial, sans-serif;\">Ativa a fase do cabelo.</span><br /> <span style=\"font-family:Arial, sans-serif;\">Forte antioxidante.</span><br /> <span style=\"font-family:Arial, sans-serif;\">Protege contra a queda de cabelo.</span><br /> <span style=\"font-family:Arial, sans-serif;\">Melhor ancoragem do cabelo.</span><br /> <span style=\"font-family:Arial, sans-serif;\">Concebido para pessoas com problemas de queda de cabelo, a loção ajuda a rejuvenescer o folículo capilar, acelera o crescimento capilar, aumenta a densidade capilar, favorece uma melhor ancoragem capilar, retarda o envelhecimento capilar e a queda de cabelo em geral.</span><br /> <span style=\"font-family:Arial, sans-serif;font-size:8pt;\"> </span><br /> <span style=\"font-family:Arial, sans-serif;\">10 ampolas x 10ml.</span></p>', 'aminopyrrole-melatonin-lotion', '', '', '', 'AMINOPYRROLE + MELATONIN LOTION', '', '', '', ''),
(66, 1, 1, '<p class=\"MsoNormal\"><b><span style=\"font-size:8.5pt;line-height:107%;font-family:Arial, sans-serif;\">DSD DE LUXE COMPLETE</span></b></p>\n<p class=\"MsoNormal\"><span style=\"font-size:8.5pt;line-height:107%;font-family:Arial, sans-serif;\"> atua a partir do interior do corpo, fornecendo ao cabelo os nutrientes necessários para prevenir e travar a queda, além de fortalecer e potenciar o seu crescimento. Da mesma forma, contribui para a manutenção da pele em condições normais e restaura a saúde das unhas enfraquecidas graças à sua composição à base de vitaminas, minerais, aminoácidos, antioxidantes e extratos vegetais. Também contém inibidores da enzima 5-alfa redutase, responsável pela conversão do hormônio testosterona em diidrotestosterona (DHT), principal causador da queda de cabelo.</span></p>\n<p></p>\n<p class=\"MsoNormal\"><b><span style=\"font-size:8.5pt;line-height:107%;font-family:Arial, sans-serif;\">MODO DE USO:</span></b></p><p><b></b></p><b></b>\n<p class=\"MsoNormal\"><span style=\"font-size:8.5pt;line-height:107%;font-family:Arial, sans-serif;\">A dose recomendada é de 2 cápsulas por dia por via oral.</span></p>\n<p> </p>\n<p class=\"MsoNormal\"><strong><span style=\"font-family:Arial, sans-serif;\">INGREDIENTES:</span></strong></p>\n<p class=\"MsoNormal\"><span style=\"font-size:8.5pt;line-height:107%;font-family:Arial, sans-serif;\">Espirulina polvo (Spirulina platensis) 203,332 mg; L Metionina 97,599 mg; L Cistina base 97,599 mg; L Lisina HCL 97,599 mg; Grape seed extracto seco (Vitis vinifera L. - ≥ 95% Proanthocyanidins) Semillas 81,333 mg; Saw palmetto polvo ( Serenoa repens - ≥ 30% Acidos grasos) Fruta 81,333 mg; L Arginina HCL 81,333 mg; Rosa moschata aceite en polvo - Fruta 81,333 mg; Celulosa microcristalina (Agente de carga) 81.33 mg ; AstaReal ® A1010 (Haematococcus pluvialis) Harina de algas y 5% Astaxantina 65,066 mg; Ortiga blanca extracto seco (Lamium album) Hierba 40,666 mg; Semilla de calabaza (Curcubita Pepo L - 5:1) Semillas 40,666 mg; Bisglicinato de Zinc 40,666 mg (8,25 mg de Zinc 83 % VRN*); Vitamina E (Dl-a-tocoferol acetato) 29,573 mg (14,78 mg de Dl-a-tocoferol acetato 123%VRN*); Bambú extracto seco (Bambusa Arundinacea - ≥70% Silica Acid)Tallo 24,400 mg; Estearato de magnesio (antiaglomerante) 19,52 mg; Dioxido de silicio (antiaglomerante) 14,38 mg; Vitamina B3 (Nicotinamida) 13,013 mg (81 %VRN*); Seleniometionina Polvo 8,947 (0,045 mg de Selenio – 81% VRN*) mg; Gluconato de cobre 6,019 mg (0,83 mg de Cobre – 82 %VRN*); Vitamina B5 (Pantotenato calcico) 5,303 mg (88%VRN*); Vitamina D (Colecalciferol) 100.000 UI/g 4,880 mg (488 UI/dosis 98% VRN*); Vitamina B6 (Piridoxina clorhidrato) 1,383 mg (99% VRN*); Vitamina B1 (Tiamina) 1,139 mg (104% VRN*); Vitamina B2 (Rivoflavina) 1,139 mg (81%VRN); Vitamina B12 (Cianocobalamina) 0,203 mg (8120 VRN*); Vitamina B9 (Ácido fólico) 0,163 mg (82%VRN*) Y Vitamina BH (Biotina ) 0,081 mg (162 %VRN*).</span></p>', '<p class=\"MsoNormal\"><span style=\"font-size:8.5pt;line-height:107%;font-family:Arial, sans-serif;\">O suplemento capilar fornece ao cabelo os nutrientes necessários para prevenir e impedir a queda de cabelo:</span></p>\n<p>Contém inibidores da enzima 5-alfa redutase, principal responsável pela queda de cabelo</p>\n<p>Fortalece e melhora o crescimento do cabelo</p>\n<p>Contribui para a manutenção do cabelo e da pele em condições normais</p>\n<p>Restaura a saúde das unhas enfraquecidas, conferindo-lhes força e resistência.</p>\n<p> </p>\n<p class=\"MsoNormal\"><span style=\"font-size:8.5pt;line-height:107%;font-family:Arial, sans-serif;\">60 cápsulas.</span></p>', 'dsd-de-luxe-complete', '', '', '', 'DSD DE LUXE COMPLETE', '', '', '', '');

-- --------------------------------------------------------

--
-- Estrutura da tabela `ps_product_sale`
--

CREATE TABLE `ps_product_sale` (
  `id_product` int(10) UNSIGNED NOT NULL,
  `quantity` int(10) UNSIGNED NOT NULL DEFAULT '0',
  `sale_nbr` int(10) UNSIGNED NOT NULL DEFAULT '0',
  `date_upd` date DEFAULT NULL
) ENGINE=InnoDB DEFAULT CHARSET=utf8;

--
-- Extraindo dados da tabela `ps_product_sale`
--

INSERT INTO `ps_product_sale` (`id_product`, `quantity`, `sale_nbr`, `date_upd`) VALUES
(1, 10, 10, '2022-05-19'),
(2, 5, 5, '2022-05-19'),
(3, 12, 11, '2022-05-19'),
(4, 6, 4, '2022-05-19'),
(5, 4, 4, '2022-05-19'),
(6, 4, 3, '2022-05-19'),
(7, 2, 2, '2022-05-19'),
(8, 17, 15, '2023-03-27'),
(9, 22, 21, '2022-05-19'),
(10, 8, 7, '2022-05-19'),
(11, 22, 16, '2022-05-19'),
(12, 12, 10, '2022-05-19'),
(13, 22, 17, '2023-03-27'),
(14, 4, 4, '2022-05-19'),
(15, 16, 13, '2022-05-19'),
(16, 11, 9, '2022-05-19'),
(17, 2, 1, '2022-05-19'),
(18, 6, 5, '2022-05-19'),
(19, 10, 10, '2023-09-19'),
(20, 8, 8, '2022-05-19'),
(21, 6, 4, '2022-05-19'),
(23, 6, 6, '2023-03-27'),
(24, 8, 7, '2022-05-19'),
(25, 9, 9, '2022-05-19'),
(26, 2, 2, '2022-05-19'),
(27, 4, 3, '2022-05-19'),
(28, 5, 5, '2023-09-19'),
(29, 1, 1, '2022-05-19'),
(30, 15, 13, '2022-05-19'),
(31, 5, 4, '2022-05-19'),
(32, 1, 1, '2022-05-19'),
(33, 1, 1, '2022-05-19'),
(34, 1, 1, '2022-05-19'),
(36, 3, 3, '2022-05-19'),
(37, 5, 5, '2022-05-19'),
(38, 4, 4, '2022-05-19'),
(39, 1, 1, '2022-05-19'),
(40, 1, 1, '2022-05-19'),
(41, 2, 2, '2022-05-19'),
(42, 3, 3, '2022-05-19'),
(43, 6, 5, '2022-05-19'),
(45, 6, 5, '2022-05-19'),
(46, 3, 3, '2022-05-19'),
(47, 6, 6, '2022-05-19'),
(48, 2, 2, '2022-05-19'),
(49, 3, 2, '2022-05-19'),
(50, 1, 1, '2021-04-06'),
(51, 1, 1, '2021-04-06'),
(52, 1, 1, '2021-04-06'),
(54, 10, 7, '2022-05-19'),
(55, 4, 4, '2022-05-19'),
(56, 1, 1, '2022-05-19'),
(57, 5, 3, '2022-05-19');

-- --------------------------------------------------------

--
-- Estrutura da tabela `ps_product_shop`
--

CREATE TABLE `ps_product_shop` (
  `id_product` int(10) UNSIGNED NOT NULL,
  `id_shop` int(10) UNSIGNED NOT NULL,
  `id_category_default` int(10) UNSIGNED DEFAULT NULL,
  `id_tax_rules_group` int(11) UNSIGNED NOT NULL,
  `on_sale` tinyint(1) UNSIGNED NOT NULL DEFAULT '0',
  `online_only` tinyint(1) UNSIGNED NOT NULL DEFAULT '0',
  `ecotax` decimal(17,6) NOT NULL DEFAULT '0.000000',
  `minimal_quantity` int(10) UNSIGNED NOT NULL DEFAULT '1',
  `low_stock_threshold` int(10) DEFAULT NULL,
  `low_stock_alert` tinyint(1) NOT NULL DEFAULT '0',
  `price` decimal(20,6) NOT NULL DEFAULT '0.000000',
  `wholesale_price` decimal(20,6) NOT NULL DEFAULT '0.000000',
  `unity` varchar(255) DEFAULT NULL,
  `unit_price_ratio` decimal(20,6) NOT NULL DEFAULT '0.000000',
  `additional_shipping_cost` decimal(20,2) NOT NULL DEFAULT '0.00',
  `customizable` tinyint(2) NOT NULL DEFAULT '0',
  `uploadable_files` tinyint(4) NOT NULL DEFAULT '0',
  `text_fields` tinyint(4) NOT NULL DEFAULT '0',
  `active` tinyint(1) UNSIGNED NOT NULL DEFAULT '0',
  `redirect_type` enum('','404','301-product','302-product','301-category','302-category') NOT NULL DEFAULT '',
  `id_type_redirected` int(10) UNSIGNED NOT NULL DEFAULT '0',
  `available_for_order` tinyint(1) NOT NULL DEFAULT '1',
  `available_date` date DEFAULT NULL,
  `show_condition` tinyint(1) NOT NULL DEFAULT '1',
  `condition` enum('new','used','refurbished') NOT NULL DEFAULT 'new',
  `show_price` tinyint(1) NOT NULL DEFAULT '1',
  `indexed` tinyint(1) NOT NULL DEFAULT '0',
  `visibility` enum('both','catalog','search','none') NOT NULL DEFAULT 'both',
  `cache_default_attribute` int(10) UNSIGNED DEFAULT NULL,
  `advanced_stock_management` tinyint(1) NOT NULL DEFAULT '0',
  `date_add` datetime NOT NULL,
  `date_upd` datetime NOT NULL,
  `pack_stock_type` int(11) UNSIGNED NOT NULL DEFAULT '3'
) ENGINE=InnoDB DEFAULT CHARSET=utf8;

--
-- Extraindo dados da tabela `ps_product_shop`
--

INSERT INTO `ps_product_shop` (`id_product`, `id_shop`, `id_category_default`, `id_tax_rules_group`, `on_sale`, `online_only`, `ecotax`, `minimal_quantity`, `low_stock_threshold`, `low_stock_alert`, `price`, `wholesale_price`, `unity`, `unit_price_ratio`, `additional_shipping_cost`, `customizable`, `uploadable_files`, `text_fields`, `active`, `redirect_type`, `id_type_redirected`, `available_for_order`, `available_date`, `show_condition`, `condition`, `show_price`, `indexed`, `visibility`, `cache_default_attribute`, `advanced_stock_management`, `date_add`, `date_upd`, `pack_stock_type`) VALUES
(1, 1, 11, 1, 0, 0, 0.000000, 1, NULL, 0, 24.390244, 29.650000, '', 0.000000, 0.00, 0, 0, 0, 1, '301-category', 0, 1, '0000-00-00', 0, 'new', 1, 1, 'both', 0, 0, '2020-11-17 10:40:07', '2024-01-02 12:47:51', 0),
(2, 1, 11, 1, 0, 0, 0.000000, 1, NULL, 0, 36.585366, 44.500000, '', 0.000000, 0.00, 0, 0, 0, 1, '301-category', 0, 1, '0000-00-00', 0, 'new', 1, 1, 'both', 0, 0, '2020-11-17 10:40:07', '2024-01-02 12:48:18', 0),
(3, 1, 11, 1, 0, 0, 0.000000, 1, NULL, 0, 27.642276, 34.100000, '', 0.000000, 0.00, 0, 0, 0, 1, '301-category', 0, 1, '0000-00-00', 0, 'new', 1, 1, 'both', 0, 0, '2020-11-17 10:40:07', '2021-06-20 22:09:32', 0),
(4, 1, 11, 1, 0, 0, 0.000000, 1, NULL, 0, 34.146341, 44.000000, '', 0.000000, 0.00, 0, 0, 0, 1, '301-category', 0, 1, '0000-00-00', 0, 'new', 1, 1, 'both', 0, 0, '2020-11-17 10:40:07', '2024-01-02 12:48:42', 0),
(5, 1, 12, 1, 0, 0, 0.000000, 1, NULL, 0, 24.390244, 29.650000, '', 0.000000, 0.00, 0, 0, 0, 1, '301-category', 0, 1, '0000-00-00', 0, 'new', 1, 1, 'both', 0, 0, '2020-11-17 10:40:07', '2024-01-02 12:48:58', 0),
(6, 1, 12, 1, 0, 0, 0.000000, 1, NULL, 0, 36.585366, 44.500000, '', 0.000000, 0.00, 0, 0, 0, 1, '301-category', 0, 1, '0000-00-00', 0, 'new', 1, 1, 'both', 0, 0, '2020-11-17 10:40:08', '2024-01-02 12:49:09', 0),
(7, 1, 12, 1, 0, 0, 0.000000, 1, NULL, 0, 34.146341, 41.180000, '', 0.000000, 0.00, 0, 0, 0, 1, '301-category', 0, 1, '0000-00-00', 0, 'new', 1, 1, 'both', 0, 0, '2020-11-17 10:40:08', '2024-01-02 12:49:25', 0),
(8, 1, 13, 1, 0, 0, 0.000000, 1, NULL, 0, 24.390244, 29.650000, '', 0.000000, 0.00, 0, 0, 0, 1, '301-category', 0, 1, '0000-00-00', 0, 'new', 1, 1, 'both', 0, 0, '2020-11-17 10:40:08', '2024-01-02 12:49:44', 0),
(9, 1, 13, 1, 0, 0, 0.000000, 1, NULL, 0, 36.585366, 44.500000, '', 0.000000, 0.00, 0, 0, 0, 1, '301-category', 0, 1, '0000-00-00', 0, 'new', 1, 1, 'both', 0, 0, '2020-11-17 10:40:08', '2024-01-02 12:49:57', 0),
(10, 1, 13, 1, 0, 0, 0.000000, 1, NULL, 0, 34.146341, 43.200000, '', 0.000000, 0.00, 0, 0, 0, 1, '301-category', 0, 1, '0000-00-00', 0, 'new', 1, 1, 'both', 0, 0, '2020-11-17 10:40:08', '2024-01-02 12:50:16', 0),
(11, 1, 13, 1, 0, 0, 0.000000, 1, NULL, 0, 36.585366, 45.750000, '', 0.000000, 0.00, 0, 0, 0, 1, '301-category', 0, 1, '0000-00-00', 0, 'new', 1, 1, 'both', 0, 0, '2020-11-17 10:40:08', '2024-01-02 12:50:34', 0),
(12, 1, 13, 1, 0, 0, 0.000000, 1, NULL, 0, 29.268293, 36.000000, '', 0.000000, 0.00, 0, 0, 0, 1, '301-category', 0, 1, '0000-00-00', 0, 'new', 1, 1, 'both', 0, 0, '2020-11-17 10:40:08', '2021-02-20 11:42:07', 3),
(13, 1, 13, 1, 0, 0, 0.000000, 1, NULL, 0, 39.024390, 48.600000, '', 0.000000, 0.00, 0, 0, 0, 1, '301-category', 0, 1, '0000-00-00', 0, 'new', 1, 1, 'both', 0, 0, '2020-11-17 10:40:08', '2024-01-02 12:50:56', 0),
(14, 1, 13, 1, 0, 0, 0.000000, 1, NULL, 0, 65.040650, 92.000000, '', 0.000000, 0.00, 0, 0, 0, 1, '301-category', 0, 1, '0000-00-00', 0, 'new', 1, 1, 'both', 0, 0, '2020-11-17 10:40:08', '2022-04-21 14:38:16', 0),
(15, 1, 13, 1, 0, 0, 0.000000, 1, NULL, 0, 34.959350, 43.700000, '', 0.000000, 0.00, 0, 0, 0, 1, '301-category', 0, 1, '0000-00-00', 0, 'new', 1, 1, 'both', 0, 0, '2020-11-17 10:40:08', '2024-01-02 12:51:09', 0),
(16, 1, 13, 1, 0, 0, 0.000000, 1, NULL, 0, 54.471545, 68.350000, '', 0.000000, 0.00, 0, 0, 0, 1, '301-category', 0, 1, '0000-00-00', 0, 'new', 1, 1, 'both', 0, 0, '2020-11-17 10:40:08', '2024-01-02 12:51:35', 0),
(17, 1, 13, 1, 0, 0, 0.000000, 1, NULL, 0, 34.146341, 41.500000, '', 0.000000, 0.00, 0, 0, 0, 1, '301-category', 0, 1, '0000-00-00', 0, 'new', 1, 1, 'both', 0, 0, '2020-11-17 10:40:08', '2024-01-02 12:51:50', 0),
(18, 1, 13, 1, 0, 0, 0.000000, 1, NULL, 0, 48.780488, 55.000000, '', 0.000000, 0.00, 0, 0, 0, 1, '301-category', 0, 1, '0000-00-00', 0, 'new', 1, 1, 'both', 0, 0, '2020-11-17 10:40:08', '2024-01-02 12:52:02', 0),
(19, 1, 14, 1, 0, 0, 0.000000, 1, NULL, 0, 24.390244, 29.650000, '', 0.000000, 0.00, 0, 0, 0, 1, '301-category', 0, 1, '0000-00-00', 0, 'new', 1, 1, 'both', 0, 0, '2020-11-17 10:40:08', '2024-01-02 12:52:29', 0),
(20, 1, 14, 1, 0, 0, 0.000000, 1, NULL, 0, 36.585366, 44.500000, '', 0.000000, 0.00, 0, 0, 0, 1, '301-category', 0, 1, '0000-00-00', 0, 'new', 1, 1, 'both', 0, 0, '2020-11-17 10:40:08', '2024-01-02 12:52:47', 0),
(21, 1, 14, 1, 0, 0, 0.000000, 1, NULL, 0, 8.130081, 0.000000, '', 0.000000, 0.00, 0, 0, 0, 0, '301-category', 0, 1, '0000-00-00', 0, 'new', 1, 0, 'both', 0, 0, '2020-11-17 10:40:08', '2023-04-03 14:37:34', 0),
(22, 1, 14, 1, 0, 0, 0.000000, 1, NULL, 0, 36.585366, 48.700000, '', 0.000000, 0.00, 0, 0, 0, 1, '301-category', 0, 1, '0000-00-00', 0, 'new', 1, 1, 'both', 0, 0, '2020-11-17 10:40:08', '2024-01-02 12:53:08', 0),
(23, 1, 14, 1, 0, 0, 0.000000, 1, NULL, 0, 22.764228, 28.300000, '', 0.000000, 0.00, 0, 0, 0, 1, '301-category', 0, 1, '0000-00-00', 0, 'new', 1, 1, 'both', 0, 0, '2020-11-17 10:40:08', '2021-03-03 14:47:54', 0),
(24, 1, 14, 1, 0, 0, 0.000000, 1, NULL, 0, 28.455285, 35.000000, '', 0.000000, 0.00, 0, 0, 0, 1, '301-category', 0, 1, '0000-00-00', 0, 'new', 1, 1, 'both', 0, 0, '2020-11-17 10:40:08', '2021-02-20 11:52:24', 3),
(25, 1, 14, 1, 0, 0, 0.000000, 1, NULL, 0, 32.520325, 41.500000, '', 0.000000, 0.00, 0, 0, 0, 1, '301-category', 0, 1, '0000-00-00', 0, 'new', 1, 1, 'both', 0, 0, '2020-11-17 10:40:08', '2024-01-02 12:53:26', 0),
(26, 1, 14, 1, 0, 0, 0.000000, 1, NULL, 0, 44.715447, 65.820000, '', 0.000000, 0.00, 0, 0, 0, 1, '301-category', 0, 1, '0000-00-00', 0, 'new', 1, 1, 'both', 0, 0, '2020-11-17 10:40:08', '2024-01-02 12:53:50', 0),
(27, 1, 14, 1, 0, 0, 0.000000, 1, NULL, 0, 8.130081, 0.000000, '', 0.000000, 0.00, 0, 0, 0, 0, '301-category', 0, 1, '0000-00-00', 0, 'new', 1, 0, 'both', 0, 0, '2020-11-17 10:40:08', '2023-04-03 14:37:49', 0),
(28, 1, 14, 1, 0, 0, 0.000000, 1, NULL, 0, 34.146341, 41.000000, '', 0.000000, 0.00, 0, 0, 0, 1, '301-category', 0, 1, '0000-00-00', 0, 'new', 1, 1, 'both', 0, 0, '2020-11-17 10:40:08', '2024-01-02 12:54:07', 0),
(29, 1, 14, 1, 0, 0, 0.000000, 1, NULL, 0, 29.268293, 38.700000, '', 0.000000, 0.00, 0, 0, 0, 1, '301-category', 0, 1, '0000-00-00', 0, 'new', 1, 1, 'both', 0, 0, '2020-11-17 10:40:08', '2024-01-02 12:54:21', 0),
(30, 1, 14, 1, 0, 0, 0.000000, 1, NULL, 0, 30.081301, 36.300000, '', 0.000000, 0.00, 0, 0, 0, 1, '301-category', 0, 1, '0000-00-00', 0, 'new', 1, 1, 'both', 0, 0, '2020-11-17 10:40:08', '2024-01-02 12:54:38', 0),
(31, 1, 14, 1, 0, 0, 0.000000, 1, NULL, 0, 8.130081, 0.000000, '', 0.000000, 0.00, 0, 0, 0, 0, '301-category', 0, 1, '0000-00-00', 0, 'new', 1, 0, 'both', 0, 0, '2020-11-17 10:40:08', '2023-04-03 14:36:38', 0),
(32, 1, 15, 1, 0, 0, 0.000000, 1, NULL, 0, 24.390244, 29.650000, '', 0.000000, 0.00, 0, 0, 0, 1, '301-category', 0, 1, '0000-00-00', 0, 'new', 1, 1, 'both', 0, 0, '2020-11-17 10:40:08', '2024-01-02 12:55:02', 0),
(33, 1, 15, 1, 0, 0, 0.000000, 1, NULL, 0, 36.585366, 44.500000, '', 0.000000, 0.00, 0, 0, 0, 1, '301-category', 0, 1, '0000-00-00', 0, 'new', 1, 1, 'both', 0, 0, '2020-11-17 10:40:08', '2024-01-02 12:55:14', 0),
(34, 1, 15, 1, 0, 0, 0.000000, 1, NULL, 0, 24.390244, 30.500000, '', 0.000000, 0.00, 0, 0, 0, 1, '301-category', 0, 1, '0000-00-00', 0, 'new', 1, 1, 'both', 0, 0, '2020-11-17 10:40:08', '2024-01-02 12:55:35', 0),
(35, 1, 15, 1, 0, 0, 0.000000, 1, NULL, 0, 36.585366, 45.000000, '', 0.000000, 0.00, 0, 0, 0, 1, '301-category', 0, 1, '0000-00-00', 0, 'new', 1, 1, 'both', 0, 0, '2020-11-17 10:40:08', '2024-01-02 12:55:49', 0),
(36, 1, 15, 1, 0, 0, 0.000000, 1, NULL, 0, 21.951220, 26.500000, '', 0.000000, 0.00, 0, 0, 0, 1, '301-category', 0, 1, '0000-00-00', 0, 'new', 1, 1, 'both', 0, 0, '2020-11-17 10:40:08', '2024-01-02 12:56:16', 0),
(37, 1, 15, 1, 0, 0, 0.000000, 1, NULL, 0, 32.520325, 42.000000, '', 0.000000, 0.00, 0, 0, 0, 1, '301-category', 0, 1, '0000-00-00', 0, 'new', 1, 1, 'both', 0, 0, '2020-11-17 10:40:08', '2024-01-02 12:56:31', 0),
(38, 1, 15, 1, 0, 0, 0.000000, 1, NULL, 0, 28.455285, 36.800000, '', 0.000000, 0.00, 0, 0, 0, 1, '301-category', 0, 1, '0000-00-00', 0, 'new', 1, 1, 'both', 0, 0, '2020-11-17 10:40:08', '2024-01-02 12:56:58', 0),
(39, 1, 15, 1, 0, 0, 0.000000, 1, NULL, 0, 44.715447, 56.000000, '', 0.000000, 0.00, 0, 0, 0, 1, '301-category', 0, 1, '0000-00-00', 0, 'new', 1, 1, 'both', 0, 0, '2020-11-17 10:40:08', '2024-01-02 12:57:12', 0),
(40, 1, 15, 1, 0, 0, 0.000000, 1, NULL, 0, 34.146341, 44.000000, '', 0.000000, 0.00, 0, 0, 0, 1, '301-category', 0, 1, '0000-00-00', 0, 'new', 1, 1, 'both', 0, 0, '2020-11-17 10:40:08', '2024-01-02 12:57:28', 0),
(41, 1, 15, 1, 0, 0, 0.000000, 1, NULL, 0, 36.585366, 45.000000, '', 0.000000, 0.00, 0, 0, 0, 1, '301-category', 0, 1, '0000-00-00', 0, 'new', 1, 1, 'both', 0, 0, '2020-11-17 10:40:08', '2021-02-20 12:07:37', 3),
(42, 1, 15, 1, 0, 0, 0.000000, 1, NULL, 0, 8.943089, 11.600000, '', 0.000000, 0.00, 0, 0, 0, 1, '301-category', 0, 1, '0000-00-00', 0, 'new', 1, 1, 'both', 0, 0, '2020-11-17 10:40:08', '2024-01-02 12:57:47', 0),
(43, 1, 30, 1, 0, 0, 0.000000, 1, NULL, 0, 20.325203, 25.500000, '', 0.000000, 0.00, 0, 0, 0, 1, '301-category', 0, 1, '0000-00-00', 0, 'new', 1, 1, 'both', 0, 0, '2020-11-17 10:40:08', '2024-01-02 12:58:05', 0),
(44, 1, 30, 1, 0, 0, 0.000000, 1, NULL, 0, 26.016260, 36.000000, '', 0.000000, 0.00, 0, 0, 0, 1, '301-category', 0, 1, '0000-00-00', 0, 'new', 1, 1, 'both', 0, 0, '2020-11-17 10:40:08', '2024-01-02 12:58:17', 0),
(45, 1, 30, 1, 0, 0, 0.000000, 1, NULL, 0, 31.707317, 38.500000, '', 0.000000, 0.00, 0, 0, 0, 1, '301-category', 0, 1, '0000-00-00', 0, 'new', 1, 1, 'both', 0, 0, '2020-11-17 10:40:08', '2024-01-02 12:58:29', 0),
(46, 1, 14, 1, 0, 0, 0.000000, 1, NULL, 0, 20.325203, 25.500000, '', 0.000000, 0.00, 0, 0, 0, 1, '301-category', 0, 1, '0000-00-00', 0, 'new', 1, 1, 'both', 0, 0, '2020-11-17 10:40:08', '2024-01-10 10:51:55', 0),
(47, 1, 20, 1, 0, 0, 0.000000, 1, NULL, 0, 30.081301, 50.660000, '', 0.000000, 0.00, 0, 0, 0, 1, '301-category', 0, 1, '0000-00-00', 0, 'new', 1, 1, 'both', 0, 0, '2020-11-17 10:40:08', '2024-01-02 13:39:56', 0),
(48, 1, 20, 1, 0, 0, 0.000000, 1, NULL, 0, 30.081301, 50.660000, '', 0.000000, 0.00, 0, 0, 0, 1, '301-category', 0, 1, '0000-00-00', 0, 'new', 1, 1, 'both', 0, 0, '2020-11-17 10:40:08', '2024-01-02 13:40:39', 0),
(49, 1, 20, 1, 0, 0, 0.000000, 1, NULL, 0, 30.081301, 50.660000, '', 0.000000, 0.00, 0, 0, 0, 1, '301-category', 0, 1, '0000-00-00', 0, 'new', 1, 1, 'both', 0, 0, '2020-11-17 10:40:08', '2024-01-02 13:40:50', 0),
(50, 1, 20, 1, 0, 0, 0.000000, 1, NULL, 0, 32.520325, 45.000000, '', 0.000000, 0.00, 0, 0, 0, 1, '301-category', 0, 1, '0000-00-00', 0, 'new', 1, 1, 'both', 0, 0, '2020-11-17 10:40:08', '2024-01-02 13:41:05', 0),
(51, 1, 20, 1, 0, 0, 0.000000, 1, NULL, 0, 38.211382, 51.300000, '', 0.000000, 0.00, 0, 0, 0, 1, '301-category', 0, 1, '0000-00-00', 0, 'new', 1, 1, 'both', 0, 0, '2020-11-17 10:40:08', '2024-01-02 13:41:19', 0),
(52, 1, 20, 1, 0, 0, 0.000000, 1, NULL, 0, 32.520325, 44.900000, '', 0.000000, 0.00, 0, 0, 0, 1, '301-category', 0, 1, '0000-00-00', 0, 'new', 1, 1, 'both', 0, 0, '2020-11-17 10:40:08', '2024-01-02 13:41:32', 0),
(53, 1, 20, 1, 0, 0, 0.000000, 1, NULL, 0, 33.333333, 46.170000, '', 0.000000, 0.00, 0, 0, 0, 1, '301-category', 0, 1, '0000-00-00', 0, 'new', 1, 1, 'both', 0, 0, '2020-11-17 10:40:08', '2024-01-02 13:41:43', 0),
(54, 1, 20, 1, 0, 0, 0.000000, 1, NULL, 0, 30.081301, 50.990000, '', 0.000000, 0.00, 0, 0, 0, 1, '301-category', 0, 1, '0000-00-00', 0, 'new', 1, 1, 'both', 0, 0, '2020-11-17 10:40:08', '2024-01-02 13:41:56', 0),
(55, 1, 20, 1, 0, 0, 0.000000, 1, NULL, 0, 42.276423, 64.770000, '', 0.000000, 0.00, 0, 0, 0, 1, '301-category', 0, 1, '0000-00-00', 0, 'new', 1, 1, 'both', 0, 0, '2020-11-17 10:40:08', '2024-01-02 13:42:11', 0),
(56, 1, 20, 1, 0, 0, 0.000000, 1, NULL, 0, 40.650407, 58.990000, '', 0.000000, 0.00, 0, 0, 0, 1, '301-category', 0, 1, '0000-00-00', 0, 'new', 1, 1, 'both', 0, 0, '2020-11-17 10:40:08', '2024-01-02 13:42:28', 0),
(57, 1, 20, 1, 0, 0, 0.000000, 1, NULL, 0, 44.715447, 62.000000, '', 0.000000, 0.00, 0, 0, 0, 1, '301-category', 0, 1, '0000-00-00', 0, 'new', 1, 1, 'both', 0, 0, '2020-11-17 10:40:08', '2024-01-14 15:20:36', 0),
(58, 1, 20, 1, 0, 0, 0.000000, 1, NULL, 0, 142.276423, 175.000000, '', 0.000000, 0.00, 0, 0, 0, 1, '301-category', 0, 1, '0000-00-00', 0, 'new', 1, 1, 'both', 0, 0, '2020-11-17 10:40:08', '2023-06-05 17:44:03', 0),
(59, 1, 20, 1, 0, 0, 0.000000, 1, NULL, 0, 0.000000, 0.000000, '', 0.000000, 0.00, 0, 0, 0, 0, '301-category', 0, 1, '0000-00-00', 0, 'new', 1, 0, 'both', 0, 0, '2020-11-17 10:40:08', '2020-11-17 14:41:03', 3),
(60, 1, 20, 1, 0, 0, 0.000000, 1, NULL, 0, 0.000000, 0.000000, '', 0.000000, 0.00, 0, 0, 0, 0, '301-category', 0, 1, '0000-00-00', 0, 'new', 1, 0, 'both', 0, 0, '2020-11-17 10:40:08', '2020-11-17 14:41:18', 3),
(61, 1, 20, 1, 0, 0, 0.000000, 1, NULL, 0, 0.000000, 0.000000, '', 0.000000, 0.00, 0, 0, 0, 0, '301-category', 0, 1, '0000-00-00', 0, 'new', 1, 0, 'both', 0, 0, '2020-11-17 10:40:08', '2020-11-17 14:41:34', 3),
(62, 1, 20, 1, 0, 0, 0.000000, 1, NULL, 0, 0.000000, 0.000000, '', 0.000000, 0.00, 0, 0, 0, 0, '301-category', 0, 1, '0000-00-00', 0, 'new', 1, 0, 'both', 0, 0, '2020-11-17 10:40:08', '2020-11-17 14:41:49', 3),
(63, 1, 20, 1, 0, 0, 0.000000, 1, NULL, 0, 0.000000, 0.000000, '', 0.000000, 0.00, 0, 0, 0, 0, '301-category', 0, 1, '0000-00-00', 0, 'new', 1, 0, 'both', 0, 0, '2020-11-17 10:40:08', '2020-11-17 14:42:04', 3),
(64, 1, 2, 1, 0, 0, 0.000000, 1, NULL, 0, 89.430894, 0.000000, '', 0.000000, 0.00, 0, 0, 0, 1, '301-category', 0, 1, '0000-00-00', 0, 'new', 1, 1, 'both', 0, 0, '2022-07-02 15:20:24', '2024-01-02 12:58:47', 0),
(66, 1, 19, 1, 0, 0, 0.000000, 1, NULL, 0, 32.520325, 0.000000, '', 0.000000, 0.00, 0, 0, 0, 1, '301-category', 0, 1, '0000-00-00', 0, 'new', 1, 1, 'both', 0, 0, '2023-10-19 16:23:28', '2023-10-23 11:32:38', 0);

-- --------------------------------------------------------

--
-- Estrutura da tabela `ps_product_supplier`
--

