CREATE TABLE `ps_product_supplier` (
  `id_product_supplier` int(11) UNSIGNED NOT NULL,
  `id_product` int(11) UNSIGNED NOT NULL,
  `id_product_attribute` int(11) UNSIGNED NOT NULL DEFAULT '0',
  `id_supplier` int(11) UNSIGNED NOT NULL,
  `product_supplier_reference` varchar(64) DEFAULT NULL,
  `product_supplier_price_te` decimal(20,6) NOT NULL DEFAULT '0.000000',
  `id_currency` int(11) UNSIGNED NOT NULL
) ENGINE=InnoDB DEFAULT CHARSET=utf8;

--
-- Extraindo dados da tabela `ps_product_supplier`
--

INSERT INTO `ps_product_supplier` (`id_product_supplier`, `id_product`, `id_product_attribute`, `id_supplier`, `product_supplier_reference`, `product_supplier_price_te`, `id_currency`) VALUES
(1, 1, 0, 1, '1.1', 29.650000, 1),
(2, 2, 0, 1, '1.1L', 44.500000, 1),
(3, 3, 0, 1, '1.3', 34.100000, 1),
(4, 4, 0, 1, '1.4L', 44.000000, 1),
(5, 5, 0, 1, '2.1', 29.650000, 1),
(6, 6, 0, 1, '2.1L', 44.500000, 1),
(7, 7, 0, 1, '2.4L', 41.180000, 1),
(8, 8, 0, 1, '3.1', 29.650000, 1),
(9, 9, 0, 1, '3.1L', 44.500000, 1),
(10, 10, 0, 1, '3.4', 43.200000, 1),
(11, 11, 0, 1, '3.4.1', 45.750000, 1),
(12, 12, 0, 1, '3.4.2', 36.000000, 1),
(13, 13, 0, 1, '3.4.3A', 48.600000, 1),
(14, 14, 0, 1, '3.4.3B', 92.000000, 1),
(15, 15, 0, 1, '3.4.4', 43.700000, 1),
(16, 16, 0, 1, '3.4.5A', 68.350000, 1),
(17, 17, 0, 1, '3.4.5B', 41.500000, 1),
(18, 18, 0, 1, '3.4.6', 55.000000, 1),
(19, 19, 0, 1, '4.1', 29.650000, 1),
(20, 20, 0, 1, '4.1L', 44.500000, 1),
(21, 21, 0, 1, '4.1S', 0.000000, 1),
(22, 22, 0, 1, '4.1.1L', 48.700000, 1),
(23, 23, 0, 1, '4.2', 28.300000, 1),
(24, 24, 0, 1, '4.2L', 35.000000, 1),
(25, 25, 0, 1, '4.3', 41.500000, 1),
(26, 26, 0, 1, '4.3L', 65.820000, 1),
(27, 27, 0, 1, '4.3S', 0.000000, 1),
(28, 28, 0, 1, '4.4', 41.000000, 1),
(29, 29, 0, 1, '4.4.1', 38.700000, 1),
(30, 30, 0, 1, '4.5', 36.300000, 1),
(31, 31, 0, 1, '4.5S', 0.000000, 1),
(32, 32, 0, 1, '5.1', 29.650000, 1),
(33, 33, 0, 1, '5.1L', 44.500000, 1),
(34, 34, 0, 1, '5.1.1', 30.500000, 1),
(35, 35, 0, 1, '5.1.1L', 45.000000, 1),
(36, 36, 0, 1, '5.2', 26.500000, 1),
(37, 37, 0, 1, '5.2.1', 42.000000, 1),
(38, 38, 0, 1, '5.3', 36.800000, 1),
(39, 39, 0, 1, '5.3L', 56.000000, 1),
(40, 40, 0, 1, '5.5L', 44.000000, 1),
(41, 41, 0, 1, '5.5.1', 45.000000, 1),
(42, 42, 0, 1, '6.1', 11.600000, 1),
(43, 43, 0, 1, '7.1', 25.500000, 1),
(44, 44, 0, 1, '7.3', 36.000000, 1),
(45, 45, 0, 1, '7.4', 38.500000, 1),
(46, 46, 0, 1, 'TS', 25.500000, 1),
(47, 47, 0, 1, '1', 50.660000, 1),
(48, 48, 0, 1, '2', 50.660000, 1),
(49, 49, 0, 1, '3', 50.660000, 1),
(50, 50, 0, 1, '4', 45.000000, 1),
(51, 51, 0, 1, '5', 51.300000, 1),
(52, 52, 0, 1, '6', 44.900000, 1),
(53, 53, 0, 1, '7', 46.170000, 1),
(54, 54, 0, 1, '008GF', 50.990000, 1),
(55, 55, 0, 1, '009GF', 64.770000, 1),
(56, 56, 0, 1, '010GF', 58.990000, 1),
(57, 57, 0, 1, '011GF', 62.000000, 1),
(58, 58, 0, 1, '12MHS', 175.000000, 1),
(59, 59, 0, 1, 'DERMAROLLER', 0.000000, 1),
(60, 60, 0, 1, 'SPRAYDESIN', 0.000000, 1),
(61, 61, 0, 1, 'DERMAPEN', 0.000000, 1),
(62, 62, 0, 1, 'RECARGAPEN', 0.000000, 1),
(63, 63, 0, 1, 'DSDLUVAS', 0.000000, 1),
(64, 64, 0, 1, '', 0.000000, 1),
(65, 66, 0, 1, '', 0.000000, 1);

-- --------------------------------------------------------

--
-- Estrutura da tabela `ps_product_tab`
--

CREATE TABLE `ps_product_tab` (
  `id_product_tab` int(11) NOT NULL,
  `active` tinyint(1) DEFAULT '1',
  `product_id` int(11) NOT NULL,
  `position` int(11) NOT NULL,
  `tab_content_type` char(50) NOT NULL,
  `date_add` timestamp NOT NULL DEFAULT CURRENT_TIMESTAMP ON UPDATE CURRENT_TIMESTAMP,
  `date_upd` timestamp NOT NULL DEFAULT '0000-00-00 00:00:00'
) ENGINE=InnoDB DEFAULT CHARSET=utf8;

--
-- Extraindo dados da tabela `ps_product_tab`
--

INSERT INTO `ps_product_tab` (`id_product_tab`, `active`, `product_id`, `position`, `tab_content_type`, `date_add`, `date_upd`) VALUES
(1, 1, 1, 1, 'content', '2021-02-16 13:57:31', '2021-02-17 18:56:28'),
(2, 1, 1, 2, 'content', '2021-02-16 14:00:03', '2021-02-17 18:56:51'),
(3, 1, 1, 0, 'description', '2021-02-16 14:00:49', '2021-02-16 16:32:01'),
(4, 1, 58, 1, 'description', '2021-02-17 09:37:34', '2021-02-17 09:42:29'),
(5, 1, 58, 2, 'content', '2021-02-17 09:38:12', '2021-02-18 00:04:24'),
(6, 1, 58, 3, 'content', '2021-02-17 09:38:52', '2021-02-18 00:04:37'),
(7, 1, 57, 1, 'description', '2021-02-17 09:43:51', '2021-02-18 00:02:52'),
(8, 1, 57, 2, 'content', '2021-02-17 09:44:36', '2021-02-18 00:03:14'),
(9, 1, 57, 3, 'content', '2021-02-17 09:44:55', '2021-02-18 00:03:25'),
(10, 1, 56, 1, 'description', '2021-02-17 09:46:32', '2021-02-18 00:01:40'),
(11, 1, 56, 2, 'content', '2021-02-17 09:46:59', '2021-02-18 00:01:56'),
(12, 1, 56, 3, 'content', '2021-02-17 09:47:22', '2021-02-18 00:02:10'),
(13, 1, 55, 1, 'description', '2021-02-17 09:48:41', '2021-02-18 00:00:00'),
(14, 1, 55, 2, 'content', '2021-02-17 09:48:57', '2021-02-18 00:00:17'),
(15, 1, 55, 3, 'content', '2021-02-17 09:49:14', '2021-02-18 00:00:40'),
(16, 1, 54, 1, 'description', '2021-02-17 09:50:51', '2021-02-17 23:58:30'),
(17, 1, 54, 2, 'content', '2021-02-17 09:51:07', '2021-02-17 23:58:30'),
(18, 1, 54, 3, 'content', '2021-02-17 09:51:25', '2021-02-17 23:58:45'),
(19, 1, 53, 1, 'description', '2021-02-17 09:53:22', '2021-02-17 10:04:36'),
(20, 1, 53, 2, 'content', '2021-02-17 09:53:42', '2021-02-17 23:57:08'),
(21, 1, 53, 3, 'content', '2021-02-17 09:53:58', '2021-02-17 23:57:25'),
(22, 1, 52, 1, 'description', '2021-02-17 10:07:10', '2021-02-17 23:55:47'),
(23, 1, 52, 2, 'content', '2021-02-17 10:07:31', '2021-02-17 23:56:15'),
(24, 1, 52, 3, 'content', '2021-02-17 10:07:53', '2021-02-17 23:56:27'),
(25, 1, 51, 1, 'description', '2021-02-17 10:10:08', '2021-02-17 10:10:47'),
(26, 1, 51, 2, 'content', '2021-02-17 10:10:23', '2021-02-17 23:55:04'),
(27, 1, 51, 3, 'content', '2021-02-17 10:10:40', '2021-02-17 23:55:18'),
(28, 1, 50, 1, 'description', '2021-02-17 10:12:24', '2021-02-17 10:13:14'),
(29, 1, 50, 2, 'content', '2021-02-17 10:12:46', '2021-02-17 23:53:57'),
(30, 1, 50, 3, 'content', '2021-02-17 10:13:05', '2021-02-17 23:54:08'),
(31, 1, 49, 1, 'description', '2021-02-17 10:14:39', '2021-02-17 10:15:21'),
(32, 1, 49, 2, 'content', '2021-02-17 10:14:54', '2021-02-17 23:53:02'),
(33, 1, 49, 3, 'content', '2021-02-17 10:15:14', '2021-02-17 23:53:16'),
(34, 1, 48, 1, 'description', '2021-02-17 10:17:42', '2021-02-17 23:52:02'),
(35, 1, 48, 2, 'content', '2021-02-17 10:17:57', '2021-02-17 23:52:02'),
(36, 1, 48, 3, 'content', '2021-02-17 10:18:12', '2021-02-17 23:52:15'),
(37, 1, 47, 1, 'description', '2021-02-17 10:19:14', '2021-02-17 10:20:00'),
(38, 1, 47, 2, 'content', '2021-02-17 10:19:26', '2021-02-17 23:50:53'),
(39, 1, 47, 3, 'content', '2021-02-17 10:19:44', '2021-02-17 23:51:07'),
(40, 1, 46, 1, 'description', '2021-02-17 10:21:10', '2021-02-17 10:21:47'),
(41, 1, 46, 2, 'content', '2021-02-17 10:21:25', '2021-02-17 23:31:29'),
(42, 1, 46, 3, 'content', '2021-02-17 10:21:40', '2021-02-17 23:31:42'),
(43, 1, 45, 1, 'description', '2021-02-17 10:23:57', '2021-02-17 10:24:32'),
(44, 1, 45, 2, 'content', '2021-02-17 10:24:10', '2021-02-17 23:49:55'),
(45, 1, 45, 3, 'content', '2021-02-17 10:24:25', '2021-02-17 23:50:10'),
(46, 1, 44, 1, 'description', '2021-02-17 10:26:06', '2021-02-17 10:26:45'),
(47, 1, 44, 2, 'content', '2021-02-17 10:26:22', '2021-02-17 23:48:58'),
(48, 1, 44, 3, 'content', '2021-02-17 10:26:39', '2021-02-17 23:49:11'),
(49, 1, 43, 1, 'description', '2021-02-17 10:33:08', '2021-02-17 10:34:12'),
(50, 1, 43, 2, 'content', '2021-02-17 10:33:27', '2021-02-17 23:48:03'),
(51, 1, 43, 3, 'content', '2021-02-17 10:34:06', '2021-02-17 23:48:15'),
(52, 1, 42, 1, 'description', '2021-02-17 10:35:22', '2021-02-17 10:35:56'),
(53, 1, 42, 2, 'content', '2021-02-17 10:35:32', '2021-02-17 23:47:03'),
(54, 1, 42, 3, 'content', '2021-02-17 10:35:48', '2021-02-17 23:47:18'),
(55, 1, 41, 1, 'description', '2021-02-17 10:38:04', '2021-02-17 10:38:42'),
(56, 1, 41, 2, 'content', '2021-02-17 10:38:20', '2021-02-17 23:44:42'),
(57, 1, 41, 3, 'content', '2021-02-17 10:38:36', '2021-02-17 23:44:54'),
(58, 1, 40, 1, 'description', '2021-02-17 10:40:29', '2021-02-17 10:41:13'),
(59, 1, 40, 2, 'content', '2021-02-17 10:40:43', '2021-02-17 23:45:49'),
(60, 1, 40, 3, 'content', '2021-02-17 10:41:08', '2021-02-17 23:46:03'),
(61, 1, 39, 1, 'description', '2021-02-17 10:44:35', '2021-02-17 23:39:46'),
(62, 1, 39, 2, 'content', '2021-02-17 10:44:45', '2021-02-17 23:40:13'),
(63, 1, 39, 3, 'content', '2021-02-17 10:44:59', '2021-02-17 23:39:55'),
(64, 1, 38, 1, 'description', '2021-02-17 10:46:27', '2021-02-17 10:46:59'),
(65, 1, 38, 2, 'content', '2021-02-17 10:46:37', '2021-02-17 23:39:14'),
(66, 1, 38, 3, 'content', '2021-02-17 10:46:52', '2021-02-17 23:39:28'),
(67, 1, 37, 1, 'description', '2021-02-17 10:47:57', '2021-02-17 10:48:28'),
(68, 1, 37, 2, 'content', '2021-02-17 10:48:06', '2021-02-17 23:38:19'),
(69, 1, 37, 3, 'content', '2021-02-17 10:48:21', '2021-02-17 23:38:31'),
(70, 1, 36, 1, 'description', '2021-02-17 10:49:34', '2021-02-17 10:50:07'),
(71, 1, 36, 2, 'content', '2021-02-17 10:49:46', '2021-02-17 23:37:03'),
(72, 1, 36, 3, 'content', '2021-02-17 10:50:01', '2021-02-17 23:37:14'),
(73, 1, 35, 1, 'description', '2021-02-17 10:51:06', '2021-02-17 10:51:38'),
(74, 1, 35, 2, 'content', '2021-02-17 10:51:15', '2021-02-17 23:35:59'),
(75, 1, 35, 3, 'content', '2021-02-17 10:51:32', '2021-02-17 23:36:14'),
(76, 1, 34, 1, 'description', '2021-02-17 10:53:47', '2021-02-17 10:54:41'),
(77, 1, 34, 2, 'content', '2021-02-17 10:54:11', '2021-02-17 23:34:43'),
(78, 1, 34, 3, 'content', '2021-02-17 10:54:32', '2021-02-17 23:35:01'),
(79, 1, 33, 1, 'description', '2021-02-17 10:56:34', '2021-02-17 10:57:06'),
(80, 1, 33, 2, 'content', '2021-02-17 10:56:45', '2021-02-17 23:33:44'),
(81, 1, 33, 3, 'content', '2021-02-17 10:57:00', '2021-02-17 23:33:23'),
(82, 1, 32, 1, 'description', '2021-02-17 10:58:26', '2021-02-17 10:58:55'),
(83, 1, 32, 2, 'content', '2021-02-17 10:58:36', '2021-02-17 23:32:46'),
(84, 1, 32, 3, 'content', '2021-02-17 10:58:48', '2021-02-17 23:32:57'),
(85, 1, 31, 1, 'description', '2021-02-17 10:59:52', '2021-02-17 11:00:26'),
(86, 1, 31, 2, 'content', '2021-02-17 11:00:05', '2021-02-17 23:29:46'),
(87, 1, 31, 3, 'content', '2021-02-17 11:00:20', '2021-02-17 23:29:59'),
(88, 1, 30, 1, 'description', '2021-02-17 11:02:49', '2021-02-17 11:03:19'),
(89, 1, 30, 2, 'content', '2021-02-17 11:02:58', '2021-02-17 23:28:06'),
(90, 1, 30, 3, 'content', '2021-02-17 11:03:13', '2021-02-17 23:28:27'),
(91, 1, 29, 1, 'description', '2021-02-17 11:04:22', '2021-02-17 11:04:56'),
(92, 1, 29, 2, 'content', '2021-02-17 11:04:35', '2021-02-17 23:27:03'),
(93, 1, 29, 3, 'content', '2021-02-17 11:04:49', '2021-02-17 23:27:18'),
(94, 1, 28, 1, 'description', '2021-02-17 11:05:50', '2021-02-17 11:06:26'),
(95, 1, 28, 2, 'content', '2021-02-17 11:06:02', '2021-02-17 23:22:51'),
(96, 1, 28, 3, 'content', '2021-02-17 11:06:19', '2021-02-17 23:23:07'),
(97, 1, 27, 1, 'description', '2021-02-17 11:07:28', '2021-02-17 11:08:19'),
(98, 1, 27, 2, 'content', '2021-02-17 11:07:58', '2021-02-17 23:21:15'),
(99, 1, 27, 3, 'content', '2021-02-17 11:08:12', '2021-02-17 23:21:30'),
(100, 1, 26, 1, 'description', '2021-02-17 11:08:59', '2021-02-17 11:09:32'),
(101, 1, 26, 2, 'content', '2021-02-17 11:09:12', '2021-02-17 23:19:56'),
(102, 1, 26, 3, 'content', '2021-02-17 11:09:26', '2021-02-17 23:20:08'),
(103, 1, 25, 1, 'description', '2021-02-17 11:10:11', '2021-02-17 11:10:45'),
(104, 1, 25, 2, 'content', '2021-02-17 11:10:25', '2021-02-17 23:18:58'),
(105, 1, 25, 3, 'content', '2021-02-17 11:10:39', '2021-02-17 23:19:14'),
(106, 1, 24, 1, 'description', '2021-02-17 11:11:22', '2021-02-17 23:17:25'),
(107, 1, 24, 2, 'content', '2021-02-17 11:11:32', '2021-02-17 23:17:42'),
(108, 1, 24, 3, 'content', '2021-02-17 11:11:46', '2021-02-17 23:18:00'),
(109, 1, 23, 1, 'description', '2021-02-17 11:21:46', '2021-02-17 11:22:25'),
(110, 1, 23, 2, 'content', '2021-02-17 11:21:56', '2021-02-17 23:16:21'),
(111, 1, 23, 3, 'content', '2021-02-17 11:22:19', '2021-02-17 23:16:44'),
(112, 1, 22, 1, 'description', '2021-02-17 11:23:10', '2021-02-17 11:23:41'),
(113, 1, 22, 2, 'content', '2021-02-17 11:23:21', '2021-02-17 23:15:16'),
(114, 1, 22, 3, 'content', '2021-02-17 11:23:33', '2021-02-17 23:15:30'),
(115, 1, 21, 1, 'description', '2021-02-17 11:24:22', '2021-02-17 11:24:55'),
(116, 1, 21, 2, 'content', '2021-02-17 11:24:34', '2021-02-17 23:10:47'),
(117, 1, 21, 3, 'content', '2021-02-17 11:24:48', '2021-02-17 23:11:01'),
(118, 1, 20, 1, 'description', '2021-02-17 11:25:37', '2021-02-17 11:26:25'),
(119, 1, 20, 2, 'content', '2021-02-17 11:25:49', '2021-02-17 23:08:54'),
(120, 1, 20, 3, 'content', '2021-02-17 11:26:18', '2021-02-17 23:09:07'),
(121, 1, 19, 1, 'description', '2021-02-17 11:27:55', '2021-02-17 11:28:27'),
(122, 1, 19, 2, 'content', '2021-02-17 11:28:07', '2021-02-17 23:07:35'),
(123, 1, 19, 3, 'content', '2021-02-17 11:28:23', '2021-02-17 23:07:50'),
(124, 1, 18, 1, 'description', '2021-02-17 11:29:06', '2021-02-17 11:29:40'),
(125, 1, 18, 2, 'content', '2021-02-17 11:29:20', '2021-02-17 23:06:38'),
(126, 1, 18, 3, 'content', '2021-02-17 11:29:34', '2021-02-17 23:06:49'),
(127, 1, 17, 1, 'description', '2021-02-17 11:30:17', '2021-02-17 11:30:51'),
(128, 1, 17, 2, 'content', '2021-02-17 11:30:29', '2021-02-17 23:05:22'),
(129, 1, 17, 3, 'content', '2021-02-17 11:30:45', '2021-02-17 23:05:35'),
(130, 1, 16, 1, 'description', '2021-02-17 11:31:28', '2021-02-17 11:32:00'),
(131, 1, 16, 2, 'content', '2021-02-17 11:31:42', '2021-02-17 23:03:57'),
(132, 1, 16, 3, 'content', '2021-02-17 11:31:54', '2021-02-17 23:04:13'),
(133, 1, 15, 1, 'description', '2021-02-17 11:32:39', '2021-02-17 11:33:16'),
(134, 1, 15, 2, 'content', '2021-02-17 11:32:49', '2021-02-17 23:02:45'),
(135, 1, 15, 3, 'content', '2021-02-17 11:33:07', '2021-02-17 23:02:58'),
(136, 1, 14, 1, 'description', '2021-02-17 11:33:50', '2021-02-17 11:34:22'),
(137, 1, 14, 2, 'content', '2021-02-17 11:34:02', '2021-02-17 23:01:45'),
(138, 1, 14, 3, 'content', '2021-02-17 11:34:17', '2021-02-17 23:01:58'),
(139, 1, 13, 1, 'description', '2021-02-17 11:34:58', '2021-02-17 11:35:27'),
(140, 1, 13, 2, 'content', '2021-02-17 11:35:07', '2021-02-17 23:00:20'),
(141, 1, 13, 3, 'content', '2021-02-17 11:35:22', '2021-02-17 23:00:38'),
(142, 1, 12, 1, 'description', '2021-02-17 11:36:00', '2021-02-17 11:36:31'),
(143, 1, 12, 2, 'content', '2021-02-17 11:36:13', '2021-02-17 19:13:16'),
(144, 1, 12, 3, 'content', '2021-02-17 11:36:26', '2021-02-17 19:13:31'),
(145, 1, 11, 1, 'description', '2021-02-17 11:37:37', '2021-02-17 11:38:04'),
(146, 1, 11, 2, 'content', '2021-02-17 11:37:46', '2021-02-17 19:11:57'),
(147, 1, 11, 3, 'content', '2021-02-17 11:37:59', '2021-02-17 19:12:13'),
(148, 1, 10, 1, 'description', '2021-02-17 11:38:42', '2021-02-17 11:39:11'),
(149, 1, 10, 2, 'content', '2021-02-17 11:38:50', '2021-02-17 19:10:14'),
(150, 1, 10, 3, 'content', '2021-02-17 11:39:05', '2021-02-17 19:10:32'),
(151, 1, 9, 1, 'description', '2021-02-17 11:39:51', '2021-02-17 11:40:25'),
(152, 1, 9, 2, 'content', '2021-02-17 11:40:01', '2021-02-17 19:07:29'),
(153, 1, 9, 3, 'content', '2021-02-17 11:40:20', '2021-02-20 11:40:20'),
(154, 1, 8, 1, 'description', '2021-02-17 11:41:18', '2021-02-17 11:41:44'),
(155, 1, 8, 2, 'content', '2021-02-17 11:41:27', '2021-02-17 19:04:06'),
(156, 1, 8, 3, 'content', '2021-02-17 11:41:39', '2021-02-17 19:04:24'),
(157, 1, 7, 1, 'description', '2021-02-17 11:42:19', '2021-02-17 11:42:48'),
(158, 1, 7, 2, 'content', '2021-02-17 11:42:29', '2021-02-17 19:03:13'),
(159, 1, 7, 3, 'content', '2021-02-17 11:42:41', '2021-02-17 19:03:30'),
(160, 1, 6, 1, 'description', '2021-02-17 11:43:18', '2021-02-17 11:43:47'),
(161, 1, 6, 2, 'content', '2021-02-17 11:43:28', '2021-02-17 19:02:29'),
(162, 1, 6, 3, 'content', '2021-02-17 11:43:41', '2021-02-17 19:02:03'),
(163, 1, 5, 1, 'description', '2021-02-17 11:44:23', '2021-02-17 11:45:07'),
(164, 1, 5, 2, 'content', '2021-02-17 11:44:39', '2021-02-17 19:01:26'),
(165, 1, 5, 3, 'content', '2021-02-17 11:44:57', '2021-02-17 19:01:41'),
(166, 1, 4, 1, 'description', '2021-02-17 11:45:38', '2021-02-17 11:46:07'),
(167, 1, 4, 2, 'content', '2021-02-17 11:45:48', '2021-02-17 19:00:30'),
(168, 1, 4, 3, 'content', '2021-02-17 11:46:00', '2021-02-17 19:00:47'),
(169, 1, 3, 1, 'description', '2021-02-17 11:46:45', '2021-02-17 11:47:30'),
(170, 1, 3, 2, 'content', '2021-02-17 11:47:04', '2021-02-17 18:59:30'),
(171, 1, 3, 3, 'content', '2021-02-17 11:47:25', '2021-02-17 18:59:51'),
(172, 1, 2, 1, 'description', '2021-02-17 11:48:07', '2021-02-17 11:48:46'),
(173, 1, 2, 2, 'content', '2021-02-17 11:48:24', '2021-02-17 18:58:19'),
(174, 1, 2, 3, 'content', '2021-02-17 11:48:37', '2021-02-17 18:58:42'),
(175, 1, 64, 1, 'description', '2021-02-17 09:37:34', '2021-02-17 09:42:29'),
(176, 1, 64, 2, 'content', '2021-02-17 09:38:12', '2021-02-18 00:04:24'),
(177, 1, 64, 3, 'content', '2021-02-17 09:38:52', '2021-02-18 00:04:37');

-- --------------------------------------------------------

--
-- Estrutura da tabela `ps_product_tab_global`
--

CREATE TABLE `ps_product_tab_global` (
  `id_product_tab_global` int(11) NOT NULL,
  `active` tinyint(1) DEFAULT '1',
  `position` int(11) NOT NULL,
  `id_shop_default` int(11) NOT NULL,
  `tab_content_type` char(50) NOT NULL,
  `date_add` timestamp NOT NULL DEFAULT CURRENT_TIMESTAMP ON UPDATE CURRENT_TIMESTAMP,
  `date_upd` timestamp NOT NULL DEFAULT '0000-00-00 00:00:00'
) ENGINE=InnoDB DEFAULT CHARSET=utf8;

--
-- Extraindo dados da tabela `ps_product_tab_global`
--

INSERT INTO `ps_product_tab_global` (`id_product_tab_global`, `active`, `position`, `id_shop_default`, `tab_content_type`, `date_add`, `date_upd`) VALUES
(4, 1, 0, 1, 'description', '2021-02-16 14:15:09', '2021-02-16 14:17:09');

-- --------------------------------------------------------

--
-- Estrutura da tabela `ps_product_tab_global_categories`
--

CREATE TABLE `ps_product_tab_global_categories` (
  `id_product_tab_global` int(11) NOT NULL,
  `category_id` int(11) NOT NULL
) ENGINE=InnoDB DEFAULT CHARSET=utf8;

--
-- Extraindo dados da tabela `ps_product_tab_global_categories`
--

INSERT INTO `ps_product_tab_global_categories` (`id_product_tab_global`, `category_id`) VALUES
(4, 2);

-- --------------------------------------------------------

--
-- Estrutura da tabela `ps_product_tab_global_group`
--

CREATE TABLE `ps_product_tab_global_group` (
  `id_product_tab_global` int(11) NOT NULL,
  `id_group` int(11) NOT NULL
) ENGINE=InnoDB DEFAULT CHARSET=utf8;

--
-- Extraindo dados da tabela `ps_product_tab_global_group`
--

INSERT INTO `ps_product_tab_global_group` (`id_product_tab_global`, `id_group`) VALUES
(4, 1),
(4, 2),
(4, 3);

-- --------------------------------------------------------

--
-- Estrutura da tabela `ps_product_tab_global_lang`
--

CREATE TABLE `ps_product_tab_global_lang` (
  `id_product_tab_global` int(11) NOT NULL,
  `id_lang` int(11) NOT NULL,
  `id_shop` int(11) NOT NULL,
  `title` char(255) NOT NULL,
  `content` varchar(10000) NOT NULL
) ENGINE=InnoDB DEFAULT CHARSET=utf8;

--
-- Extraindo dados da tabela `ps_product_tab_global_lang`
--

INSERT INTO `ps_product_tab_global_lang` (`id_product_tab_global`, `id_lang`, `id_shop`, `title`, `content`) VALUES
(4, 1, 1, 'Descrição', '');

-- --------------------------------------------------------

--
-- Estrutura da tabela `ps_product_tab_global_manufacturers`
--

CREATE TABLE `ps_product_tab_global_manufacturers` (
  `id_product_tab_global` int(11) NOT NULL,
  `manufacturer_id` int(11) NOT NULL
) ENGINE=InnoDB DEFAULT CHARSET=utf8;

-- --------------------------------------------------------

--
-- Estrutura da tabela `ps_product_tab_global_shop`
--

CREATE TABLE `ps_product_tab_global_shop` (
  `id_product_tab_global` int(11) NOT NULL,
  `id_shop` int(11) NOT NULL,
  `tab_content_type` char(50) NOT NULL
) ENGINE=InnoDB DEFAULT CHARSET=utf8;

--
-- Extraindo dados da tabela `ps_product_tab_global_shop`
--

INSERT INTO `ps_product_tab_global_shop` (`id_product_tab_global`, `id_shop`, `tab_content_type`) VALUES
(4, 1, 'description');

-- --------------------------------------------------------

--
-- Estrutura da tabela `ps_product_tab_global_suppliers`
--

CREATE TABLE `ps_product_tab_global_suppliers` (
  `id_product_tab_global` int(11) NOT NULL,
  `supplier_id` int(11) NOT NULL
) ENGINE=InnoDB DEFAULT CHARSET=utf8;

-- --------------------------------------------------------

--
-- Estrutura da tabela `ps_product_tab_group`
--

CREATE TABLE `ps_product_tab_group` (
  `id_product_tab` int(11) NOT NULL,
  `id_group` int(11) NOT NULL
) ENGINE=InnoDB DEFAULT CHARSET=utf8;

--
-- Extraindo dados da tabela `ps_product_tab_group`
--

INSERT INTO `ps_product_tab_group` (`id_product_tab`, `id_group`) VALUES
(1, 1),
(1, 2),
(1, 3),
(2, 1),
(2, 2),
(2, 3),
(3, 1),
(3, 2),
(3, 3),
(4, 1),
(4, 2),
(4, 3),
(5, 1),
(5, 2),
(5, 3),
(6, 1),
(6, 2),
(6, 3),
(7, 1),
(7, 2),
(7, 3),
(8, 1),
(8, 2),
(8, 3),
(9, 1),
(9, 2),
(9, 3),
(10, 1),
(10, 2),
(10, 3),
(11, 1),
(11, 2),
(11, 3),
(12, 1),
(12, 2),
(12, 3),
(13, 1),
(13, 2),
(13, 3),
(14, 1),
(14, 2),
(14, 3),
(15, 1),
(15, 2),
(15, 3),
(16, 1),
(16, 2),
(16, 3),
(17, 1),
(17, 2),
(17, 3),
(18, 1),
(18, 2),
(18, 3),
(19, 1),
(19, 2),
(19, 3),
(20, 1),
(20, 2),
(20, 3),
(21, 1),
(21, 2),
(21, 3),
(22, 1),
(22, 2),
(22, 3),
(23, 1),
(23, 2),
(23, 3),
(24, 1),
(24, 2),
(24, 3),
(25, 1),
(25, 2),
(25, 3),
(26, 1),
(26, 2),
(26, 3),
(27, 1),
(27, 2),
(27, 3),
(28, 1),
(28, 2),
(28, 3),
(29, 1),
(29, 2),
(29, 3),
(30, 1),
(30, 2),
(30, 3),
(31, 1),
(31, 2),
(31, 3),
(32, 1),
(32, 2),
(32, 3),
(33, 1),
(33, 2),
(33, 3),
(34, 1),
(34, 2),
(34, 3),
(35, 1),
(35, 2),
(35, 3),
(36, 1),
(36, 2),
(36, 3),
(37, 1),
(37, 2),
(37, 3),
(38, 1),
(38, 2),
(38, 3),
(39, 1),
(39, 2),
(39, 3),
(40, 1),
(40, 2),
(40, 3),
(41, 1),
(41, 2),
(41, 3),
(42, 1),
(42, 2),
(42, 3),
(43, 1),
(43, 2),
(43, 3),
(44, 1),
(44, 2),
(44, 3),
(45, 1),
(45, 2),
(45, 3),
(46, 1),
(46, 2),
(46, 3),
(47, 1),
(47, 2),
(47, 3),
(48, 1),
(48, 2),
(48, 3),
(49, 1),
(49, 2),
(49, 3),
(50, 1),
(50, 2),
(50, 3),
(51, 1),
(51, 2),
(51, 3),
(52, 1),
(52, 2),
(52, 3),
(53, 1),
(53, 2),
(53, 3),
(54, 1),
(54, 2),
(54, 3),
(55, 1),
(55, 2),
(55, 3),
(56, 1),
(56, 2),
(56, 3),
(57, 1),
(57, 2),
(57, 3),
(58, 1),
(58, 2),
(58, 3),
(59, 1),
(59, 2),
(59, 3),
(60, 1),
(60, 2),
(60, 3),
(61, 1),
(61, 2),
(61, 3),
(62, 1),
(62, 2),
(62, 3),
(63, 1),
(63, 2),
(63, 3),
(64, 1),
(64, 2),
(64, 3),
(65, 1),
(65, 2),
(65, 3),
(66, 1),
(66, 2),
(66, 3),
(67, 1),
(67, 2),
(67, 3),
(68, 1),
(68, 2),
(68, 3),
(69, 1),
(69, 2),
(69, 3),
(70, 1),
(70, 2),
(70, 3),
(71, 1),
(71, 2),
(71, 3),
(72, 1),
(72, 2),
(72, 3),
(73, 1),
(73, 2),
(73, 3),
(74, 1),
(74, 2),
(74, 3),
(75, 1),
(75, 2),
(75, 3),
(76, 1),
(76, 2),
(76, 3),
(77, 1),
(77, 2),
(77, 3),
(78, 1),
(78, 2),
(78, 3),
(79, 1),
(79, 2),
(79, 3),
(80, 1),
(80, 2),
(80, 3),
(81, 1),
(81, 2),
(81, 3),
(82, 1),
(82, 2),
(82, 3),
(83, 1),
(83, 2),
(83, 3),
(84, 1),
(84, 2),
(84, 3),
(85, 1),
(85, 2),
(85, 3),
(86, 1),
(86, 2),
(86, 3),
(87, 1),
(87, 2),
(87, 3),
(88, 1),
(88, 2),
(88, 3),
(89, 1),
(89, 2),
(89, 3),
(90, 1),
(90, 2),
(90, 3),
(91, 1),
(91, 2),
(91, 3),
(92, 1),
(92, 2),
(92, 3),
(93, 1),
(93, 2),
(93, 3),
(94, 1),
(94, 2),
(94, 3),
(95, 1),
(95, 2),
(95, 3),
(96, 1),
(96, 2),
(96, 3),
(97, 1),
(97, 2),
(97, 3),
(98, 1),
(98, 2),
(98, 3),
(99, 1),
(99, 2),
(99, 3),
(100, 1),
(100, 2),
(100, 3),
(101, 1),
(101, 2),
(101, 3),
(102, 1),
(102, 2),
(102, 3),
(103, 1),
(103, 2),
(103, 3),
(104, 1),
(104, 2),
(104, 3),
(105, 1),
(105, 2),
(105, 3),
(106, 1),
(106, 2),
(106, 3),
(107, 1),
(107, 2),
(107, 3),
(108, 1),
(108, 2),
(108, 3),
(109, 1),
(109, 2),
(109, 3),
(110, 1),
(110, 2),
(110, 3),
(111, 1),
(111, 2),
(111, 3),
(112, 1),
(112, 2),
(112, 3),
(113, 1),
(113, 2),
(113, 3),
(114, 1),
(114, 2),
(114, 3),
(115, 1),
(115, 2),
(115, 3),
(116, 1),
(116, 2),
(116, 3),
(117, 1),
(117, 2),
(117, 3),
(118, 1),
(118, 2),
(118, 3),
(119, 1),
(119, 2),
(119, 3),
(120, 1),
(120, 2),
(120, 3),
(121, 1),
(121, 2),
(121, 3),
(122, 1),
(122, 2),
(122, 3),
(123, 1),
(123, 2),
(123, 3),
(124, 1),
(124, 2),
(124, 3),
(125, 1),
(125, 2),
(125, 3),
(126, 1),
(126, 2),
(126, 3),
(127, 1),
(127, 2),
(127, 3),
(128, 1),
(128, 2),
(128, 3),
(129, 1),
(129, 2),
(129, 3),
(130, 1),
(130, 2),
(130, 3),
(131, 1),
(131, 2),
(131, 3),
(132, 1),
(132, 2),
(132, 3),
(133, 1),
(133, 2),
(133, 3),
(134, 1),
(134, 2),
(134, 3),
(135, 1),
(135, 2),
(135, 3),
(136, 1),
(136, 2),
(136, 3),
(137, 1),
(137, 2),
(137, 3),
(138, 1),
(138, 2),
(138, 3),
(139, 1),
(139, 2),
(139, 3),
(140, 1),
(140, 2),
(140, 3),
(141, 1),
(141, 2),
(141, 3),
(142, 1),
(142, 2),
(142, 3),
(143, 1),
(143, 2),
(143, 3),
(144, 1),
(144, 2),
(144, 3),
(145, 1),
(145, 2),
(145, 3),
(146, 1),
(146, 2),
(146, 3),
(147, 1),
(147, 2),
(147, 3),
(148, 1),
(148, 2),
(148, 3),
(149, 1),
(149, 2),
(149, 3),
(150, 1),
(150, 2),
(150, 3),
(151, 1),
(151, 2),
(151, 3),
(152, 1),
(152, 2),
(152, 3),
(153, 1),
(153, 2),
(153, 3),
(154, 1),
(154, 2),
(154, 3),
(155, 1),
(155, 2),
(155, 3),
(156, 1),
(156, 2),
(156, 3),
(157, 1),
(157, 2),
(157, 3),
(158, 1),
(158, 2),
(158, 3),
(159, 1),
(159, 2),
(159, 3),
(160, 1),
(160, 2),
(160, 3),
(161, 1),
(161, 2),
(161, 3),
(162, 1),
(162, 2),
(162, 3),
(163, 1),
(163, 2),
(163, 3),
(164, 1),
(164, 2),
(164, 3),
(165, 1),
(165, 2),
(165, 3),
(166, 1),
(166, 2),
(166, 3),
(167, 1),
(167, 2),
(167, 3),
(168, 1),
(168, 2),
(168, 3),
(169, 1),
(169, 2),
(169, 3),
(170, 1),
(170, 2),
(170, 3),
(171, 1),
(171, 2),
(171, 3),
(172, 1),
(172, 2),
(172, 3),
(173, 1),
(173, 2),
(173, 3),
(174, 1),
(174, 2),
(174, 3),
(175, 1),
(176, 2),
(177, 3);

-- --------------------------------------------------------

--
-- Estrutura da tabela `ps_product_tab_lang`
--

CREATE TABLE `ps_product_tab_lang` (
  `id_product_tab` int(11) NOT NULL,
  `id_lang` int(11) NOT NULL,
  `id_shop` int(11) NOT NULL,
  `title` char(255) NOT NULL,
  `content` varchar(10000) NOT NULL
) ENGINE=InnoDB DEFAULT CHARSET=utf8;

--
-- Extraindo dados da tabela `ps_product_tab_lang`
--

INSERT INTO `ps_product_tab_lang` (`id_product_tab`, `id_lang`, `id_shop`, `title`, `content`) VALUES
(1, 1, 1, 'Modo de Uso', '<p class=\"MsoNormal\"><span style=\"font-family:&quot;Arial&quot;,sans-serif\">O champô pode ser usado diariamente ou em dias alternados. Aplicar nos cabelos húmidos e massajar ligeiramente, deixar atuar 2 a 5 minutos e enxaguar com bastante água. Para obter melhores resultados, use <b>1.3 DIXIDOX DE LUXE PEELING</b> pelo menos uma vez por semana antes da lavagem. Recomenda-se também aplicar <b>1.4L DIXIDOX DE LUXE ANTISEBORRHEIC LOTION </b>após a lavagem.</span></p>'),
(2, 1, 1, 'Ingredientes', '<p class=\"MsoNormal\"><span style=\"font-family:&quot;Arial&quot;,sans-serif\">AQUA (WATER), SODIUM LAURETH SULFATE, PROPYLENE GLYCOL, COCAMIDE DEA, COCAMIDOPROPYL BETAINE, SODIUM CHLORIDE, NASTURTIUM OFFICINALE EXTRACT, TROPAEOLUM MAJUS FLOWER EXTRACT, TOCOPHERYL ACETATE, SALVIA OFFICINALIS (SAGE) LEAF EXTRACT, ROSMARINUS OFFICINALIS (ROSEMARY) LEAF EXTRACT, PINUS SYLVESTRIS BUD EXTRACT, PUNICA GRANATUM FRUIT EXTRACT, LAMIUM ALBUM EXTRACT, HYDROLYZED DNA, CITRUS LIMON (LEMON) PEEL EXTRACT, CHAMOMILLA RECUTITA (MATRICARIA) FLOWER EXTRACT, CALENDULA OFFICINALIS FLOWER EXTRACT, RETINYL PALMITATE, INOSITOL, BIOTIN, HYDROLYZED KERATIN, HYDROLYZED RNA, FAEX, HYDROLYZED COLLAGEN, PANTHENOL, ASCORBYL PALMITATE, HEDERA HELIX (IVY) LEAF EXTRACT, AESCULUS HIPPOCASTANUM (HORSE CHESTNUT) SEED EXTRACT, MEL EXTRACT, BUTYL AVOCADATE, TOCOPHEROL, ARNICA MONTANA FLOWER EXTRACT, ARCTIUM MAJUS ROOT EXTRACT, LECITHIN, PROPYL GALLATE, MAGNESIUM CHLORIDE, EUCALYPTOL, MIMOSA TENUIFLORA (MIMOSA) LEAF EXTRACT, PIROCTONE OLAMINE, MENTHOL, GLYCOL DISTEARATE, SALICYLIC ACID, ETHOXYDIGLYCOL, TRIETHANOLAMINE, SODIUM HYDROXIDE, COCAMIDE MEA, COCO-GLUCOSIDE, SODIUM SULFATE, GLYCERYL OLEATE, PEG-40 HYDROGENATED CASTOR OIL, LAURETH-10, ALCOHOL DENAT., GLYCERIN, CALCIUM GLUCONATE, HYDROGENATED PALM GLYCERIDES CITRATE, GLUCONOLACTONE, MAGNESIUM NITRATE, SODIUM BENZOATE, CITRIC ACID, BENZOIC ACID, POTASSIUM SORBATE, METHYLCHLOROISOTHIAZOLINONE, PHENOXYETHANOL, METHYLISOTHIAZOLINONE, BUTYLENE GLYCOL, PARFUM (FRAGRANCE), LIMONENE, HEXYL CINNAMAL, GERANIOL, CI 50420</span></p>'),
(3, 1, 1, 'Descrição', ''),
(4, 1, 1, 'Descrição', ''),
(5, 1, 1, 'Modo de Uso', '<p class=\"MsoNormal\"><span style=\"font-family:&quot;Arial&quot;,sans-serif\">Produto de uso exclusivamente profissional.</span></p>'),
(6, 1, 1, 'Ingredientes', '<p class=\"MsoNormal\"><span style=\"font-family:&quot;Arial&quot;,sans-serif\">AQUA, SODIUM DIHYDROGENPHOSPHATE DIHYDRATE, POTASSIUM CHLORIDE, SODIUM HYDROXIDE, GLUTAMINE, MAGNESIUM SULFATE, AMINOBUTYRIC ACID, BENZALKONIUM CHLORIDE, SODIUM ASCORBATE, ALANINE, ARGININE, LYSINE HYDROCHLORIDE, VALINE, LEUCINE, HISTIDINE, THREONINE, TRYPTOPHAN, ISOLEUCINE, PHENYLALANINE, TYROSINE, GLYCINE, SERINE, THYMINE, NIACINAMIDE, ASPARTIC ACID, ADENOSINE CYCLIC PHOSPHATE, CYSTINE, CYTOSINE, GLUTATHIONE, GLUTAMIC ACID, NICOTINAMIDE ADENINE DINUCLEOTIDE, ORNITHINE HCL, PROLINE, TAURINE, METHIONINE, HYDROXYPROLINE, COENZYME A, THIAMINE DIPHOSPHATE, POLYSORBATE 80, DISODIUM FLAVIN ADENINE DINUCLEOTIDE, CYANOCOBALAMINE, THIAMINE NITRATE, PEG-35 CASTOR OIL, PHENOXYETHANOL, GLYCERIN, INOSITOL, PYRIDOXINE HCL, RETINYL PALMITATE, GLYCINE SOJA (SOYBEAN) OIL, SODIUM OLEATE, DISODIUM EDTA, TOCOPHEROL, RIBOFLAVIN, FOLIC ACID, BIOTIN, CALCIUM PANTOTHENATE, MENADIONE, HYDROGENATED LECITHIN, COPPER TRIPEPTIDE-1, SH-POLYPEPTIDE-9, SH-OLIGOPEPTIDE-2, SH-POLYPEPTIDE-1</span></p>'),
(7, 1, 1, 'Descrição', ''),
(8, 1, 1, 'Modo de Uso', '<p class=\"MsoNormal\"><span style=\"font-family:&quot;Arial&quot;,sans-serif\">Agitar a loção antes de usar. Aplique 2ml. no couro cabeludo seco ou húmido. Distribua com massagens suaves. Não lave. O período mínimo de uso recomendado é de 3 meses.</span></p>'),
(9, 1, 1, 'Ingredientes', '<p class=\"MsoNormal\"><span style=\"font-family:&quot;Arial&quot;,sans-serif\">AQUA (WATER), ALCOHOL DENAT., BETAINE, PROPYLENE GLYCOL, GLYCERIN, MENTHYL LACTATE, OLIGOPEPTIDE-74, OLIGOPEPTIDE-91, HYDROGENATED LECITHIN, PLACENTAL PROTEIN, ROSMARINUS OFFICINALIS (ROSEMARY) LEAF OIL, GLYCINE SOJA (SOYBEAN) OIL, SODIUM OLEATE, DISODIUM EDTA, ETHOXYDIGLYCOL, PEG-40 HYDROGENATED CASTOR OIL, SODIUM SUCCINATE, PHENOXYETHANOL, CHLORPHENESIN, LIMONENE</span></p>'),
(10, 1, 1, 'Descrição', ''),
(11, 1, 1, 'Modo de Uso', '<p class=\"MsoNormal\"><span style=\"font-family:&quot;Arial&quot;,sans-serif\">Aplicar no couro cabeludo e no cabelo seco ou de preferência húmido. Massaje uniformemente. Não lave. Use 2 a 3 vezes por semana para obter melhores resultados.</span></p>'),
(12, 1, 1, 'Ingredientes', '<p class=\"MsoNormal\"><span style=\"font-family:&quot;Arial&quot;,sans-serif\">AQUA (WATER), CYCLOPENTASILOXANE, POLYACRYLAMIDE, DIMETHICONOL, Oligopeptide-74, Oligopeptide-91, HYDROGENATED LECITHIN, HYDROLYZED KERATIN, PLACENTAL PROTEIN, GLYCINE Soja (SOYBEAN) OIL, TCOPHEROL, SODIUM OLEATE, DISODIUM EDTA, TETRASODIUM GLUTAMATE DIACETATE, Laureth-7, Polyquaternium-7, PROPYLENE GLYCOL, C13-14 ISOPARAFFIN, LACTIC ACID, PEG/Ppg-18/18 DIMETHICONE, GLYCERIN, SODIUM SUCCINATE, CHLORPHENESIN, SODIUM BENZOATE, ETHYLHEXYLGLYCERIN, PHENOXYETHANOL, BUTYLENE GLYCOL, PARFUM (FRAGANCE)</span></p>'),
(13, 1, 1, 'Descrição', ''),
(14, 1, 1, 'Modo de Uso', '<p class=\"MsoNormal\"><span style=\"font-family:&quot;Arial&quot;,sans-serif\">Aplique no cabelos húmido. Massaje uniformemente o cabelo e o couro cabeludo. Deixe atuar entre 5 a 10 minutos e depois enxague bem. Use 1 a 2 vezes por semana para obter melhores resultados.</span></p>'),
(15, 1, 1, 'Ingredientes', '<p class=\"MsoNormal\"><span style=\"font-family:&quot;Arial&quot;,sans-serif\">AQUA (WATER), CETEARYL ALCOOHOL, PROPYLENE GLIYCOL, CETRIMONIUM CHLORIDE, ALCOHOL DENAT, ISOPROPYL ALCOHOL, MENTHYL LACTATE, Oligopeptide-74, Oligopeptide-91, HYDROGENATED LECITHIN, HYDROLYZED KERATIN, BUTYROSPERMUM PARKII (SHEA) BUTTER, PLACENTAL PROTEIN, GLYCINE Soja (SOYBEAN) OIL, SODIUM OLEATE, MAGNESIUM CHLORIDE, DISODIUM EDTA, PHOSPHORIC ACID, Quaternium-80, HYDROXYETHYLCELLULOSE, GLYCERIN, SODIUM SUCCINATE, CELLULOSE, MAGNESIUM Nitrate, SODIUM ACETATE, METHYLISOTHIAZOLINONE, METHYLCHLOROISOTHIAZOLINONE, CHLORPHENESIN, PHENOXYETHANOL, BUTYLENE GLYCOL, PARFUM (FRAGANCE)</span></p>'),
(16, 1, 1, 'Descrição', ''),
(17, 1, 1, 'Modo de Uso', '<p><span style=\"font-size: 11.0pt; font-family: \'Arial\',sans-serif; mso-fareast-font-family: Calibri; mso-fareast-theme-font: minor-latin; mso-ansi-language: PT; mso-fareast-language: EN-US; mso-bidi-language: AR-SA;\">Aplicar o champô no cabelo húmido e massaje uniformemente em todo o couro cabeludo. Deixe atuar entre 2 a 5 minutos. Enxaguar bem. Use diariamente ou sempre que necessário para ajudar a engrossar o cabelo e manter o couro cabeludo saudável.</span></p>'),
(18, 1, 1, 'Ingredientes', '<p class=\"MsoNormal\"><span style=\"font-family:&quot;Arial&quot;,sans-serif\">AQUA (WATER), SODIUM LAUROYL METHYL ISETHIONATE, PEG-7 GLYCERYL COCOATE, COCAMIDOPROPYL BETAINE, POLYSORBATE 20, GLYCERIN, BETAINE, ALCOHOL DENAT., PEG-120 METHYL GLUCOSE TRIOLEATE, OLIGOPEPTIDE-74, OLIGOPEPTIDE-91, HYDROGENATED LECITHIN, PLACENTAL PROTEIN, PANTHENOL, SODIUM LAUROYL OAT AMINO ACIDS, ROSMARINUS OFFICINALIS (ROSEMARY) LEAF OIL, GLYCINE SOJA (SOYBEAN) OIL, SODIUM OLEATE, POLYQUATERNIUM-10, DISODIUM EDTA, TETRASODIUM EDTA, MENTHYL LACTATE, PROPYLENE GLYCOL, POLYQUATERNIUM-7, TRISODIUM ETHYLENEDIAMINE DISUCCINATE, SODIUM SUCCINATE, SODIUM CHLORIDE, PROPANEDIOL, CHLORPHENESIN, ETHYLHEXYLGLYCERIN, CITRIC ACID, SODIUM BENZOATE, PHENOXYETHANOL, LIMONENE</span></p>'),
(19, 1, 1, 'Descrição', ''),
(20, 1, 1, 'Modo de Uso', '<p class=\"MsoNormal\"><span style=\"font-family:&quot;Arial&quot;,sans-serif\">Aplicar o creme no couro cabeludo e massaje até á sua completa absorção. Deixe atuar no mínimo durante 2 horas. Para obter um resultado eficaz, recomendamos aplicar o produto e deixá-lo agir durante a noite. Lave pela manhã e enxague bem para retirar o produto.</span></p>'),
(21, 1, 1, 'Ingredientes', '<p class=\"MsoNormal\"><span style=\"font-family:&quot;Arial&quot;,sans-serif\">AQUA (WATER), PROPYLENE GLYCOL, CAPRYLIC/CAPRIC TRIGLYCERIDE, CETEARYL ALCOHOL, HYDROXYETHYL UREA, GLYCERYL STEARATE SE, C12-20 ACID PEG-8 ESTER, CERA ALBA (BEESWAX), CETEARYL ETHYLHEXANOATE, TRITICUM VULGARE (WHEAT) GERM OIL, BUTYROSPERMUM PARKII (SHEA) BUTTER, POLYPODIUM LEUCOTOMOS ROOT EXTRACT, BUTYLENE GLYCOL, DIMETHICONE, METHYL HYDROXYETHYLCELLULOSE, ASCORBYL PALMITATE, SODIUM HYALURONATE, HYDROLYZED COLLAGEN, CALENDULA OFFICINALIS (CALENDULA) EXTRACT, ACETYL HEXAPEPTIDE-49, UREA, CETYL PHOSPHATE, TRIETHYL CITRATE, ETHANOLAMINE, BHT, AMMONIUM LACTATE, CITRIC ACID, DEHYDROACETIC ACID, POTASSIUM SORBATE, IMIDAZOLIDINYL UREA, PARFUM (FRAGRANCE), BENZYL ALCOHOL</span></p>'),
(22, 1, 1, 'Descrição', ''),
(23, 1, 1, 'Modo de Uso', '<p class=\"MsoNormal\"><span style=\"font-family:&quot;Arial&quot;,sans-serif\">Produto de uso exclusivamente profissional.</span></p>'),
(24, 1, 1, 'Ingredientes', '<p class=\"MsoNormal\"><span style=\"font-family:&quot;Arial&quot;,sans-serif\">AQUA (WATER), ALCOHOL DENAT., ALOE BARBADENSIS LEAF EXTRACT, (ALOE BARBADENSIS LEAF JUICE), PROPYLENE GLYCOL, BETAINE, GLYCERIN, CAMELLIA SINENSIS LEAF EXTRACT, ETHOXYDIGLYCOL, PEG-40 HYDROGENATED CASTOR OIL, LACTIC ACID, SODIUM BICARBONATE, POTASSIUM SORBATE, SODIUM BENZOATE, PARFUM (FRAGRANCE), HEXYL CINNAMAL, BENZYL SALICYLATE, CITRAL, LINALOOL, LIMONENE, GERANIOL</span></p>'),
(25, 1, 1, 'Descrição', ''),
(26, 1, 1, 'Modo de Uso', '<p class=\"MsoNormal\"><span style=\"font-family:&quot;Arial&quot;,sans-serif\">Produto de uso exclusivamente profissional.</span></p>'),
(27, 1, 1, 'Ingredientes', '<p class=\"MsoNormal\"><span style=\"font-size:10.5pt;font-family:&quot;Verdana&quot;,sans-serif;color:#383838;background:white\">AQUA (WATER), GLYCOLIC ACID, ALCOHOL DENAT., SODIUM HYDROXIDE, PROPYLENE GLYCOL, PEG-60 HYDROGENATED CASTOR OIL, SPHINGOLIPIDS, PHOSPHOLIPIDS, DISODIUM EDTA, ETHOXYDIGLYCOL, PEG-40 HYDROGENATED CASTOR OIL, HYDROXYETHYLCELLULOSE, CELLULOSE, ISOPROPYL ALCOHOL, SODIUM ACETATE, SODIUM CITRATE, POTASSIUM SORBATE, IMIDAZOLIDINYL UREA, TROPOLONE, PHENOXYETHANOL, 1,2-HEXANEDIOL, CAPRYLYL GLYCOL, PARFUM (FRAGRANCE), FARNESOL, LIMONENE, ALPHA-ISOMETHYL IONONE, GERANIOL, LINALOOL, HEXYL CINNAMAL, CITRONELLOL, BENZYL SALICYLATE</span></p>'),
(28, 1, 1, 'Descrição', ''),
(29, 1, 1, 'Modo de Uso', '<p class=\"MsoNormal\"><span style=\"font-family:&quot;Arial&quot;,sans-serif\">Agitar antes de usar. Aplicar aproximadamente 3ml. no couro cabeludo com o cabelo seco ou húmido, efetuando uma leve massagem até a sua completa absorção. Recomenda-se não lavar o cabelo imediatamente após a sua aplicação para permitir que os princípios ativos atuem. Use a loção 2 a 3 vezes por semana.</span></p>'),
(30, 1, 1, 'Ingredientes', '<p class=\"MsoNormal\"><span style=\"font-family:&quot;Arial&quot;,sans-serif\">AQUA (WATER), ALCOHOL DENAT., BETAINE, GLYCERIN, PROPYLENE GLYCOL, CALENDULA OFFICINALIS FLOWER EXTRACT, CHAMOMILLA RECUTITA (MATRICARIA) FLOWER EXTRACT, LAMIUM ALBUM EXTRACT, PINUS SYLVESTRIS BUD EXTRACT, ROSMARINUS OFFICINALIS (ROSEMARY) LEAF EXTRACT, TROPAEOLUM MAJUS FLOWER EXTRACT, CITRUS LIMON (LEMON) PEEL EXTRACT, HEDERA HELIX (IVY) LEAF EXTRACT, NASTURTIUM OFFICINALE EXTRACT, SALVIA OFFICINALIS (SAGE) LEAF EXTRACT, PUNICA GRANATUM FRUIT EXTRACT, HYDROLYZED CANDIDA SAITOANA EXTRACT, ARNICA MONTANA FLOWER EXTRACT, ARCTIUM MAJUS ROOT EXTRACT, FUCUS VESICULOSUS EXTRACT, CAMPHOR, SAPONARIA OFFICINALIS LEAF/ROOT EXTRACT, SULFUR, MENTHOL, ETHOXYDIGLYCOL, SALICYLIC ACID, PEG-40 HYDROGENATED CASTOR OIL, TRIETHANOLAMINE, CLIMBAZOLE, PEG-30 CASTOR OIL, IMIDAZOLIDINYL UREA, ETHYLHEXYLGLYCERIN, POTASSIUM SORBATE, SODIUM BENZOATE, PHENOXYETHANOL</span></p>'),
(31, 1, 1, 'Descrição', ''),
(32, 1, 1, 'Modo de Uso', '<p class=\"MsoNormal\"><span style=\"font-family:&quot;Arial&quot;,sans-serif\">Pode ser usado 1 a 3 dias por semana. Aplicar no cabelo molhado e massajar suavemente até criar espuma. Deixe atuar entre 2 a 5 minutos. Enxaguar bem.</span></p>'),
(33, 1, 1, 'Ingredientes', '<p class=\"MsoNormal\"><span style=\"font-family:&quot;Arial&quot;,sans-serif\">AQUA (WATER), SODIUM LAUROYL METHYL ISETHIONATE, COCAMIDOPROPYL BETAINE, POLYSORBATE 20, PEG-120 METHYL GLUCOSE TRIOLEATE, SALVIA OFFICINALIS (SAGE) LEAF EXTRACT, CALENDULA OFFICINALIS FLOWER EXTRACT, SODIUM LAUROYL OAT AMINO ACIDS, HYDROLYZED CANDIDA SAITOANA EXTRACT, NASTURTIUM OFFICINALE EXTRACT, CITRUS LIMON (LEMON) PEEL EXTRACT, TROPAEOLUM MAJUS FLOWER EXTRACT, ROSMARINUS OFFICINALIS (ROSEMARY) LEAF EXTRACT, PINUS SYLVESTRIS BUD EXTRACT, LAMIUM ALBUM EXTRACT, HEDERA HELIX (IVY) LEAF EXTRACT, CHAMOMILLA RECUTITA (MATRICARIA) FLOWER EXTRACT, FUCUS VESICULOSUS EXTRACT, ARNICA MONTANA FLOWER EXTRACT, ARCTIUM MAJUS ROOT EXTRACT, URTICA DIOICA (NETTLE) LEAF EXTRACT, CAMPHOR, POLYQUATERNIUM-10 SAPONARIA OFFICINALIS LEAF/ROOT EXTRACT, MENTHOL, TETRASODIUM EDTA, SALICYLIC ACID, TRISODIUM ETHYLENEDIAMINE DISUCCINATE, GLYCERIN, SODIUM CHLORIDE, PROPANEDIOL, ETHYLHEXYLGLYCERIN, POTASSIUM SORBATE, CITRIC ACID, PHENOXYETHANOL, SODIUM BENZOATE, PARFUM (FRAGRANCE)</span></p>'),
(34, 1, 1, 'Descrição', ''),
(35, 1, 1, 'Modo de Uso', '<p class=\"MsoNormal\"><span style=\"font-family:&quot;Arial&quot;,sans-serif\">Pode ser usado diariamente ou em dias alternados. Aplicar no cabelo molhado e massajar suavemente até criar espuma. Deixe atuar entre 2 a 5 minutos. Enxaguar bem.</span></p>'),
(36, 1, 1, 'Ingredientes', '<p class=\"MsoNormal\"><span style=\"font-family:&quot;Arial&quot;,sans-serif\">AQUA (WATER), SODIUM LAUROYL METHYL ISETHIONATE, COCAMIDOPROPYL BETAINE, GLYCERIN, CITRUS LIMON (LEMON) PEEL EXTRACT, TROPAEOLUM MAJUS FLOWER EXTRACT, ROSMARINUS OFFICINALIS (ROSEMARY) LEAF EXTRACT, PINUS SYLVESTRIS BUD EXTRACT, LAMIUM ALBUM EXTRACT, CHAMOMILLA RECUTITA (MATRICARIA) FLOWER EXTRACT, CALENDULA OFFICINALIS FLOWER EXTRACT, HYDROLYZED KERATIN, NASTURTIUM OFFICINALE EXTRACT, SODIUM LAUROYL OAT AMINO ACIDS, HEDERA HELIX (IVY) LEAF EXTRACT, SALVIA OFFICINALIS (SAGE) LEAF EXTRACT, FAEX (YEAST) EXTRACT, ARNICA MONTANA FLOWER EXTRACT, FUCUS VESICULOSUS EXTRACT, ARCTIUM MAJUS ROOT EXTRACT, URTICA DIOICA (NETTLE) LEAF EXTRACT, CAMPHOR, POLYQUATERNIUM-10, MENTHOL, PIROCTONE OLAMINE, SAPONARIA OFFICINALIS LEAF/ROOT EXTRACT, TETRASODIUM EDTA, PROPYLENE GLYCOL, PEG-40 HYDROGENATED CASTOR OIL, TIOXOLONE, TRISODIUM ETHYLENEDIAMINE DISUCCINATE, ALCOHOL DENAT., PEG-120 METHYL GLUCOSE TRIOLEATE, SODIUM CHLORIDE, PROPANEDIOL, SODIUM BENZOATE, POTASSIUM SORBATE, ETHYLHEXYLGLYCERIN, CITRIC ACID, PHENOXYETHANOL, BUTYLENE GLYCOL, PARFUM (FRAGRANCE)</span></p>'),
(37, 1, 1, 'Descrição', ''),
(38, 1, 1, 'Modo de Uso', '<p class=\"MsoNormal\"><span style=\"font-family:&quot;Arial&quot;,sans-serif\">Pode ser usado diariamente ou em dias alternados. Aplicar no cabelo molhado e massajar suavemente até criar espuma. Deixar atuar entre 2 a 5 minutos. Enxaguar bem.</span></p>'),
(39, 1, 1, 'Ingredientes', '<p class=\"MsoNormal\"><span style=\"font-size:10.5pt;font-family:&quot;Verdana&quot;,sans-serif;color:#383838;background:white\">AQUA (WATER), SODIUM LAUROYL METHYL ISETHIONATE, GLYCERIN, COCAMIDOPROPYL BETAINE, PEG-7 GLYCERYL COCOATE, BETAINE, POLYSORBATE 20, SERENOA SERRULATA FRUIT EXTRACT, LEONTOPODIUM ALPINUM FLOWER/LEAF EXTRACT, PANTHENOL, SODIUM LAUROYL OAT AMINO ACIDS, URTICA DIOICA (NETTLE) LEAF EXTRACT, LACTITOL, XYLITOL, POLYQUATERNIUM-10, TETRASODIUM EDTA, TRISODIUM ETHYLENEDIAMINE DISUCCINATE, PEG-120 METHYL GLUCOSE TRIOLEATE, SODIUM CHLORIDE, PROPANEDIOL, POTASSIUM SORBATE, CITRIC ACID, ETHYLHEXYLGLYCERIN, SODIUM BENZOATE, PHENOXYETHANOL, PARFUM (FRAGRANCE), LINALOOL, HEXYL CINNAMAL, LIMONENE</span></p>'),
(40, 1, 1, 'Descrição', ''),
(41, 1, 1, 'Modo de Uso', '<p class=\"MsoNormal\"><span style=\"font-family:&quot;Arial&quot;,sans-serif\">Ver descrição de produtos.</span></p>'),
(42, 1, 1, 'Ingredientes', '<p class=\"MsoNormal\"><span style=\"font-family:&quot;Arial&quot;,sans-serif\">Ver ingredientes de produtos.</span></p>'),
(43, 1, 1, 'Descrição', ''),
(44, 1, 1, 'Modo de Uso', '<p class=\"MsoNormal\"><span style=\"font-family:&quot;Arial&quot;,sans-serif\">Agitar antes de usar. Aplicar 2ml. da loção no couro cabeludo seco ou húmido distribuindo o produto com uma suave massagem. Não enxaguar. Deixar atuar os ingredientes ativos. O tratamento mínimo recomendado é de 3 meses ou segundo outra opção.</span></p>'),
(45, 1, 1, 'Ingredientes', '<p><span style=\"font-size: 11.0pt; font-family: \'Arial\',sans-serif; mso-fareast-font-family: Calibri; mso-fareast-theme-font: minor-latin; mso-ansi-language: PT; mso-fareast-language: EN-US; mso-bidi-language: AR-SA;\">AQUA (WATER), ALCOHOL DENAT., PLACENTAL PROTEIN, PROPYLENE GLYCOL, GLYCERIN, SERENOA SERRULATA FRUIT EXTRACT, TOCOPHERYL ACETATE, ADENOSINE, PAPAVER RHOEAS PETAL EXTRACT, LECITHIN, NIACINAMIDE, CAFFEINE, PEG-60 HYDROGENATED CASTOR OIL, TRIETHANOLAMINE, SODIUM SUCCINATE, POTASSIUM SORBATE, SODIUM BENZOATE, CHLORPHENESIN, BUTYLENE GLYCOL, PARFUM (FRAGRANCE), LINALOOL.</span></p>'),
(46, 1, 1, 'Descrição', '<p>Sed ut perspiciatis unde omnis iste natus error sit voluptatem accusantium doloremque laudantium, totam rem aperiam, eaque ipsa quae ab illo inventore veritatis et quasi architecto beatae vitae dicta sunt explicabo. Nemo enim ipsam voluptatem quia voluptas sit aspernatur aut odit aut fugit, sed quia consequuntur magni dolores eos qui ratione voluptatem sequi nesciunt. Neque porro quisquam est, qui dolorem ipsum quia dolor sit amet, consectetur, adipisci velit, sed quia non numquam eius modi tempora incidunt ut labore et dolore magnam aliquam quaerat voluptatem. Ut enim ad minima veniam, quis nostrum exercitationem ullam corporis suscipit laboriosam, nisi ut aliquid ex ea commodi consequatur</p>'),
(47, 1, 1, 'Modo de Uso', '<p class=\"MsoNormal\"><span style=\"font-family:&quot;Arial&quot;,sans-serif\">Aplicar uma quantidade generosa do produto no couro cabeludo e no cabelo molhado e massajar suavemente. Deixe atuar entre 5 a 15 minutos. Enxaguar com água abundante.</span></p>'),
(48, 1, 1, 'Ingredientes', '<p class=\"MsoNormal\"><span style=\"font-family:&quot;Arial&quot;,sans-serif\">AQUA (WATER), CETEARYL ALCOHOL, PROPYLENE GLYCOL, CETRIMONIUM CHLORIDE, ISOPROPYL ALCOHOL, PLACENTAL PROTEIN, PANTHENOL, BUTYROSPERMUM PARKII (SHEA) BUTTER, TOCOPHERYL ACETATE, SERENOA SERRULATA FRUIT EXTRACT, VITIS VINIFERA (GRAPE) SEED OIL, MANGIFERA INDICA (MANGO) SEED BUTTER, PAPAVER RHOEAS PETAL EXTRACT, ADENOSINE, MAGNESIUM CHLORIDE, NIACINAMIDE, LECITHIN, CAFFEINE, HYDROXYETHYLCELLULOSE, QUATERNIUM-80, ALCOHOL DENAT., GLYCERIN, CELLULOSE, SODIUM SUCCINATE, MAGNESIUM NITRATE, SODIUM ACETATE, CHLORPHENESIN, POTASSIUM SORBATE, METHYLISOTHIAZOLINONE, SODIUM BENZOATE, CITRIC ACID, METHYLCHLOROISOTHIAZOLINONE, BUTYLENE GLYCOL, PARFUM (FRAGRANCE).</span></p>'),
(49, 1, 1, 'Descrição', ''),
(50, 1, 1, 'Modo de Uso', '<p class=\"MsoNormal\"><span style=\"font-family:&quot;Arial&quot;,sans-serif\">Pode ser usado diariamente como base de tratamento ou prevenção. Aplicar no cabelos e couro cabeludo húmido e massaje até formar espuma. Deixe atuar por alguns minutos para que os ingredientes ativos funcionem. Enxaguar com água abundante.</span></p>'),
(51, 1, 1, 'Ingredientes', '<p class=\"MsoNormal\"><span style=\"font-family:&quot;Arial&quot;,sans-serif\">AQUA (WATER), SODIUM LAURETH SULFATE, COCAMIDOPROPYL BETAINE, DISODIUM LAURETH SULFOSUCCINATE, CAPRYLYL/CAPRYL GLUCOSIDE, SODIUM CHLORIDE, TOCOPHERYL ACETATE, SERENOA SERRULATA FRUIT EXTRACT, PLACENTAL PROTEIN, ADENOSINE, PAPAVER RHOEAS PETAL EXTRACT, LECITHIN, MAGNESIUM CHLORIDE, NIACINAMIDE, CAFFEINE, HYDROXYPROPYL GUAR HYDROXYPROPYLTRIMONIUM CHLORIDE, PROPYLENE GLYCOL, SODIUM SULFATE, SODIUM SUCCINATE, GLYCERIN, MAGNESIUM NITRATE, METHYLISOTHIAZOLINONE, METHYLCHLOROISOTHIAZOLINONE, POTASSIUM SORBATE, CHLORPHENESIN, CITRIC ACID, SODIUM BENZOATE, BUTYLENE GLYCOL, PARFUM (FRAGRANCE).</span></p>'),
(52, 1, 1, 'Descrição', ''),
(53, 1, 1, 'Modo de Uso', '<p><span style=\"font-size: 11.0pt; font-family: \'Arial\',sans-serif; mso-fareast-font-family: Calibri; mso-fareast-theme-font: minor-latin; mso-ansi-language: PT; mso-fareast-language: EN-US; mso-bidi-language: AR-SA;\">Aplicar uma pequena quantidade e massajar até á sua total absorção. Aplique quantas vezes forem necessárias.</span></p>'),
(54, 1, 1, 'Ingredientes', '<p class=\"MsoNormal\"><span style=\"font-size:10.5pt;font-family:&quot;Verdana&quot;,sans-serif;color:#383838;background:white\">AQUA (WATER), CETEARYL ALCOHOL, PROPYLENE GLYCOL, GLYCERIN, CETEARYL ETHYLHEXANOATE, PEG-8 STEARATE, BUTYROSPERMUM PARKII (SHEA BUTTER), ALLANTOIN, BETAINE, TRIETHANOLAMINE, PEG-40 HYDROGENATED CASTOR OIL, SODIUM CETEARYL SULFATE, BHT, DIMETHICONE, SODIUM CHLORIDE, 1,2-HEXANEDIOL, IMIDAZOLIDINYL UREA, TROPOLONE, CAPRYLYL GLYCOL, PARFUM (FRAGRANCE), GERANIOL, ALPHA-ISOMETHYL IONONE, HEXYL CINNAMAL, BENZYL SALICYLATE, CITRONELLOL, CI 28440, CI 16255, CI 19140 (FD&C YELLOW 5)</span></p>'),
(55, 1, 1, 'Descrição', ''),
(56, 1, 1, 'Modo de Uso', '<p><span style=\"font-size: 11.0pt; font-family: \'Arial\',sans-serif; mso-fareast-font-family: Calibri; mso-fareast-theme-font: minor-latin; mso-ansi-language: PT; mso-fareast-language: EN-US; mso-bidi-language: AR-SA;\">Agitar antes de usar. Aplicar no cabelo e couro cabeludo seco ou húmido. Pode-se misturar meia ampola na coloração, permanente, etc, sem alterar as suas propriedades. O restante produto pode ser aplicado diretamente no cabelo e couro cabeludo depois de lavar. Não enxaguar quando aplicado sozinho. Recomenda-se não lavar os cabelos imediatamente após a sua aplicação. É conveniente deixar os ingredientes ativos agirem por alguns minutos.</span></p>'),
(57, 1, 1, 'Ingredientes', '<p><span style=\"font-size: 11.0pt; font-family: \'Arial\',sans-serif; mso-fareast-font-family: Calibri; mso-fareast-theme-font: minor-latin; mso-ansi-language: PT; mso-fareast-language: EN-US; mso-bidi-language: AR-SA;\">AQUA (WATER), ALCOHOL DENAT., BETAINE, POLYQUATERNIUM-6, PANTHENOL, HYDROLYZED KERATIN, PROPYLENE GLYCOL, CETRIMONIUM CHLORIDE, PEG-40 HYDROGENATED CASTOR OIL, QUATERNIUM-80, MINERAL SALTS, SODIUM CHLORIDE, ISOPROPYL ALCOHOL, CITRIC ACID, PARFUM (FRAGRANCE), CITRONELLOL, HEXYL CINNAMAL, CI 19140 (FD&C YELLOW 5), CI 42090 (FD&C Blue 1)</span></p>'),
(58, 1, 1, 'Descrição', ''),
(59, 1, 1, 'Modo de Uso', '<p><span style=\"font-family: Arial, sans-serif;\">Agitar antes de usar. Aplicar no couro cabeludo com o cabelo seco ou húmido, massajar suavemente até á sua completa absorção. O produto também pode ser aplicado no cabelo. Não lavar.</span></p>'),
(60, 1, 1, 'Ingredientes', '<p class=\"MsoNormal\"><span style=\"font-family:&quot;Arial&quot;,sans-serif\">AQUA (WATER), ALCOHOL DENAT., HYDROLYZED DNA, HYDROLYZED RNA, HYDROLYZED KERATIN, HYDROLYZED SILK, EUCALYPTOL, MENTHOL, MALIC ACID, TARTARIC ACID, GLYCOLIC ACID, PROPYLENE GLYCOL, PEG-40 HYDROGENATED CASTOR OIL, SODIUM HYDROXIDE, TRIETHANOLAMINE, LACTIC ACID, SODIUM CHLORIDE, POTASSIUM SORBATE, IMIDAZOLIDINYL UREA, PHENOXYETHANOL, CITRIC ACID, BUTYLENE GLYCOL, PARFUM (FRAGRANCE), CI 16255, CI 19140 (FD&C YELLOW 5)</span></p>'),
(61, 1, 1, 'Descrição', ''),
(62, 1, 1, 'Modo de Uso', '<p class=\"MsoNormal\"><span style=\"font-family:&quot;Arial&quot;,sans-serif\">Aplicar a fórmula cremosa no cabelo e couro cabeludo húmido e massaje suavemente. Deixar atuar entre 5 a 15 minutos. Enxaguar com água abundante. Pode ser usado até 3 vezes por semana em cabelos particularmente danificados ou uma vez por semana em cabelos levemente danificados.</span></p>'),
(63, 1, 1, 'Ingredientes', '<p class=\"MsoNormal\"><span style=\"font-family:&quot;Arial&quot;,sans-serif\">AQUA (WATER), CETEARYL ALCOHOL, PROPYLENE GLYCOL, CETRIMONIUM CHLORIDE, ISOPROPYL ALCOHOL, THIAMINE HCl, PANTHENOL, SPHINGOLIPIDS, HYDROLYZED SILK, HYDROLYZED KERATIN, ORCHIS MASCULA FLOWER EXTRACT, FAEX (YEAST) EXTRACT, RIBOFLAVIN, PYRIDOXINE HCl, NIACINAMIDE, EUCALYPTOL, PHOSPHOLIPIDS, LANOLIN, SODIUM HYDROXIDE, PHOSPHORIC ACID, ALCOHOL DENAT., BHT, HYDROXYETHYLCELLULOSE, QUATERNIUM-80, CELLULOSE, GLYCERIN, SODIUM CHLORIDE, SODIUM ACETATE, POTASSIUM SORBATE, DEHYDROACETIC ACID, PHENOXYETHANOL, IMIDAZOLIDINYL UREA, SODIUM BENZOATE, BUTYLENE GLYCOL, PARFUM (FRAGRANCE), BENZYL ALCOHOL, LIMONENE, HEXYL CINNAMAL, GERANIOL, CI 28440, CI 19140, CI 16255</span></p>'),
(64, 1, 1, 'Descrição', ''),
(65, 1, 1, 'Modo de Uso', '<p class=\"MsoNormal\"><span style=\"font-family:&quot;Arial&quot;,sans-serif\">Aplicar a fórmula cremosa no cabelo e couro cabeludo húmido e massaje suavemente. Deixar atuar entre 5 a 15 minutos. Enxaguar com água abundante. Pode ser usado até 3 vezes por semana em cabelos particularmente danificados ou uma vez por semana em cabelos levemente danificados.</span></p>'),
(66, 1, 1, 'Ingredientes', '<p class=\"MsoNormal\"><span style=\"font-family:&quot;Arial&quot;,sans-serif\">AQUA (WATER), CETEARYL ALCOHOL, PROPYLENE GLYCOL, CETRIMONIUM CHLORIDE, ISOPROPYL ALCOHOL, THIAMINE HCl, PANTHENOL, SPHINGOLIPIDS, HYDROLYZED SILK, HYDROLYZED KERATIN, ORCHIS MASCULA FLOWER EXTRACT, FAEX (YEAST) EXTRACT, RIBOFLAVIN, PYRIDOXINE HCl, NIACINAMIDE, EUCALYPTOL, PHOSPHOLIPIDS, LANOLIN, SODIUM HYDROXIDE, PHOSPHORIC ACID, ALCOHOL DENAT., BHT, HYDROXYETHYLCELLULOSE, QUATERNIUM-80, CELLULOSE, GLYCERIN, SODIUM CHLORIDE, SODIUM ACETATE, POTASSIUM SORBATE, DEHYDROACETIC ACID, PHENOXYETHANOL, IMIDAZOLIDINYL UREA, SODIUM BENZOATE, BUTYLENE GLYCOL, PARFUM (FRAGRANCE), BENZYL ALCOHOL, LIMONENE, HEXYL CINNAMAL, GERANIOL, CI 28440, CI 19140, CI 16255</span></p>'),
(67, 1, 1, 'Descrição', ''),
(68, 1, 1, 'Modo de Uso', '<p class=\"MsoNormal\"><span style=\"font-family:&quot;Arial&quot;,sans-serif\">Agitar antes de usar. Aplicar meio e pontas sobre o cabelo húmido ou seco. Não pentear. Não enxaguar. Adequado para uso diário. Como produto finalizante, aplicar no cabelo seco para ajudar a prevenir a eletricidade estática e o frizz.</span></p>'),
(69, 1, 1, 'Ingredientes', '<p class=\"MsoNormal\"><span style=\"font-family:&quot;Arial&quot;,sans-serif\">QUA (WATER), ALCOHOL DENAT., CETYL ALCOHOL, TOCOPHERYL ACETATE, SODIUM HYALURONATE, HYDROLYZED SILK, PANTHENOL, TOCOPHEROL, HYDROLYZED CHESTNUT EXTRACT, CETRIMONIUM CHLORIDE, TRIETHANOLAMINE, ISOPROPYL ALCOHOL, IMIDAZOLIDINYL UREA, POTASSIUM SORBATE, SODIUM BENZOATE, CITRIC ACID, ETHYLHEXYLGLYCERIN, PHENOXYETHANOL, PARFUM (FRAGRANCE)</span></p>'),
(70, 1, 1, 'Descrição', ''),
(71, 1, 1, 'Modo de Uso', '<p class=\"MsoNormal\"><span style=\"font-family:&quot;Arial&quot;,sans-serif\">Agitar antes de usar. Aplicar uma pequena quantidade no cabelo húmido ou seco, da raiz às pontas. Não lavar.</span></p>'),
(72, 1, 1, 'Ingredientes', '<p class=\"MsoNormal\"><span style=\"font-size:10.5pt;font-family:&quot;Verdana&quot;,sans-serif;color:#383838;background:white\">AQUA (WATER), ALCOHOL DENAT., GLYCERIN, CETRIMONIUM CHLORIDE, PEG-40 HYDROGENATED CASTOR OIL, SPHINGOLIPIDS, HYDROLYZED SILK, ORCHIS MASCULA FLOWER EXTRACT, PHOSPHOLIPIDS, VP/VA COPOLYMER, POLYQUATERNIUM-6, HYDROXYETHYLCELLULOSE, CELLULOSE, BENZOPHENONE-4, SODIUM CHLORIDE, SODIUM ACETATE, ISOPROPYL ALCOHOL, SODIUM CITRATE, CITRIC ACID, PHENOXYETHANOL, IMIDAZOLIDINYL UREA, POTASSIUM SORBATE, SODIUM BENZOATE, PARFUM (FRAGRANCE), ISOEUGENOL, EUGENOL,CINNAMYL ALCOHOL, CITRONELLOL, LIMONENE, BENZYL SALICYLATE, LINALOOL, HEXYL CINNAMAL, CI 19140 (FD&C YELLOW 5), CI 16035 (FD&C RED 40), CARAMEL.</span></p>'),
(73, 1, 1, 'Descrição', ''),
(74, 1, 1, 'Modo de Uso', '<p class=\"MsoNormal\"><span style=\"font-family:&quot;Arial&quot;,sans-serif\">Aplicar o champô no couro cabeludo e cabelo húmido. Massajar e deixar atuar entre 2 a 5 minutos. Enxaguar com água abundante.</span></p>'),
(75, 1, 1, 'Ingredientes', '<p class=\"MsoNormal\"><span style=\"font-family:&quot;Arial&quot;,sans-serif\">AQUA (WATER), SODIUM LAURETH SULFATE, COCAMIDOPROPYL BETAINE, PANTHENOL, SODIUM HYALURONATE, ASCORBYL PALMITATE, HYDROLYZED SILK, TOCOPHEROL, MEL EXTRACT, LECITHIN, POLYQUATERNIUM-10, MAGNESIUM CHLORIDE, GLYCOL DISTEARATE, PEG- 55 PROPYLENE GLYCOL OLEATE, PROPYLENE GLYCOL, SODIUM SULFATE, GLYCERYL OLEATE, COCO-GLUCOSIDE, COCAMIDE MEA, QUATERNIUM-80, LAURETH-10, HYDROGENATED PALM GLYCERIDES CITRATE, GLUCONOLACTONE, CALCIUM GLUCONATE, SODIUM CHLORIDE, MAGNESIUM NITRATE, POTASSIUM SORBATE, SODIUM BENZOATE, BENZOIC ACID, IMIDAZOLIDINYL UREA, METHYLCHLOROISOTHIAZOLINONE, METHYLISOTHIAZOLINONE, CITRIC ACID, PARFUM (FRAGRANCE)</span></p>'),
(76, 1, 1, 'Descrição', ''),
(77, 1, 1, 'Modo de Uso', '<p class=\"MsoNormal\"><span style=\"font-family:&quot;Arial&quot;,sans-serif\">Aplicar o champô no couro cabeludo e cabelo húmido. Massajar e deixar atuar entre 2 a 5 minutos. Enxaguar com água abundante.</span></p>'),
(78, 1, 1, 'Ingredientes', '<p><span style=\"font-size: 11.0pt; font-family: \'Arial\',sans-serif; mso-fareast-font-family: Calibri; mso-fareast-theme-font: minor-latin; mso-ansi-language: PT; mso-fareast-language: EN-US; mso-bidi-language: AR-SA;\">AQUA (WATER), SODIUM LAURETH SULFATE, COCAMIDOPROPYL BETAINE, PANTHENOL, SODIUM HYALURONATE, ASCORBYL PALMITATE, HYDROLYZED SILK, TOCOPHEROL, MEL EXTRACT, LECITHIN, POLYQUATERNIUM-10, MAGNESIUM CHLORIDE, GLYCOL DISTEARATE, PEG- 55 PROPYLENE GLYCOL OLEATE, PROPYLENE GLYCOL, SODIUM SULFATE, GLYCERYL OLEATE, COCO-GLUCOSIDE, COCAMIDE MEA, QUATERNIUM-80, LAURETH-10, HYDROGENATED PALM GLYCERIDES CITRATE, GLUCONOLACTONE, CALCIUM GLUCONATE, SODIUM CHLORIDE, MAGNESIUM NITRATE, POTASSIUM SORBATE, SODIUM BENZOATE, BENZOIC ACID, IMIDAZOLIDINYL UREA, METHYLCHLOROISOTHIAZOLINONE, METHYLISOTHIAZOLINONE, CITRIC ACID, PARFUM (FRAGRANCE)</span></p>'),
(79, 1, 1, 'Descrição', ''),
(80, 1, 1, 'Modo de Uso', '<p><span style=\"font-size: 11.0pt; font-family: \'Arial\',sans-serif; mso-fareast-font-family: Calibri; mso-fareast-theme-font: minor-latin; mso-ansi-language: PT; mso-fareast-language: EN-US; mso-bidi-language: AR-SA;\">Aplicar em cabelo húmido e massajar até formar espuma. Deixe atuar entre 2 a 5 minutos. Lavar com água abundante. Em caso de contato com os olhos, lave imediatamente. Uso diário ou em dias alternados.</span></p>'),
(81, 1, 1, 'Ingredientes', '<p class=\"MsoNormal\"><span style=\"font-family:&quot;Arial&quot;,sans-serif\">AQUA (WATER), SODIUM LAURETH SULFATE, COCAMIDOPROPYL BETAINE, COCAMIDE DEA, HYDROLYZED RHODOPHYCEA EXTRACT, INOSITOL, SPHINGOLIPIDS, HYDROLYZED KERATIN, RETINYL PALMITATE, HYDROLYZED COLLAGEN, THIAMINE HCl, HYDROLYZED SILK, TOCOPHERYL ACETATE, PANTHENOL, ORCHIS MASCULA FLOWER EXTRACT, ROYAL JELLY, AESCULUS HIPPOCASTANUM (HORSE CHESTNUT) SEED EXTRACT, RIBOFLAVIN, TOCOPHEROL, FAEX (YEAST) EXTRACT, MEL EXTRACT, PYRIDOXINE HCl, PLANKTON EXTRACT, MAGNESIUM CHLORIDE, NIACINAMIDE, PHOSPHOLIPIDS, EUCALYPTOL, GLYCOL DISTEARATE, ETHOXYDIGLYCOL, SODIUM HYDROXIDE, PEG-40 HYDROGENATED CASTOR OIL, PROPYLENE GLYCOL, SODIUM SULFATE, COCAMIDE MEA, ALCOHOL DENAT., LAURETH-10, GLYCERIN, GLUCONOLACTONE, CALCIUM GLUCONATE, SODIUM CHLORIDE, MAGNESIUM NITRATE, BENZOIC ACID, SODIUM BENZOATE, CITRIC ACID, IMIDAZOLIDINYL UREA, METHYLCHLOROISOTHIAZOLINONE, PHENOXYETHANOL, METHYLISOTHIAZOLINONE, POTASSIUM SORBATE, BUTYLENE GLYCOL, PARFUM (FRAGRANCE), HEXYL CINNAMAL, GERANIOL, LIMONENE, CI 16255, CI 16185</span></p>'),
(82, 1, 1, 'Descrição', ''),
(83, 1, 1, 'Modo de Uso', '<p class=\"MsoNormal\"><span style=\"font-family:&quot;Arial&quot;,sans-serif\">Aplicar em cabelo húmido e massajar até formar espuma. Deixe atuar entre 2 a 5 minutos. Lavar com água abundante. Em caso de contato com os olhos, lave imediatamente. Uso diário ou em dias alternados.</span></p>'),
(84, 1, 1, 'Ingredientes', '<p class=\"MsoNormal\"><span style=\"font-family:&quot;Arial&quot;,sans-serif\">AQUA (WATER), SODIUM LAURETH SULFATE, COCAMIDOPROPYL BETAINE, COCAMIDE DEA, HYDROLYZED RHODOPHYCEA EXTRACT, INOSITOL, SPHINGOLIPIDS, HYDROLYZED KERATIN, RETINYL PALMITATE, HYDROLYZED COLLAGEN, THIAMINE HCl, HYDROLYZED SILK, TOCOPHERYL ACETATE, PANTHENOL, ORCHIS MASCULA FLOWER EXTRACT, ROYAL JELLY, AESCULUS HIPPOCASTANUM (HORSE CHESTNUT) SEED EXTRACT, RIBOFLAVIN, TOCOPHEROL, FAEX (YEAST) EXTRACT, MEL EXTRACT, PYRIDOXINE HCl, PLANKTON EXTRACT, MAGNESIUM CHLORIDE, NIACINAMIDE, PHOSPHOLIPIDS, EUCALYPTOL, GLYCOL DISTEARATE, ETHOXYDIGLYCOL, SODIUM HYDROXIDE, PEG-40 HYDROGENATED CASTOR OIL, PROPYLENE GLYCOL, SODIUM SULFATE, COCAMIDE MEA, ALCOHOL DENAT., LAURETH-10, GLYCERIN, GLUCONOLACTONE, CALCIUM GLUCONATE, SODIUM CHLORIDE, MAGNESIUM NITRATE, BENZOIC ACID, SODIUM BENZOATE, CITRIC ACID, IMIDAZOLIDINYL UREA, METHYLCHLOROISOTHIAZOLINONE, PHENOXYETHANOL, METHYLISOTHIAZOLINONE, POTASSIUM SORBATE, BUTYLENE GLYCOL, PARFUM (FRAGRANCE), HEXYL CINNAMAL, GERANIOL, LIMONENE, CI 16255, CI 16185</span></p>'),
(85, 1, 1, 'Descrição', ''),
(86, 1, 1, 'Modo de Uso', '<p class=\"MsoNormal\"><span style=\"font-family:&quot;Arial&quot;,sans-serif\">Aplicar uma pequena quantidade do sérum (do tamanho de uma avelã) no cabelo húmido e distribuir uniformemente. Também pode ser aplicado no couro cabeludo. Não lavar. Use regularmente para obter melhores resultados.</span></p>'),
(87, 1, 1, 'Ingredientes', '<p class=\"MsoNormal\"><span style=\"font-family:&quot;Arial&quot;,sans-serif\">AQUA (WATER), CYCLOPENTASILOXANE, POLYACRYLAMIDE, DIMETHICONOL, PANTHENOL, THIAMINE HCl, SACCHARUM OFFICINARUM (SUGAR CANE) EXTRACT, CAMELLIA SINENSIS LEAF EXTRACT, HEXYLENE GLYCOL, CITRUS LIMON (LEMON) FRUIT EXTRACT, HYDROLYZED KERATIN, HEXAPEPTIDE-11, GLYCINE SOJA (SOYBEAN) SEED EXTRACT, PYRUS MALUS (APPLE) FRUIT EXTRACT, ADENOSINE, RIBOFLAVIN, PYRIDOXINE HCl, FAEX (YEAST) EXTRACT, LECITHIN, SACCHAROMYCES/COPPER FERMENT, SACCHAROMYCES/SILICON FERMENT, SACCHAROMYCES/ZINC FERMENT, SACCHAROMYCES/IRON FERMENT, NIACINAMIDE, SACCHAROMYCES/MAGNESIUM FERMENT, BETAINE, PROPYLENE GLYCOL, POLYQUATERNIUM-7, LAURETH-7, SODIUM HYDROXIDE, C13-14 ISOPARAFFIN, PEG/PPG-18/18 DIMETHICONE, ALCOHOL DENAT., GLYCERIN, ETHYLHEXYLGLYCERIN, POTASSIUM SORBATE, SODIUM BENZOATE, PHENOXYETHANOL, BUTYLENE GLYCOL, PARFUM (FRAGRANCE), EUGENOL, BENZYL SALICYLATE, ALPHA-ISOMETHYL IONONE, HYDROXYISOHEXYL-3-CYCLOHEXENE CARBOXALDEHYDE, GERANIOL, CITRONELLOL, HYDROXYCITRONELLAL, ISOEUGENOL</span></p>'),
(88, 1, 1, 'Descrição', ''),
(89, 1, 1, 'Modo de Uso', '<p class=\"MsoNormal\"><span style=\"font-family:&quot;Arial&quot;,sans-serif\">Aplicar uma pequena quantidade do sérum (do tamanho de uma avelã) no cabelo húmido e distribuir uniformemente. Também pode ser aplicado no couro cabeludo. Não lavar. Use regularmente para obter melhores resultados.</span></p>'),
(90, 1, 1, 'Ingredientes', '<p class=\"MsoNormal\"><span style=\"font-family:&quot;Arial&quot;,sans-serif\">AQUA (WATER), CYCLOPENTASILOXANE, POLYACRYLAMIDE, DIMETHICONOL, PANTHENOL, THIAMINE HCl, SACCHARUM OFFICINARUM (SUGAR CANE) EXTRACT, CAMELLIA SINENSIS LEAF EXTRACT, HEXYLENE GLYCOL, CITRUS LIMON (LEMON) FRUIT EXTRACT, HYDROLYZED KERATIN, HEXAPEPTIDE-11, GLYCINE SOJA (SOYBEAN) SEED EXTRACT, PYRUS MALUS (APPLE) FRUIT EXTRACT, ADENOSINE, RIBOFLAVIN, PYRIDOXINE HCl, FAEX (YEAST) EXTRACT, LECITHIN, SACCHAROMYCES/COPPER FERMENT, SACCHAROMYCES/SILICON FERMENT, SACCHAROMYCES/ZINC FERMENT, SACCHAROMYCES/IRON FERMENT, NIACINAMIDE, SACCHAROMYCES/MAGNESIUM FERMENT, BETAINE, PROPYLENE GLYCOL, POLYQUATERNIUM-7, LAURETH-7, SODIUM HYDROXIDE, C13-14 ISOPARAFFIN, PEG/PPG-18/18 DIMETHICONE, ALCOHOL DENAT., GLYCERIN, ETHYLHEXYLGLYCERIN, POTASSIUM SORBATE, SODIUM BENZOATE, PHENOXYETHANOL, BUTYLENE GLYCOL, PARFUM (FRAGRANCE), EUGENOL, BENZYL SALICYLATE, ALPHA-ISOMETHYL IONONE, HYDROXYISOHEXYL-3-CYCLOHEXENE CARBOXALDEHYDE, GERANIOL, CITRONELLOL, HYDROXYCITRONELLAL, ISOEUGENOL</span></p>'),
(91, 1, 1, 'Descrição', ''),
(92, 1, 1, 'Modo de Uso', '<p class=\"MsoNormal\"><span style=\"font-family:&quot;Arial&quot;,sans-serif\">Agitar a loção antes de usar. Aplicar 2ml. da Loção no couro cabeludo seco ou molhado. Distribua com massagens suaves. É aconselhável não lavar os cabelos imediatamente após o uso do produto. Aplicar diariamente. O período mínimo recomendado é de 3 meses.</span></p>'),
(93, 1, 1, 'Ingredientes', '<p class=\"MsoNormal\"><span style=\"font-size:10.5pt;font-family:&quot;Verdana&quot;,sans-serif;color:#383838;background:white\">AQUA (WATER), ALCOHOL DENAT., HYDROLYZED SOY PROTEIN, BETAINE, PLACENTAL PROTEIN, INOSITOL, BIOTIN, HYDROLYZED KERATIN, PANTHENOL, TOCOPHERYL ACETATE, RETINYL PALMITATE, THIAMINE HCl, GLYCERIN, AESCULUS HIPPOCASTANUM (HORSE CHESTNUT) SEED EXTRACT, ROYAL JELLY, FAEX (YEAST) EXTRACT, PYRIDOXINE HCl, TOCOPHEROL, RIBOFLAVIN, NIACINAMIDE, ETHOXYDIGLYCOL, PROPYLENE GLYCOL, PEG-40 HYDROGENATED CASTOR OIL, SODIUM HYDROXIDE, BUTYLENE GLYCOL, SODIUM SUCCINATE, SODIUM CHLORIDE, CHLORPHENESIN, SODIUM BENZOATE, POTASSIUM SORBATE, PHENOXYETHANOL, SORBIC ACID, BENZOIC ACID, PARFUM (FRAGRANCE), CITRONELLOL, HEXYL CINNAMAL, CI 42090 (FD&C BLUE 1)</span></p>'),
(94, 1, 1, 'Descrição', ''),
(95, 1, 1, 'Modo de Uso', '<p class=\"MsoNormal\"><span style=\"font-family:&quot;Arial&quot;,sans-serif\">Agitar a ampola antes de usar. Aplicar no couro cabeludo e no cabelo seco ou húmido massajar até á sua completa absorção. É aconselhável não lavar o cabelo imediatamente após a sua aplicação para que os princípios ativos atuem.</span></p>'),
(96, 1, 1, 'Ingredientes', '<p class=\"MsoNormal\"><span style=\"font-size:10.5pt;font-family:&quot;Verdana&quot;,sans-serif;\ncolor:#383838;background:white\">AQUA (WATER), ALCOHOL DENAT., PANTHENOL, CAPSICUM FRUTESCENS FRUIT EXTRACT, HYDROLYZED COLLAGEN, HYDROLYZED KERATIN, PLACENTAL PROTEIN, THIAMINE HCl, RIBOFLAVIN, PYRIDOXINE HCl, FAEX (YEAST) EXTRACT, NIACINAMIDE, CAFFEINE, SALICYLIC ACID, RESORCINOL, PEG-60 HYDROGENATED CASTOR OIL, PEG-40 HYDROGENATED CASTOR OIL, PROPYLENE GLYCOL, SODIUM HYDROXIDE, MINERAL SALTS, SODIUM SUCCINATE, SODIUM CHLORIDE, CHLORPHENESIN, PARFUM (FRAGRANCE), EUGENOL, LINALOOL, LIMONENE, CI 19140 (FD&C YELLOW 5), CI 28440, CI 16255</span></p>'),
(97, 1, 1, 'Descrição', ''),
(98, 1, 1, 'Modo de Uso', '<p class=\"MsoNormal\"><span style=\"font-family:&quot;Arial&quot;,sans-serif\">Aplicar a fórmula cremosa no couro cabeludo e cabelo húmido e massaje suavemente. Deixar atuar entre 5 a 15 minutos. Retirar com bastante água.</span></p>'),
(99, 1, 1, 'Ingredientes', '<p class=\"MsoNormal\"><span style=\"font-size:10.5pt;font-family:&quot;Verdana&quot;,sans-serif;\ncolor:#383838;background:white\">AQUA (WATER), CETEARYL ALCOHOL, PROPYLENE GLYCOL, CETRIMONIUM CHLORIDE, ISOPROPYL ALCOHOL, CAPSICUM FRUTESCENS FRUIT EXTRACT, PANTHENOL, THIAMINE HCl, HYDROLYZED KERATIN, FAEX (YEAST) EXTRACT, ADENOSINE, PYRIDOXINE HCl, RIBOFLAVIN, EUCALYPTOL, NIACINAMIDE, LECITHIN, LANOLIN, CAFFEINE, PHOSPHORIC ACID, PEG-60 HYDROGENATED CASTOR OIL, SODIUM HYDROXIDE, BHT, HYDROXYETHYLCELLULOSE, QUATERNIUM-80, ALCOHOL DENAT., CELLULOSE, SODIUM CHLORIDE, SODIUM ACETATE, DEHYDROACETIC ACID, PHENOXYETHANOL, BUTYLENE GLYCOL, PARFUM (FRAGRANCE), LINALOOL, CITRAL, GERANIOL, HEXYL CINNAMAL, BENZYL SALICYLATE, BENZYL ALCOHOL, LIMONENE, CI 42090, CI 19140</span></p>'),
(100, 1, 1, 'Descrição', ''),
(101, 1, 1, 'Modo de Uso', '<p class=\"MsoNormal\"><span style=\"font-family:&quot;Arial&quot;,sans-serif\">Aplicar a fórmula cremosa no couro cabeludo e cabelo húmido e massaje suavemente. Deixar atuar entre 5 a 15 minutos. Retirar com bastante água.</span></p>'),
(102, 1, 1, 'Ingredientes', '<p class=\"MsoNormal\"><span style=\"font-size:10.5pt;font-family:&quot;Verdana&quot;,sans-serif;\ncolor:#383838;background:white\">AQUA (WATER), CETEARYL ALCOHOL, PROPYLENE GLYCOL, CETRIMONIUM CHLORIDE, ISOPROPYL ALCOHOL, CAPSICUM FRUTESCENS FRUIT EXTRACT, PANTHENOL, THIAMINE HCl, HYDROLYZED KERATIN, FAEX (YEAST) EXTRACT, ADENOSINE, PYRIDOXINE HCl, RIBOFLAVIN, EUCALYPTOL, NIACINAMIDE, LECITHIN, LANOLIN, CAFFEINE, PHOSPHORIC ACID, PEG-60 HYDROGENATED CASTOR OIL, SODIUM HYDROXIDE, BHT, HYDROXYETHYLCELLULOSE, QUATERNIUM-80, ALCOHOL DENAT., CELLULOSE, SODIUM CHLORIDE, SODIUM ACETATE, DEHYDROACETIC ACID, PHENOXYETHANOL, BUTYLENE GLYCOL, PARFUM (FRAGRANCE), LINALOOL, CITRAL, GERANIOL, HEXYL CINNAMAL, BENZYL SALICYLATE, BENZYL ALCOHOL, LIMONENE, CI 42090, CI 19140</span></p>'),
(103, 1, 1, 'Descrição', ''),
(104, 1, 1, 'Modo de Uso', '<p class=\"MsoNormal\"><span style=\"font-family:&quot;Arial&quot;,sans-serif\">Aplicar a fórmula cremosa no couro cabeludo e cabelo húmido e massaje suavemente. Deixar atuar entre 5 a 15 minutos. Retirar com bastante água.</span></p>'),
(105, 1, 1, 'Ingredientes', '<p class=\"MsoNormal\"><span style=\"font-size:10.5pt;font-family:&quot;Verdana&quot;,sans-serif;\ncolor:#383838;background:white\">AQUA (WATER), CETEARYL ALCOHOL, PROPYLENE GLYCOL, CETRIMONIUM CHLORIDE, ISOPROPYL ALCOHOL, CAPSICUM FRUTESCENS FRUIT EXTRACT, PANTHENOL, THIAMINE HCl, HYDROLYZED KERATIN, FAEX (YEAST) EXTRACT, ADENOSINE, PYRIDOXINE HCl, RIBOFLAVIN, EUCALYPTOL, NIACINAMIDE, LECITHIN, LANOLIN, CAFFEINE, PHOSPHORIC ACID, PEG-60 HYDROGENATED CASTOR OIL, SODIUM HYDROXIDE, BHT, HYDROXYETHYLCELLULOSE, QUATERNIUM-80, ALCOHOL DENAT., CELLULOSE, SODIUM CHLORIDE, SODIUM ACETATE, DEHYDROACETIC ACID, PHENOXYETHANOL, BUTYLENE GLYCOL, PARFUM (FRAGRANCE), LINALOOL, CITRAL, GERANIOL, HEXYL CINNAMAL, BENZYL SALICYLATE, BENZYL ALCOHOL, LIMONENE, CI 42090, CI 19140</span></p>'),
(106, 1, 1, 'Descrição', ''),
(107, 1, 1, 'Modo de Uso', '<p class=\"MsoNormal\"><span style=\"font-family:&quot;Arial&quot;,sans-serif\">Aplicar o condicionador no cabelos húmido. Espalhe cuidadosamente no cabelo. Deixe atuar entre 5 a 10 minutos, dependendo da extensão do cabelo danificado. Retirar com água abundante. Use regularmente para obter melhores resultados.</span></p>'),
(108, 1, 1, 'Ingredientes', '<p><span style=\"font-size: 10.5pt; font-family: \'Verdana\',sans-serif; mso-fareast-font-family: Calibri; mso-fareast-theme-font: minor-latin; mso-bidi-font-family: Calibri; color: #383838; background: white; mso-ansi-language: PT; mso-fareast-language: EN-US; mso-bidi-language: AR-SA;\">AQUA (WATER), ALOE BARBADENSIS LEAF EXTRACT (ALOE BARBADENSIS LEAF JUICE), CETEARYL ALCOHOL, CETRIMONIUM CHLORIDE, PROPYLENE GLYCOL, ALCOHOL DENAT., ISOPROPYL ALCOHOL, INOSITOL, PANTHENOL, BIOTIN, RETINYL PALMITATE, SODIUM ASCORBYL PHOSPHATE, TOCOPHERYL ACETATE, THIAMINE HCl, SERENOA SERRULATA FRUIT EXTRACT, HYDROLYZED COLLAGEN, HYDROLYZED KERATIN, BUTYROSPERMUM PARKII (SHEA) BUTTER, FAEX (YEAST) EXTRACT, TOCOPHEROL, PYRIDOXINE HCl, RIBOFLAVIN, SACCHAROMYCES/COPPER FERMENT, SACCHAROMYCES/IRON FERMENT, SACCHAROMYCES/ZINC FERMENT, NIACINAMIDE, SACCHAROMYCES/MAGNESIUM FERMENT, SACCHAROMYCES/SILICON FERMENT, ETHOXYDIGLYCOL, PEG-40 HYDROGENATED CASTOR OIL, PHOSPHORIC ACID, SODIUM HYDROXIDE, CETEARYL ETHYLHEXANOATE, TRIETHANOLAMINE, QUATERNIUM-80, DIMETHICONE, HYDROXYETHYLCELLULOSE, GLYCERIN, CELLULOSE, SODIUM CHLORIDE, SODIUM ACETATE, POTASSIUM SORBATE, SODIUM BENZOATE, DEHYDROACETIC ACID, PHENOXYETHANOL, BUTYLENE GLYCOL, PARFUM (FRAGRANCE), EUGENOL, BENZYL ALCOHOL, BENZYL SALICYLATE, ALPHA-ISOMETHYL IONONE, HYDROXYISOHEXYL-3-CYCLOHEXENE CARBOXALDEHYDE, GERANIOL, CITRONELLOL, HYDROXYCITRONELLAL, LINALOOL, ISOEUGENOL, CI 28440, CI 19140, CI 16255</span></p>'),
(109, 1, 1, 'Descrição', ''),
(110, 1, 1, 'Modo de Uso', '<p class=\"MsoNormal\"><span style=\"font-family:&quot;Arial&quot;,sans-serif\">Aplicar o condicionador no cabelos húmido. Espalhe cuidadosamente no cabelo. Deixe atuar entre 5 a 10 minutos, dependendo da extensão do cabelo danificado. Retirar com água abundante. Use regularmente para obter melhores resultados.</span></p>'),
(111, 1, 1, 'Ingredientes', '<p class=\"MsoNormal\"><span style=\"font-size:10.5pt;font-family:&quot;Verdana&quot;,sans-serif;\ncolor:#383838;background:white\">AQUA (WATER), ALOE BARBADENSIS LEAF EXTRACT (ALOE BARBADENSIS LEAF JUICE), CETEARYL ALCOHOL, CETRIMONIUM CHLORIDE, PROPYLENE GLYCOL, ALCOHOL DENAT., ISOPROPYL ALCOHOL, INOSITOL, PANTHENOL, BIOTIN, RETINYL PALMITATE, SODIUM ASCORBYL PHOSPHATE, TOCOPHERYL ACETATE, THIAMINE HCl, SERENOA SERRULATA FRUIT EXTRACT, HYDROLYZED COLLAGEN, HYDROLYZED KERATIN, BUTYROSPERMUM PARKII (SHEA) BUTTER, FAEX (YEAST) EXTRACT, TOCOPHEROL, PYRIDOXINE HCl, RIBOFLAVIN, SACCHAROMYCES/COPPER FERMENT, SACCHAROMYCES/IRON FERMENT, SACCHAROMYCES/ZINC FERMENT, NIACINAMIDE, SACCHAROMYCES/MAGNESIUM FERMENT, SACCHAROMYCES/SILICON FERMENT, ETHOXYDIGLYCOL, PEG-40 HYDROGENATED CASTOR OIL, PHOSPHORIC ACID, SODIUM HYDROXIDE, CETEARYL ETHYLHEXANOATE, TRIETHANOLAMINE, QUATERNIUM-80, DIMETHICONE, HYDROXYETHYLCELLULOSE, GLYCERIN, CELLULOSE, SODIUM CHLORIDE, SODIUM ACETATE, POTASSIUM SORBATE, SODIUM BENZOATE, DEHYDROACETIC ACID, PHENOXYETHANOL, BUTYLENE GLYCOL, PARFUM (FRAGRANCE), EUGENOL, BENZYL ALCOHOL, BENZYL SALICYLATE, ALPHA-ISOMETHYL IONONE, HYDROXYISOHEXYL-3-CYCLOHEXENE CARBOXALDEHYDE, GERANIOL, CITRONELLOL, HYDROXYCITRONELLAL, LINALOOL, ISOEUGENOL, CI 28440, CI 19140, CI 16255</span></p>'),
(112, 1, 1, 'Descrição', ''),
(113, 1, 1, 'Modo de Uso', '<p><span style=\"font-size: 11.0pt; font-family: \'Arial\',sans-serif; mso-fareast-font-family: Calibri; mso-fareast-theme-font: minor-latin; mso-ansi-language: PT; mso-fareast-language: EN-US; mso-bidi-language: AR-SA;\">Aplicar no cabelo húmido e massajar o couro cabeludo até criar espuma. Deixar atuar de 1 a 5 minutos dependendo do efeito desejado e enxaguar. Utilizar 1 a 2 vezes por semana alternando com o champô de uso frequente.</span></p>'),
(114, 1, 1, 'Ingredientes', '<p class=\"MsoNormal\"><span style=\"font-size:10.5pt;font-family:&quot;Verdana&quot;,sans-serif;\ncolor:#383838;background:white\">AQUA (WATER), SODIUM LAURETH SULFATE, COCAMIDE DEA, SODIUM CHLORIDE, COCAMIDOPROPYL BETAINE, PLACENTAL PROTEIN, GOSSYPIUM HERBACEUM SEED EXTRACT, PANTHENOL, THIAMINE HCl, ASCORBYL PALMITATE, RIBOFLAVIN, TOCOPHEROL, FAEX (YEAST) EXTRACT, PYRIDOXINE HCl, POLYQUATERNIUM-10, MAGNESIUM CHLORIDE, LECITHIN, TRIETHANOLAMINE, GLYCERYL OLEATE, PROPYLENE GLYCOL, SODIUM SULFATE, COCO-GLUCOSIDE, SODIUM HYDROXIDE, ALCOHOL DENAT., QUATERNIUM-80, GLYCERIN, PHENYLBENZIMIDAZOLE SULFONIC ACID, HYDROGENATED PALM GLYCERIDES CITRATE, SODIUM SUCCINATE, MAGNESIUM NITRATE, METHYLISOTHIAZOLINONE, METHYLCHLOROISOTHIAZOLINONE, CITRIC ACID, SODIUM BENZOATE, POTASSIUM SORBATE, CHLORPHENESIN, PARFUM (FRAGRANCE), HEXYL CINNAMAL, CITRONELLOL, CI 60730</span></p>'),
(115, 1, 1, 'Descrição', ''),
(116, 1, 1, 'Modo de Uso', '<p class=\"MsoNormal\"><span style=\"font-family:&quot;Arial&quot;,sans-serif\">Aplicar no cabelo húmido e massajar até formar espuma. Deixe atuar de 2 a 5 minutos e enxaguar com bastante água. Uso diário ou em dias alternados.</span></p>'),
(117, 1, 1, 'Ingredientes', '<p class=\"MsoNormal\"><span style=\"font-family:&quot;Arial&quot;,sans-serif\">AQUA (WATER), SODIUM LAURETH SULFATE, COCAMIDE DEA, COCAMIDOPROPYL BETAINE, SODIUM CHLORIDE, ASCORBYL PALMITATE, HYDROLYZED KERATIN, BIOTIN, PLACENTAL PROTEIN, HYDROLYZED COLLAGEN, THIAMINE HCl, INOSITOL, PANTHENOL, RETINYL PALMITATE, TOCOPHERYL ACETATE, CAPSICUM FRUTESCENS FRUIT EXTRACT, EQUISETUM ARVENSE EXTRACT, ROYAL JELLY, AESCULUS HIPPOCASTANUM (HORSE CHESTNUT) SEED EXTRACT, FAEX (YEAST) EXTRACT, ADENOSINE, PYRIDOXINE HCl, TOCOPHEROL, RIBOFLAVIN, LECITHIN, MAGNESIUM CHLORIDE, NIACINAMIDE, EUCALYPTOL, CAFFEINE, ETHOXYDIGLYCOL, GLYCOL DISTEARATE, PEG-40 HYDROGENATED CASTOR OIL, PEG-60 HYDROGENATED CASTOR OIL, COCAMIDE MEA, SODIUM HYDROXIDE, GLYCERYL OLEATE, COCO-GLUCOSIDE, SODIUM SULFATE, TRIETHANOLAMINE, PROPYLENE GLYCOL, ALCOHOL DENAT., QUATERNIUM-80, LAURETH-10, HYDROGENATED PALM GLYCERIDES CITRATE, SODIUM SUCCINATE, GLYCERIN, MAGNESIUM NITRATE, BENZOIC ACID, PHENOXYETHANOL, METHYLCHLOROISOTHIAZOLINONE, CHLORPHENESIN, SODIUM BENZOATE, CITRIC ACID, METHYLISOTHIAZOLINONE, POTASSIUM SORBATE, BUTYLENE GLYCOL, PARFUM (FRAGRANCE), CI 16255, CI 28440, CI 19140</span></p>'),
(118, 1, 1, 'Descrição', ''),
(119, 1, 1, 'Modo de Uso', '<p class=\"MsoNormal\"><span style=\"font-family:&quot;Arial&quot;,sans-serif\">Aplicar no cabelo húmido e massajar até formar espuma. Deixe atuar de 2 a 5 minutos e enxaguar com bastante água. Uso diário ou em dias alternados.</span></p>'),
(120, 1, 1, 'Ingredientes', '<p class=\"MsoNormal\"><span style=\"font-family:&quot;Arial&quot;,sans-serif\">AQUA (WATER), SODIUM LAURETH SULFATE, COCAMIDE DEA, COCAMIDOPROPYL BETAINE, SODIUM CHLORIDE, ASCORBYL PALMITATE, HYDROLYZED KERATIN, BIOTIN, PLACENTAL PROTEIN, HYDROLYZED COLLAGEN, THIAMINE HCl, INOSITOL, PANTHENOL, RETINYL PALMITATE, TOCOPHERYL ACETATE, CAPSICUM FRUTESCENS FRUIT EXTRACT, EQUISETUM ARVENSE EXTRACT, ROYAL JELLY, AESCULUS HIPPOCASTANUM (HORSE CHESTNUT) SEED EXTRACT, FAEX (YEAST) EXTRACT, ADENOSINE, PYRIDOXINE HCl, TOCOPHEROL, RIBOFLAVIN, LECITHIN, MAGNESIUM CHLORIDE, NIACINAMIDE, EUCALYPTOL, CAFFEINE, ETHOXYDIGLYCOL, GLYCOL DISTEARATE, PEG-40 HYDROGENATED CASTOR OIL, PEG-60 HYDROGENATED CASTOR OIL, COCAMIDE MEA, SODIUM HYDROXIDE, GLYCERYL OLEATE, COCO-GLUCOSIDE, SODIUM SULFATE, TRIETHANOLAMINE, PROPYLENE GLYCOL, ALCOHOL DENAT., QUATERNIUM-80, LAURETH-10, HYDROGENATED PALM GLYCERIDES CITRATE, SODIUM SUCCINATE, GLYCERIN, MAGNESIUM NITRATE, BENZOIC ACID, PHENOXYETHANOL, METHYLCHLOROISOTHIAZOLINONE, CHLORPHENESIN, SODIUM BENZOATE, CITRIC ACID, METHYLISOTHIAZOLINONE, POTASSIUM SORBATE, BUTYLENE GLYCOL, PARFUM (FRAGRANCE), CI 16255, CI 28440, CI 19140</span></p>'),
(121, 1, 1, 'Descrição', ''),
(122, 1, 1, 'Modo de Uso', '<p class=\"MsoNormal\"><span style=\"font-family:&quot;Arial&quot;,sans-serif\">Aplicar no cabelo húmido e massajar até formar espuma. Deixe atuar de 2 a 5 minutos e enxaguar com bastante água. Uso diário ou em dias alternados.</span></p>');
INSERT INTO `ps_product_tab_lang` (`id_product_tab`, `id_lang`, `id_shop`, `title`, `content`) VALUES
(123, 1, 1, 'Ingredientes', '<p class=\"MsoNormal\"><span style=\"font-family:&quot;Arial&quot;,sans-serif\">AQUA (WATER), SODIUM LAURETH SULFATE, COCAMIDE DEA, COCAMIDOPROPYL BETAINE, SODIUM CHLORIDE, ASCORBYL PALMITATE, HYDROLYZED KERATIN, BIOTIN, PLACENTAL PROTEIN, HYDROLYZED COLLAGEN, THIAMINE HCl, INOSITOL, PANTHENOL, RETINYL PALMITATE, TOCOPHERYL ACETATE, CAPSICUM FRUTESCENS FRUIT EXTRACT, EQUISETUM ARVENSE EXTRACT, ROYAL JELLY, AESCULUS HIPPOCASTANUM (HORSE CHESTNUT) SEED EXTRACT, FAEX (YEAST) EXTRACT, ADENOSINE, PYRIDOXINE HCl, TOCOPHEROL, RIBOFLAVIN, LECITHIN, MAGNESIUM CHLORIDE, NIACINAMIDE, EUCALYPTOL, CAFFEINE, ETHOXYDIGLYCOL, GLYCOL DISTEARATE, PEG-40 HYDROGENATED CASTOR OIL, PEG-60 HYDROGENATED CASTOR OIL, COCAMIDE MEA, SODIUM HYDROXIDE, GLYCERYL OLEATE, COCO-GLUCOSIDE, SODIUM SULFATE, TRIETHANOLAMINE, PROPYLENE GLYCOL, ALCOHOL DENAT., QUATERNIUM-80, LAURETH-10, HYDROGENATED PALM GLYCERIDES CITRATE, SODIUM SUCCINATE, GLYCERIN, MAGNESIUM NITRATE, BENZOIC ACID, PHENOXYETHANOL, METHYLCHLOROISOTHIAZOLINONE, CHLORPHENESIN, SODIUM BENZOATE, CITRIC ACID, METHYLISOTHIAZOLINONE, POTASSIUM SORBATE, BUTYLENE GLYCOL, PARFUM (FRAGRANCE), CI 16255, CI 28440, CI 19140</span></p>'),
(124, 1, 1, 'Descrição', ''),
(125, 1, 1, 'Modo de Uso', '<p class=\"MsoNormal\"><span style=\"font-family:&quot;Arial&quot;,sans-serif\">Limpar sempre a pele antes de aplicar o sérum, secar com uma toalha para as pálpebras não ficarem húmidas. Aplicar o sérum cuidadosamente uma vez ao dia tanto na linhas superior como na inferior das pestanas. Aguardar de 1 a 3 minutos até que o sérum seja completamente absorvido, para poder aplicar maquiagem. Recomenda-se a aplicação do sérum antes de dormir. Para obter melhores, deve aplicar-se diariamente durante 6 semanas.</span></p>'),
(126, 1, 1, 'Ingredientes', '<p class=\"MsoNormal\"><span style=\"font-family:&quot;Arial&quot;,sans-serif\">AQUA (WATER), PROPYLENE GLYCOL, GLYCERIN, MYRISTOYL PENTAPEPTIDE-17, DISODIUM EDTA, TRIETHANOLAMINE, HYDROXYETHYLCELLULOSE, CELLULOSE, SODIUM CHLORIDE, ISOPROPYL ALCOHOL, SODIUM ACETATE, BENZOIC ACID, SODIUM BENZOATE, 1,2-HEXANEDIOL, CAPRYLYL GLYCOL, ETHYLHEXYLGLYCERIN, PHENOXYETHANOL</span></p>'),
(127, 1, 1, 'Descrição', ''),
(128, 1, 1, 'Modo de Uso', '<p><span style=\"font-size: 11.0pt; font-family: \'Arial\',sans-serif; mso-fareast-font-family: Calibri; mso-fareast-theme-font: minor-latin; mso-ansi-language: PT; mso-fareast-language: EN-US; mso-bidi-language: AR-SA;\">Aplicar algumas gotas nas áreas afetadas do couro cabeludo e distribuir com uma massagem suave. Lave o cabelo após 2 a 3 horas. Para obter melhores resultados, deixe o produto atuar  durante a noite e lavar pela manhã. Uso diário. O tratamento mínimo recomendado é entre 3 e 7 meses dependendo do problema a ser tratado.</span></p>'),
(129, 1, 1, 'Ingredientes', '<p class=\"MsoNormal\"><span style=\"font-size:10.5pt;font-family:&quot;Verdana&quot;,sans-serif;\ncolor:#383838;background:white\">VITIS VINIFERA (GRAPE) SEED OIL, SIMMONDSIA CHINENSIS (JOJOBA) SEEDS OIL, ROSMARINUS OFFICINALIS (ROSEMARY) LEAF OIL, CEDRUS ATLANTICA WOOD OIL, LAVANDULA ANGUSTIFOLIA (LAVENDER) OIL, THYMUS VULGARIS OIL, BHT, GERANIOL, LIMONENE, LINALOOL, EUGENOL</span></p>'),
(130, 1, 1, 'Descrição', ''),
(131, 1, 1, 'Modo de Uso', '<p class=\"MsoNormal\"><span style=\"font-family:&quot;Arial&quot;,sans-serif\">Agitar a loção antes de usar. Aplicar 2ml. da loção no couro cabeludo seco ou molhado. Distribua com massagens suaves. Não lavar imediatamente após a aplicação. Uso diário. O período mínimo recomendado de tratamento é de 3 meses, ou segundo outra opção.</span></p>'),
(132, 1, 1, 'Ingredientes', '<p class=\"MsoNormal\"><span style=\"font-size:10.5pt;font-family:&quot;Verdana&quot;,sans-serif;color:#383838;background:white\">AQUA (WATER), ALCOHOL DENAT., PLACENTAL PROTEIN, BIOTIN, RETINYL PALMITATE, SERENOA SERRULATA FRUIT EXTRACT, TOCOPHERYL ACETATE, PANTHENOL, CARBOXYETHYL AMINOBUTYRIC ACID, GLYCERIN, THIAMINE HCl,INOSITOL,AESCULUS HIPPOCASTANUM (HORSE CHESTNUT) SEED EXTRACT, FAEX (YEAST) EXTRACT, RIBOFLAVIN, PYRIDOXINE HCl,SACCHAROMYCES/IRON FERMENT, NIACINAMIDE, SACCHAROMYCES/MAGNESIUM FERMENT, SACCHAROMYCES/COPPER FERMENT, SACCHAROMYCES/SILICON FERMENT, SACCHAROMYCES/ZINC FERMENT, ETHOXYDIGLYCOL, TRIETHANOLAMINE, SODIUM HYDROXIDE, PROPYLENE GLYCOL, PEG-40 HYDROGENATED CASTOR OIL, SODIUM SUCCINATE, SODIUM CHLORIDE, PROPANEDIOL, POTASSIUM SORBATE, SODIUM BENZOATE, CHLORPHENESIN, PHENOXYETHANOL, POLYSORBATE 20, PARFUM (FRAGRANCE), HEXYL CINNAMAL, CITRONELLOL, CI 28440, CI 16255, CI 19140 (FD&C YELLOW 5)</span></p>'),
(133, 1, 1, 'Descrição', ''),
(134, 1, 1, 'Modo de Uso', '<p><span style=\"font-size: 11.0pt; font-family: \'Arial\',sans-serif; mso-fareast-font-family: Calibri; mso-fareast-theme-font: minor-latin; mso-ansi-language: PT; mso-fareast-language: EN-US; mso-bidi-language: AR-SA;\">Agitar a loção antes de usar. Aplicar 2ml da loção no couro cabeludo seco ou molhado. Distribua com massagens suaves. Não Lavar imediatamente após a aplicação. Uso diário. O tratamento mínimo recomendado é de 3 meses ou segundo outra opção.</span></p>'),
(135, 1, 1, 'Ingredientes', '<p class=\"MsoNormal\"><span style=\"font-size:10.5pt;font-family:&quot;Verdana&quot;,sans-serif;\ncolor:#383838;background:white\">AQUA (WATER), ALCOHOL DENAT., PLACENTAL PROTEIN, HYDROLYZED KERATIN, SERENOA SERRULATA FRUIT EXTRACT, SACCHAROMYCES/ZINC FERMENT, SACCHAROMYCES/COPPER FERMENT, TRIFOLIUM PRATENSE (CLOVER) FLOWER EXTRACT, SACCHAROMYCES/MAGNESIUM FERMENT, DEXTRAN, SACCHAROMYCES/SILICON FERMENT, SACCHAROMYCES/IRON FERMENT, ACETYL TETRAPEPTIDE-3, RESORCINOL, SALICYLIC ACID, PEG-40 HYDROGENATED CASTOR OIL, PROPYLENE GLYCOL, MINERAL SALTS, GLYCERIN, SODIUM SUCCINATE, SODIUM CHLORIDE, POTASSIUM SORBATE, SODIUM BENZOATE, CHLORPHENESIN, BUTYLENE GLYCOL, PARFUM (FRAGRANCE), EUGENOL, LINALOOL, LIMONENE, CI 19140</span></p>'),
(136, 1, 1, 'Descrição', ''),
(137, 1, 1, 'Modo de Uso', '<p><span style=\"font-size: 11.0pt; font-family: \'Arial\',sans-serif; mso-fareast-font-family: Calibri; mso-fareast-theme-font: minor-latin; mso-ansi-language: PT; mso-fareast-language: EN-US; mso-bidi-language: AR-SA;\">Agitar antes de usar. Aplicar 2ml. da loção no couro cabeludo seco ou húmido e distribuir com massagens suaves. Não lavar imediatamente após aplicar. Usar diariamente. O tratamento mínimo recomendado é de 3 meses ou segundo outra opção.</span></p>'),
(138, 1, 1, 'Ingredientes', '<p class=\"MsoNormal\"><span style=\"font-size:10.5pt;font-family:&quot;Verdana&quot;,sans-serif;color:#383838;background:white\">AQUA (WATER), ALCOHOL DENAT., HYDROLYZED SOY PROTEIN, CARBOXYETHYL AMINOBUTYRIC ACID, SERENOA SERRULATA FRUIT EXTRACT, MALUS DOMESTICA FRUIT CELL CULTURE EXTRACT, EUTERPE OLERACEA PULP POWDER, NIACINAMIDE, PROPYLENE GLYCOL, XANTHAN GUM, GLYCERIN, PROPANEDIOL, POTASSIUM SORBATE, SODIUM BENZOATE, SORBIC ACID, BENZOIC ACID, PHENOXYETHANOL</span></p>'),
(139, 1, 1, 'Descrição', ''),
(140, 1, 1, 'Modo de Uso', '<p class=\"MsoNormal\"><span style=\"font-family:&quot;Arial&quot;,sans-serif\">Antes de usar juntar o conteúdo total da ampola no frasco. Agitar. Aplicar 2ml. da loção no couro cabeludo seco ou húmido e distribuir com massagens suaves. Use diariamente. Não lavar imediatamente após a aplicação. O tratamento mínimo recomendado é de 3 meses ou segundo outra opção.</span></p>'),
(141, 1, 1, 'Ingredientes', '<p class=\"MsoNormal\"><span style=\"font-size:10.5pt;font-family:&quot;Verdana&quot;,sans-serif;color:#383838;background:white\">3.4.3A: AQUA (WATER), ALCOHOL DENAT., PLACENTAL PROTEIN, BIOTIN,INOSITOL, THIAMINE HCl, RETINYL PALMITATE, SERENOA SERRULATA FRUIT EXTRACT, TOCOPHERYL ACETATE, PANTHENOL, GLYCERIN, AESCULUS HIPPOCASTANUM (HORSE CHESTNUT) SEED EXTRACT, RIBOFLAVIN, PYRIDOXINE HCl, FAEX (YEAST) EXTRACT, NIACINAMIDE, METHYL NICOTINATE, ETHOXYDIGLYCOL, SODIUM HYDROXIDE, PEG-40 HYDROGENATED CASTOR OIL, PROPYLENE GLYCOL, SODIUM SUCCINATE, SODIUM CHLORIDE, POTASSIUM SORBATE, SODIUM BENZOATE, CHLORPHENESIN, PARFUM (FRAGRANCE), HEXYL CINNAMAL, CITRONELLOL, CI 28440, CI 16255, CI 19140 (FD&C YELLOW 5).<br>\r\n\r\n3.4.3B: AQUA (WATER), ALCOHOL DENAT., HYDROLYZED SOY PROTEIN, CARBOXYETHYL AMINOBUTYRIC ACID, SERENOA SERRULATA FRUIT EXTRACT, MALUS DOMESTICA FRUIT CELL CULTURE EXTRACT, EUTERPE OLERACEA PULP POWDER, NIACINAMIDE, PROPYLENE GLYCOL, XANTHAN GUM, GLYCERIN, PROPANEDIOL, POTASSIUM SORBATE, SODIUM BENZOATE, SORBIC ACID, BENZOIC ACID, PHENOXYETHANOL.\r\n</span></p>'),
(142, 1, 1, 'Descrição', ''),
(143, 1, 1, 'Modo de Uso', '<p><span style=\"font-size: 11.0pt; font-family: \'Arial\',sans-serif; mso-fareast-font-family: Calibri; mso-fareast-theme-font: minor-latin; mso-ansi-language: PT; mso-fareast-language: EN-US; mso-bidi-language: AR-SA;\">Agitar a loção antes de usar. Aplicar 2ml. a 3ml. da loção no couro cabeludo seco ou molhado. Distribua a loção com massagens suaves. Não lavar imediatamente após a aplicação. Aplicar diariamente. O tratamento mínimo recomendado é de 3 meses, a menos que outra opção seja recomendada.</span></p>'),
(144, 1, 1, 'Ingredientes', '<p class=\"MsoNormal\"><span style=\"font-size:10.5pt;font-family:&quot;Verdana&quot;,sans-serif;color:#383838;background:white\">AQUA (WATER), ALCOHOL DENAT., PLACENTAL PROTEIN, HYDROLYZED RNA, GLYCERIN, INOSITOL, PANTHENOL, TOCOPHERYL ACETATE, CARBOXYETHYL AMINOBUTYRIC ACID, EUTERPE OLERACEA FRUIT EXTRACT, RETINYL PALMITATE, THIAMINE HCl, HYDROLYZED DNA, BIOTIN, HYDROLYZED SOY PROTEIN, AESCULUS HIPPOCASTANUM (HORSE CHESTNUT) SEED EXTRACT, PYRIDOXINE HCl, FAEX (YEAST) EXTRACT, RIBOFLAVIN, SACCHAROMYCES/IRON FERMENT, SACCHAROMYCES/SILICON FERMENT, SACCHAROMYCES/MAGNESIUM FERMENT, NIACINAMIDE, INOSINE, CAMPHOR, SACCHAROMYCES/COPPER FERMENT, SACCHAROMYCES/ZINC FERMENT, METHYL NICOTINATE, ETHOXYDIGLYCOL, PROPYLENE GLYCOL, SODIUM HYDROXIDE, TRIETHANOLAMINE, PEG-40 HYDROGENATED CASTOR OIL, SODIUM SUCCINATE, PROPANEDIOL, SORBIC ACID, BENZOIC ACID, PHENOXYETHANOL, POTASSIUM SORBATE, CHLORPHENESIN, SODIUM BENZOATE, PARFUM (FRAGRANCE), CITRONELLOL, HEXYL CINNAMAL.</span></p>'),
(145, 1, 1, 'Descrição', ''),
(146, 1, 1, 'Modo de Uso', '<p><span style=\"font-size: 11.0pt; font-family: \'Arial\',sans-serif; mso-fareast-font-family: Calibri; mso-fareast-theme-font: minor-latin; mso-ansi-language: PT; mso-fareast-language: EN-US; mso-bidi-language: AR-SA;\">Agitar a ampola antes de usar. Aplique a loção no couro cabeludo, massajando até á sua completa absorção. Recomenda-se não lavar o cabelo imediatamente após o uso da loção para permitir a ação dos princípios ativos. O tratamento standard é de 4 meses, a menos que seja recomendado o contrário. Use esta loção após a lavagem do cabelo com o champô <b>3.1</b> <b>DIXIDOX DE LUXE INTENSE SHAMPOO</b></span></p>'),
(147, 1, 1, 'Ingredientes', '<p class=\"MsoNormal\"><span style=\"font-size:10.5pt;font-family:&quot;Verdana&quot;,sans-serif;color:#383838;background:white\">ALCOHOL DENAT., AQUA (WATER), PLACENTAL PROTEIN, GLYCERIN, CRATAEGUS MONOGINA FLOWER EXTRACT, BIOTIN, PANTHENOL, HYDROLYZED RNA, HYDROLYZED DNA, TOCOPHERYL ACETATE, ASCORBYL PALMITATE, RETINYL PALMITATE, SERENOA SERRULATA FRUIT EXTRACT, INOSITOL, CAPSICUM FRUTESCENS FRUIT EXTRACT, YEAST EXTRACT, THIAMINE Hl, AESCULUS HIPPOCASTANUM (HORSE CHESTNUT) SEED EXTRACT, TOCOPHEROL, PYRIDOXINE HCl, URTICA DIOICA (NETTLE) LEAF EXTRACT, OLEA EUROPAEA (OLIVE) LEAF EXTRACT, RIBOFLAVIN, SACCHAROMYCES/IRON FERMENT, SACCHAROMYCES/ZINC FERMENT, NIACINAMIDE, SACCHAROMYCES/SILICON FERMENT, SACCHAROMYCES/COPPER FERMENT, EUCALYPTOL, SACCHAROMYCES/MAGNESIUM FERMENT, CAFFEINE, MENTHOL, METHYL NICOTINATE, PEG-40 HYDROGENATED CASTOR OIL, PROPYLENE GLYCOL, PEG-60 HYDROGENATED CASTOR OIL, SODIUM HYDROXIDE, SODIUM SUCCINATE, SODIUM CHLORIDE, CITRIC ACID, SODIUM BENZOATE, POTASSIUM SORBATE, PHENOXYETHANOL, CHLORPHENESIN, PARFUM (FRAGRANCE), CITRONELLOL, HEXYL CINNAMAL, CI 16255, CI 19140 (FD&C YELLOW 5), CI 28440</span></p>'),
(148, 1, 1, 'Descrição', ''),
(149, 1, 1, 'Modo de Uso', '<p class=\"MsoNormal\"><span style=\"font-family:&quot;Arial&quot;,sans-serif\">Agitar a ampola antes de usar. Aplique a loção no couro cabeludo, massajando até á sua completa absorção. Recomenda-se não lavar o cabelo imediatamente após o uso da loção para permitir a ação dos princípios ativos. O tratamento standard é de 4 meses, a menos que seja recomendado o contrário. Use esta loção após a lavagem do cabelo com o champô <b>3.1</b> <b>DIXIDOX DE LUXE INTENSE SHAMPOO</b>.</span></p>'),
(150, 1, 1, 'Ingredientes', '<p class=\"MsoNormal\"><span style=\"font-size:10.5pt;font-family:&quot;Verdana&quot;,sans-serif;color:#383838;background:white\">ALCOHOL DENAT., AQUA (WATER), PLACENTAL PROTEIN, GLYCERIN, INOSITOL, BIOTIN, TOCOPHERYL ACETATE, PANTHENOL, HYDROLYZED RNA, HYDROLYZED DNA, RETINYL PALMITATE, SERENOA SERRULATA FRUIT EXTRACT, CAPSICUM FRUTESCENS FRUIT EXTRACT, THIAMINE HCl, CRATAEGUS MONOGINA FLOWER EXTRACT, AESCULUS HIPPOCASTANUM (HORSE CHESTNUT) SEED EXTRACT, SODIUM ASCORBYL PHOSPHATE, PYRIDOXINE HCl, TOCOPHEROL, URTICA DIOICA (NETTLE) LEAF EXTRACT, OLEA EUROPAEA (OLIVE) LEAF EXTRACT, FAEX (YEAST) EXTRACT, RIBOFLAVIN, SACCHAROMYCES/IRON FERMENT, SACCHAROMYCES/ZINC FERMENT, NIACINAMIDE, SACCHAROMYCES/SILICON FERMENT, SACCHAROMYCES/COPPER FERMENT, EUCALYPTOL, SACCHAROMYCES/MAGNESIUM FERMENT, CAFFEINE, MENTHOL, ETHOXYDIGLYCOL, METHYL NICOTINATE, PROPYLENE GLYCOL, PEG-60 HYDROGENATED CASTOR OIL, PEG-40 HYDROGENATED CASTOR OIL,SODIUM HYDROXIDE, SODIUM SUCCINATE, SODIUM CHLORIDE, SODIUM BENZOATE, PHENOXYETHANOL, POTASSIUM SORBATE, CHLORPHENESIN, PARFUM (FRAGRANCE), CITRONELLOL, HEXYL CINNAMAL, CI 16255, CI 19140 (FD&C YELLOW 5), CI 28440.</span></p>'),
(151, 1, 1, 'Descrição', ''),
(152, 1, 1, 'Modo de Uso', '<p class=\"MsoNormal\"><span style=\"font-family:&quot;Arial&quot;,sans-serif\">Aplicar no cabelo húmidos e massajar suavemente. Deixe atuar entre 2 a 5 minutos e enxague com bastante água. Pode ser usado diariamente ou em dias alternados. Para obter melhores resultados, use a Loção <b>3.4 DIXIDOX DE LUXE FORTE LOTION </b>ou a Loção <b>3.4.1 CREXEPIL DE LUXE FORTE LOTION </b>após a lavagem.</span></p>'),
(153, 1, 1, 'Ingredientes', '<p class=\"MsoNormal\"><span style=\"font-size:10.5pt;font-family:&quot;Verdana&quot;,sans-serif;\ncolor:#383838;background:white\">AQUA (WATER), SODIUM LAURETH SULFATE, SODIUM CHLORIDE, COCAMIDE DEA, COCAMIDOPROPYL BETAINE, INOSITOL, CRATAEGUS MONOGYNA FLOWER EXTRACT, BIOTIN, HYDROLYZED COLLAGEN, ASCORBYL PALMITATE, THIAMINE HCl, RETINYL PALMITATE, TOCOPHERYL ACETATE, PANTHENOL, SERENOA SERRULATA FRUIT EXTRACT, CAPSICUM FRUTESCENS FRUIT EXTRACT, HYDROLYZED KERATIN, PLACENTAL PROTEIN, AESCULUS HIPPOCASTANUM (HORSE CHESTNUT) SEED EXTRACT, URTICA DIOICA (NETTLE) LEAF EXTRACT, FAEX (YEAST) EXTRACT, PYRIDOXINE HCl, TOCOPHEROL, OLEA EUROPAEA (OLIVE) LEAF EXTRACT, RIBOFLAVIN, ADENOSINE, NIACINAMIDE, LECITHIN, MAGNESIUM CHLORIDE, EUCALYPTOL, MENTHOL, CAFFEINE, ETHOXYDIGLYCOL, PROPYLENE GLYCOL, SODIUM HYDROXIDE, PEG-60 HYDROGENATED CASTOR OIL, PEG-40 HYDROGENATED CASTOR OIL, TRIETHANOLAMINE, COCO-GLUCOSIDE, GLYCERYL OLEATE, SODIUM SULFATE, QUATERNIUM-80, ALCOHOL DENAT., HYDROGENATED PALM GLYCERIDES CITRATE, GLYCERIN, SODIUM SUCCINATE, MAGNESIUM NITRATE, CITRIC ACID, SODIUM BENZOATE, CHLORPHENESIN, POTASSIUM SORBATE, METHYLCHLOROISOTHIAZOLINONE, PHENOXYETHANOL, METHYLISOTHIAZOLINONE, BUTYLENE GLYCOL, PARFUM (FRAGRANCE), HEXYL CINNAMAL, CI 42090</span></p>'),
(154, 1, 1, 'Descrição', ''),
(155, 1, 1, 'Modo de Uso', '<p><span style=\"font-size: 11.0pt; font-family: \'Arial\',sans-serif; mso-fareast-font-family: Calibri; mso-fareast-theme-font: minor-latin; mso-ansi-language: PT; mso-fareast-language: EN-US; mso-bidi-language: AR-SA;\">Aplicar no cabelo húmidos e massajar suavemente. Deixe atuar entre 2 a 5 minutos e enxague com bastante água. Pode ser usado diariamente ou em dias alternados. Para obter melhores resultados, use a Loção <b>3.4 DIXIDOX DE LUXE FORTE LOTION </b>ou a Loção <b>3.4.1 CREXEPIL DE LUXE FORTE LOTION </b>após a lavagem</span></p>'),
(156, 1, 1, 'Ingredientes', '<p class=\"MsoNormal\"><span style=\"font-size:10.5pt;font-family:&quot;Verdana&quot;,sans-serif;\ncolor:#383838;background:white\">AQUA (WATER), SODIUM LAURETH SULFATE, SODIUM CHLORIDE, COCAMIDE DEA, COCAMIDOPROPYL BETAINE, INOSITOL, CRATAEGUS MONOGYNA FLOWER EXTRACT, BIOTIN, HYDROLYZED COLLAGEN, ASCORBYL PALMITATE, THIAMINE HCl, RETINYL PALMITATE, TOCOPHERYL ACETATE, PANTHENOL, SERENOA SERRULATA FRUIT EXTRACT, CAPSICUM FRUTESCENS FRUIT EXTRACT, HYDROLYZED KERATIN, PLACENTAL PROTEIN, AESCULUS HIPPOCASTANUM (HORSE CHESTNUT) SEED EXTRACT, URTICA DIOICA (NETTLE) LEAF EXTRACT, FAEX (YEAST) EXTRACT, PYRIDOXINE HCl, TOCOPHEROL, OLEA EUROPAEA (OLIVE) LEAF EXTRACT, RIBOFLAVIN, ADENOSINE, NIACINAMIDE, LECITHIN, MAGNESIUM CHLORIDE, EUCALYPTOL, MENTHOL, CAFFEINE, ETHOXYDIGLYCOL, PROPYLENE GLYCOL, SODIUM HYDROXIDE, PEG-60 HYDROGENATED CASTOR OIL, PEG-40 HYDROGENATED CASTOR OIL, TRIETHANOLAMINE, COCO-GLUCOSIDE, GLYCERYL OLEATE, SODIUM SULFATE, QUATERNIUM-80, ALCOHOL DENAT., HYDROGENATED PALM GLYCERIDES CITRATE, GLYCERIN, SODIUM SUCCINATE, MAGNESIUM NITRATE, CITRIC ACID, SODIUM BENZOATE, CHLORPHENESIN, POTASSIUM SORBATE, METHYLCHLOROISOTHIAZOLINONE, PHENOXYETHANOL, METHYLISOTHIAZOLINONE, BUTYLENE GLYCOL, PARFUM (FRAGRANCE), HEXYL CINNAMAL, CI 42090</span></p>'),
(157, 1, 1, 'Descrição', ''),
(158, 1, 1, 'Modo de Uso', '<p><span style=\"font-size: 11.0pt; font-family: \'Arial\',sans-serif; mso-fareast-font-family: Calibri; mso-fareast-theme-font: minor-latin; mso-ansi-language: PT; mso-fareast-language: EN-US; mso-bidi-language: AR-SA;\">Agitar antes de usar. Aplicar 2ml a 4ml no couro cabeludo seco ou húmido, massajando até à sua completa absorção. É aconselhável não lavar o cabelo imediatamente após o uso da loção para permitir que os princípios ativos atuem no couro cabeludo. Use a loção 2 a 3 vezes por semana após a lavagem com <b>2.1 DIXIDOX DE LUXE ANTIDANDRUFF SHAMPOO</b></span></p>'),
(159, 1, 1, 'Ingredientes', '<p class=\"MsoNormal\"><span style=\"font-size:10.5pt;font-family:&quot;Verdana&quot;,sans-serif;\ncolor:#383838;background:white\">AQUA (WATER), ALCOHOL DENAT, EQUISETUM ARVENSE EXTRACT, TROPAEOLUM MAJUS FLOWER EXTRACT, SALVIA OFFICINALIS (SAGE) LEAF EXTRACT, ROSMARINUS OFFICINALIS (ROSEMARY) LEAF EXTRACT, PINUS SYLVESTRIS BUD EXTRACT, NASTURTIUM OFFICINALE EXTRACT, LAMIUM ALBUM EXTRACT, HEDERA HELIX (IVY) LEAF EXTRACT, CITRUS LIMON (LEMON) PEEL EXTRACT, CHAMOMILLA RECUTITA (MATRICARIA) FLOWER EXTRACT, CALENDULA OFFICINALIS FLOWER EXTRACT, ARNICA MONTANA FLOWER EXTRACT, ARCTIUM MAJUS ROOT EXTRACT, EUCALYPTOL, PIROCTONE OLAMINE, MENTHOL, SALICYLIC ACID, TRIETHANOLAMINE, CLIMBAZOLE, PEG-40 HYDROGENATED CASTOR OIL, GLYCERIN, SODIUM CHLORIDE, SODIUM BENZOATE, POTASSIUM SORBATE, CI 42090, CI 19140</span></p>'),
(160, 1, 1, 'Descrição', ''),
(161, 1, 1, 'Modo de Uso', '<p><span style=\"font-size: 11.0pt; font-family: \'Arial\',sans-serif; mso-fareast-font-family: Calibri; mso-fareast-theme-font: minor-latin; mso-ansi-language: PT; mso-fareast-language: EN-US; mso-bidi-language: AR-SA;\">Aplicar no cabelo húmido e massajar suavemente. Deixe atuar por 2 a 5 minutos, enxaguar com bastante água. Use diariamente durante os primeiros 10 dias de tratamento. Como tratamento preventivo 2 a 3 vezes por semana. Para melhores resultados, aplique previamente <b>1.3</b> <b>DIXIDOX DE LUXE PEELING</b> uma vez por semana antes de lavar. Após a lavagem coloque a loção <b>2.4L DIXIDOX DE LUXE ANTIDANDRUFF LOTION.</b></span></p>'),
(162, 1, 1, 'Ingredientes', '<p class=\"MsoNormal\"><span style=\"font-size:10.5pt;font-family:&quot;Verdana&quot;,sans-serif;\ncolor:#383838;background:white\">AQUA (WATER), SODIUM LAURETH SULFATE, PROPYLENE GLYCOL, COCAMIDE DEA, COCAMIDOPROPYL BETAINE, ASCORBYL PALMITATE, TOCOPHEROL, FAEX (YEAST) EXTRACT, LECITHIN, MAGNESIUM CHLORIDE, EUCALYPTOL, PIROCTONE OLAMINE, MENTHOL, SALICYLIC ACID, GLYCOL DISTEARATE, COCAMIDE MEA, TRIETHANOLAMINE, SODIUM SULFATE, CLIMBAZOLE, GLYCERYL OLEATE, COCO-GLUCOSIDE, ALCOHOL DENAT., LAURETH-10, QUATERNIUM-80, HYDROGENATED PALM GLYCERIDES CITRATE, SODIUM CHLORIDE, MAGNESIUM NITRATE, METHYLISOTHIAZOLINONE, METHYLCHLOROISOTHIAZOLINONE, BENZOIC ACID, CITRIC ACID, PARFUM (FRAGRANCE), LIMONENE, CI 42090, CI 19140</span></p>'),
(163, 1, 1, 'Descrição', ''),
(164, 1, 1, 'Modo de Uso', '<p><span style=\"font-size: 11.0pt; font-family: \'Arial\',sans-serif; mso-fareast-font-family: Calibri; mso-fareast-theme-font: minor-latin; mso-ansi-language: PT; mso-fareast-language: EN-US; mso-bidi-language: AR-SA;\">Aplicar no cabelo húmido e massajar suavemente. Deixe atuar por 2 a 5 minutos, enxaguar com bastante água. Use diariamente durante os primeiros 10 dias de tratamento. Como tratamento preventivo 2 a 3 vezes por semana. Para melhores resultados, aplique previamente <b>1.3</b> <b>DIXIDOX DE LUXE PEELING</b> uma vez por semana antes de lavar. Após a lavagem coloque a loção <b>2.4L DIXIDOX DE LUXE ANTIDANDRUFF LOTION.</b></span></p>'),
(165, 1, 1, 'Ingredientes', '<p class=\"MsoNormal\"><span style=\"font-size:10.5pt;font-family:&quot;Verdana&quot;,sans-serif;\ncolor:#383838;background:white\">AQUA (WATER), SODIUM LAURETH SULFATE, PROPYLENE GLYCOL, COCAMIDE DEA, COCAMIDOPROPYL BETAINE, ASCORBYL PALMITATE, TOCOPHEROL, FAEX (YEAST) EXTRACT, LECITHIN, MAGNESIUM CHLORIDE, EUCALYPTOL, PIROCTONE OLAMINE, MENTHOL, SALICYLIC ACID, GLYCOL DISTEARATE, COCAMIDE MEA, TRIETHANOLAMINE, SODIUM SULFATE, CLIMBAZOLE, GLYCERYL OLEATE, COCO-GLUCOSIDE, ALCOHOL DENAT., LAURETH-10, QUATERNIUM-80, HYDROGENATED PALM GLYCERIDES CITRATE, SODIUM CHLORIDE, MAGNESIUM NITRATE, METHYLISOTHIAZOLINONE, METHYLCHLOROISOTHIAZOLINONE, BENZOIC ACID, CITRIC ACID, PARFUM (FRAGRANCE), LIMONENE, CI 42090, CI 19140</span></p>'),
(166, 1, 1, 'Descrição', ''),
(167, 1, 1, 'Modo de Uso', '<p><span style=\"font-size: 11.0pt; font-family: \'Arial\',sans-serif; mso-fareast-font-family: Calibri; mso-fareast-theme-font: minor-latin; mso-ansi-language: PT; mso-fareast-language: EN-US; mso-bidi-language: AR-SA;\">Agitar antes de usar. Aplicar no couro cabeludo seco ou húmido, massajar até á sua completa absorção. Recomenda-se não lavar o cabelo imediatamente após o uso da loção para permitir a ação dos princípios ativos. Use 2 a 3 vezes por semana após lavar com <b>1.1 DIXIDOX DE LUXE ANTISEBORRHEIC SHAMPOO</b></span></p>'),
(168, 1, 1, 'Ingredientes', '<p><span style=\"font-size: 10.5pt; font-family: \'Verdana\',sans-serif; mso-fareast-font-family: Calibri; mso-fareast-theme-font: minor-latin; mso-bidi-font-family: Calibri; color: #383838; background: white; mso-ansi-language: PT; mso-fareast-language: EN-US; mso-bidi-language: AR-SA;\">AQUA (WATER), ALCOHOL DENAT., GLYCERIN, TROPAEOLUM MAJUS FLOWER EXTRACT, CHAMOMILLA RECUTITA (MATRICARIA) FLOWER EXTRACT, CALENDULA OFFICINALIS FLOWER EXTRACT, PUNICA GRANATUM FRUIT EXTRACT, CAPSICUM (CAPSICUM FRUTESCENS) EXTRACT, LAMIUM ALBUM EXTRACT, HEDERA HELIX (IVY) LEAF EXTRACT, NASTURTIUM OFFICINALE EXTRACT, THIAMINE HCl, CITRUS LIMON (LEMON) PEEL EXTRACT, SALVIA OFFICINALIS (SAGE) LEAF EXTRACT, PINUS SYLVESTRIS BUD EXTRACT, VITIS VINIFERA LEAF EXTRACT, CAMELLIA SINENSIS LEAF EXTRACT, ROSMARINUS OFFICINALIS (ROSEMARY) LEAF EXTRACT, PYRIDOXINE HCl, FAEX (YEAST) EXTRACT, ARCTIUM MAJUS ROOT EXTRACT, ARNICA MONTANA FLOWER EXTRACT, RIBOFLAVIN, EUCALYPTOL, NIACINAMIDE, MENTHOL, PIROCTONE OLAMINE, UNDECYLENAMIDOPROPYLTRIMONIUM METHOSULFATE, SALICYLIC ACID, ETHOXYDIGLYCOL, TRIETHANOLAMINE, PROPYLENE GLYCOL, PEG-40 HYDROGENATED CASTOR OIL, SODIUM BENZOATE, POTASSIUM SORBATE, DEHYDROACETIC ACID, BENZYL ALCOHOL, CARAMEL</span></p>'),
(169, 1, 1, 'Descrição', ''),
(170, 1, 1, 'Modo de Uso', '<p class=\"MsoNormal\"><span style=\"font-family:&quot;Arial&quot;,sans-serif\">Aplicar o peeling no couro cabeludo e massaje suavemente. Deixe atuar entre 5 a 15 minutos. Enxaguar com bastante água. Para obter melhores resultados lave o cabelo com <b>1.1</b> <b>DIXIDOX DE LUXE ANTISEBORRHEIC SHAMPOO</b>. Em seguida, aplique a Loção <b>1.4L DIXIDOX DE LUXE ANTISEBORRHEIC LOTION</b>. Recomenda-se o uso de <b>1.3</b> <b>DIXIDOX DE LUXE PEELING </b>uma vez por semana.</span></p>'),
(171, 1, 1, 'Ingredientes', '<p><span style=\"font-size: 10.5pt; font-family: \'Verdana\',sans-serif; mso-fareast-font-family: Calibri; mso-fareast-theme-font: minor-latin; mso-bidi-font-family: Calibri; color: #383838; background: white; mso-ansi-language: PT; mso-fareast-language: EN-US; mso-bidi-language: AR-SA;\">AQUA (WATER), CETEARYL ALCOHOL, PROPYLENE GLYCOL, PRUNUS ARMENIACA (APRICOT) SEED POWDER, ALCOHOL DENAT., CETRIMONIUM CHLORIDE, ISOPROPYL ALCOHOL, PANTHENOL, THIAMINE HCl, HYDROLYZED KERATIN, CAPSICUM FRUTESCENS FRUIT EXTRACT, FAEX (YEAST) EXTRACT, PYRIDOXINE HCl, RIBOFLAVIN, LANOLIN, NIACINAMIDE, EUCALYPTOL, MENTHOL, SALICYLIC ACID, GLYCOLIC ACID, TARTARIC ACID, MALIC ACID, PEG-60 HYDROGENATED CASTOR OIL, PHOSPHORIC ACID, SODIUM HYDROXIDE, HYDROXYETHYLCELLULOSE, LACTIC ACID, BHT, QUATERNIUM-80, CELLULOSE, SODIUM ACETATE, DEHYDROACETIC ACID, CITRIC ACID, PHENOXYETHANOL, BUTYLENE GLYCOL, PARFUM (FRAGRANCE), CITRAL, BENZYL ALCOHOL, LIMONENE, LINALOOL, HEXYL CINNAMAL, BENZYL SALICYLATE, GERANIOL</span></p>'),
(172, 1, 1, 'Descrição', ''),
(173, 1, 1, 'Modo de Uso', '<p><span style=\"font-size: 11.0pt; font-family: \'Arial\',sans-serif; mso-fareast-font-family: Calibri; mso-fareast-theme-font: minor-latin; mso-ansi-language: PT; mso-fareast-language: EN-US; mso-bidi-language: AR-SA;\">O champô pode ser usado diariamente ou em dias alternados. Aplicar nos cabelos húmidos e massajar ligeiramente, deixar atuar 2 a 5 minutos e enxaguar com bastante água. Para obter melhores resultados, use <b>1.3 DIXIDOX DE LUXE PEELING</b> pelo menos uma vez por semana antes da lavagem. Recomenda-se também aplicar <b>1.4L DIXIDOX DE LUXE ANTISEBORRHEIC LOTION </b>após a lavagem.</span></p>'),
(174, 1, 1, 'Ingredientes', '<p class=\"MsoNormal\"><span style=\"font-family:&quot;Arial&quot;,sans-serif\">AQUA (WATER), SODIUM LAURETH SULFATE, PROPYLENE GLYCOL, COCAMIDE DEA, COCAMIDOPROPYL BETAINE, SODIUM CHLORIDE, NASTURTIUM OFFICINALE EXTRACT, TROPAEOLUM MAJUS FLOWER EXTRACT, TOCOPHERYL ACETATE, SALVIA OFFICINALIS (SAGE) LEAF EXTRACT, ROSMARINUS OFFICINALIS (ROSEMARY) LEAF EXTRACT, PINUS SYLVESTRIS BUD EXTRACT, PUNICA GRANATUM FRUIT EXTRACT, LAMIUM ALBUM EXTRACT, HYDROLYZED DNA, CITRUS LIMON (LEMON) PEEL EXTRACT, CHAMOMILLA RECUTITA (MATRICARIA) FLOWER EXTRACT, CALENDULA OFFICINALIS FLOWER EXTRACT, RETINYL PALMITATE, INOSITOL, BIOTIN, HYDROLYZED KERATIN, HYDROLYZED RNA, FAEX, HYDROLYZED COLLAGEN, PANTHENOL, ASCORBYL PALMITATE, HEDERA HELIX (IVY) LEAF EXTRACT, AESCULUS HIPPOCASTANUM (HORSE CHESTNUT) SEED EXTRACT, MEL EXTRACT, BUTYL AVOCADATE, TOCOPHEROL, ARNICA MONTANA FLOWER EXTRACT, ARCTIUM MAJUS ROOT EXTRACT, LECITHIN, PROPYL GALLATE, MAGNESIUM CHLORIDE, EUCALYPTOL, MIMOSA TENUIFLORA (MIMOSA) LEAF EXTRACT, PIROCTONE OLAMINE, MENTHOL, GLYCOL DISTEARATE, SALICYLIC ACID, ETHOXYDIGLYCOL, TRIETHANOLAMINE, SODIUM HYDROXIDE, COCAMIDE MEA, COCO-GLUCOSIDE, SODIUM SULFATE, GLYCERYL OLEATE, PEG-40 HYDROGENATED CASTOR OIL, LAURETH-10, ALCOHOL DENAT., GLYCERIN, CALCIUM GLUCONATE, HYDROGENATED PALM GLYCERIDES CITRATE, GLUCONOLACTONE, MAGNESIUM NITRATE, SODIUM BENZOATE, CITRIC ACID, BENZOIC ACID, POTASSIUM SORBATE, METHYLCHLOROISOTHIAZOLINONE, PHENOXYETHANOL, METHYLISOTHIAZOLINONE, BUTYLENE GLYCOL, PARFUM (FRAGRANCE), LIMONENE, HEXYL CINNAMAL, GERANIOL, CI 50420</span></p>'),
(175, 1, 1, 'Descrição', ''),
(176, 1, 1, 'Modo de Uso', '<p class=\"MsoNormal\"><span style=\"font-family:&quot;Arial&quot;,sans-serif\">Aplicar meia ampola todos os dias, principalmente nas zonas dos cabelos finos. Massajar suavemente para promover a absorção. Na queda de cabelo severa, recomendamos o uso da loção duas vezes ao dia. O período do tratamento é de 4 a 6 meses, após os quais pode continuar a usar a loção três vezes por semana, se necessário e pelo tempo requerido. Recomenda-se não lavar o cabelo imediatamente após o uso dos produtos. É adequado deixar os princípios ativos atuarem por algum tempo.'),
(177, 1, 1, 'Ingredientes', '<p class=\"MsoNormal\"><span style=\"font-family:&quot;Arial&quot;,sans-serif\">KOPIRROL FOLICULAR (6.7%) | NIACINAMIDA (1%) | MELATONINA (0.0033%) | EXTRATO DE PLACENTA (1%) | MISTURA DE AMINOÁCIDOS (2%), PYRROLIDINYL DIAMINOPYRIMIDINE OXIDE OXOTHIAZOLIDINECARBOXYLATE, PLACENTAL PROTEIN, GLYCERIN, CHOLESTEROL, TOCOPHERYL ACETATE, PROLINE, THREONINE, PHENYLALANINE, HISTIDINE, MELATONIN, VALINE, ALANINE, ISOLEUCINE, GLYCINE, PCA, ASPARTIC ACID, ARGININE, SERINE, ETHOXYDIGLYCOL, DIMIRISTOYL PHOSPHATIDYLCHOLINE, SODIUM PCA, PHOSPHATIDYLCHOLINE, PROPYLENE GLYCOL, SODIUM LACTATE, SORBITAN OLEATE, STEARAMINE, BHT, LACTIC ACID, SODIUM SUCCINATE, MANNITOL, 1,2 HEXANEDIOL, CHLORPHENESIN, HYDROXYACETOPHENONE, CAPRYLYL GLYCOL, POLYSORBATE 20, PARFUM (FRAGRANCE), LIMONENE.</span></p>');

-- --------------------------------------------------------

--
-- Estrutura da tabela `ps_product_tab_shop`
--

CREATE TABLE `ps_product_tab_shop` (
  `id_product_tab` int(11) NOT NULL,
  `id_shop` int(11) NOT NULL,
  `product_id` int(11) NOT NULL,
  `tab_content_type` char(50) NOT NULL
) ENGINE=InnoDB DEFAULT CHARSET=utf8;

--
-- Extraindo dados da tabela `ps_product_tab_shop`
--

INSERT INTO `ps_product_tab_shop` (`id_product_tab`, `id_shop`, `product_id`, `tab_content_type`) VALUES
(1, 1, 1, 'content'),
(2, 1, 1, 'content'),
(3, 1, 1, 'description'),
(4, 1, 58, 'description'),
(5, 1, 58, 'content'),
(6, 1, 58, 'content'),
(7, 1, 57, 'description'),
(8, 1, 57, 'content'),
(9, 1, 57, 'content'),
(10, 1, 56, 'description'),
(11, 1, 56, 'content'),
(12, 1, 56, 'content'),
(13, 1, 55, 'description'),
(14, 1, 55, 'content'),
(15, 1, 55, 'content'),
(16, 1, 54, 'description'),
(17, 1, 54, 'content'),
(18, 1, 54, 'content'),
(19, 1, 53, 'description'),
(20, 1, 53, 'content'),
(21, 1, 53, 'content'),
(22, 1, 52, 'description'),
(23, 1, 52, 'content'),
(24, 1, 52, 'content'),
(25, 1, 51, 'description'),
(26, 1, 51, 'content'),
(27, 1, 51, 'content'),
(28, 1, 50, 'description'),
(29, 1, 50, 'content'),
(30, 1, 50, 'content'),
(31, 1, 49, 'description'),
(32, 1, 49, 'content'),
(33, 1, 49, 'content'),
(34, 1, 48, 'description'),
(35, 1, 48, 'content'),
(36, 1, 48, 'content'),
(37, 1, 47, 'description'),
(38, 1, 47, 'content'),
(39, 1, 47, 'content'),
(40, 1, 46, 'description'),
(41, 1, 46, 'content'),
(42, 1, 46, 'content'),
(43, 1, 45, 'description'),
(44, 1, 45, 'content'),
(45, 1, 45, 'content'),
(46, 1, 44, 'description'),
(47, 1, 44, 'content'),
(48, 1, 44, 'content'),
(49, 1, 43, 'description'),
(50, 1, 43, 'content'),
(51, 1, 43, 'content'),
(52, 1, 42, 'description'),
(53, 1, 42, 'content'),
(54, 1, 42, 'content'),
(55, 1, 41, 'description'),
(56, 1, 41, 'content'),
(57, 1, 41, 'content'),
(58, 1, 40, 'description'),
(59, 1, 40, 'content'),
(60, 1, 40, 'content'),
(61, 1, 39, 'description'),
(62, 1, 39, 'content'),
(63, 1, 39, 'content'),
(64, 1, 38, 'description'),
(65, 1, 38, 'content'),
(66, 1, 38, 'content'),
(67, 1, 37, 'description'),
(68, 1, 37, 'content'),
(69, 1, 37, 'content'),
(70, 1, 36, 'description'),
(71, 1, 36, 'content'),
(72, 1, 36, 'content'),
(73, 1, 35, 'description'),
(74, 1, 35, 'content'),
(75, 1, 35, 'content'),
(76, 1, 34, 'description'),
(77, 1, 34, 'content'),
(78, 1, 34, 'content'),
(79, 1, 33, 'description'),
(80, 1, 33, 'content'),
(81, 1, 33, 'content'),
(82, 1, 32, 'description'),
(83, 1, 32, 'content'),
(84, 1, 32, 'content'),
(85, 1, 31, 'description'),
(86, 1, 31, 'content'),
(87, 1, 31, 'content'),
(88, 1, 30, 'description'),
(89, 1, 30, 'content'),
(90, 1, 30, 'content'),
(91, 1, 29, 'description'),
(92, 1, 29, 'content'),
(93, 1, 29, 'content'),
(94, 1, 28, 'description'),
(95, 1, 28, 'content'),
(96, 1, 28, 'content'),
(97, 1, 27, 'description'),
(98, 1, 27, 'content'),
(99, 1, 27, 'content'),
(100, 1, 26, 'description'),
(101, 1, 26, 'content'),
(102, 1, 26, 'content'),
(103, 1, 25, 'description'),
(104, 1, 25, 'content'),
(105, 1, 25, 'content'),
(106, 1, 24, 'description'),
(107, 1, 24, 'content'),
(108, 1, 24, 'content'),
(109, 1, 23, 'description'),
(110, 1, 23, 'content'),
(111, 1, 23, 'content'),
(112, 1, 22, 'description'),
(113, 1, 22, 'content'),
(114, 1, 22, 'content'),
(115, 1, 21, 'description'),
(116, 1, 21, 'content'),
(117, 1, 21, 'content'),
(118, 1, 20, 'description'),
(119, 1, 20, 'content'),
(120, 1, 20, 'content'),
(121, 1, 19, 'description'),
(122, 1, 19, 'content'),
(123, 1, 19, 'content'),
(124, 1, 18, 'description'),
(125, 1, 18, 'content'),
(126, 1, 18, 'content'),
(127, 1, 17, 'description'),
(128, 1, 17, 'content'),
(129, 1, 17, 'content'),
(130, 1, 16, 'description'),
(131, 1, 16, 'content'),
(132, 1, 16, 'content'),
(133, 1, 15, 'description'),
(134, 1, 15, 'content'),
(135, 1, 15, 'content'),
(136, 1, 14, 'description'),
(137, 1, 14, 'content'),
(138, 1, 14, 'content'),
(139, 1, 13, 'description'),
(140, 1, 13, 'content'),
(141, 1, 13, 'content'),
(142, 1, 12, 'description'),
(143, 1, 12, 'content'),
(144, 1, 12, 'content'),
(145, 1, 11, 'description'),
(146, 1, 11, 'content'),
(147, 1, 11, 'content'),
(148, 1, 10, 'description'),
(149, 1, 10, 'content'),
(150, 1, 10, 'content'),
(151, 1, 9, 'description'),
(152, 1, 9, 'content'),
(153, 1, 9, 'content'),
(154, 1, 8, 'description'),
(155, 1, 8, 'content'),
(156, 1, 8, 'content'),
(157, 1, 7, 'description'),
(158, 1, 7, 'content'),
(159, 1, 7, 'content'),
(160, 1, 6, 'description'),
(161, 1, 6, 'content'),
(162, 1, 6, 'content'),
(163, 1, 5, 'description'),
(164, 1, 5, 'content'),
(165, 1, 5, 'content'),
(166, 1, 4, 'description'),
(167, 1, 4, 'content'),
(168, 1, 4, 'content'),
(169, 1, 3, 'description'),
(170, 1, 3, 'content'),
(171, 1, 3, 'content'),
(172, 1, 2, 'description'),
(173, 1, 2, 'content'),
(174, 1, 2, 'content'),
(175, 1, 64, 'description'),
(176, 1, 64, 'content'),
(177, 1, 64, 'content');

-- --------------------------------------------------------

--
-- Estrutura da tabela `ps_product_tag`
--

CREATE TABLE `ps_product_tag` (
  `id_product` int(10) UNSIGNED NOT NULL,
  `id_tag` int(10) UNSIGNED NOT NULL,
  `id_lang` int(10) UNSIGNED NOT NULL
) ENGINE=InnoDB DEFAULT CHARSET=utf8;

-- --------------------------------------------------------

--
-- Estrutura da tabela `ps_profile`
--

CREATE TABLE `ps_profile` (
  `id_profile` int(10) UNSIGNED NOT NULL
) ENGINE=InnoDB DEFAULT CHARSET=utf8;

--
-- Extraindo dados da tabela `ps_profile`
--

INSERT INTO `ps_profile` (`id_profile`) VALUES
(1),
(2),
(3),
(4);

-- --------------------------------------------------------

--
-- Estrutura da tabela `ps_profile_lang`
--

CREATE TABLE `ps_profile_lang` (
  `id_lang` int(10) UNSIGNED NOT NULL,
  `id_profile` int(10) UNSIGNED NOT NULL,
  `name` varchar(128) NOT NULL
) ENGINE=InnoDB DEFAULT CHARSET=utf8;

--
-- Extraindo dados da tabela `ps_profile_lang`
--

INSERT INTO `ps_profile_lang` (`id_lang`, `id_profile`, `name`) VALUES
(1, 1, 'SuperAdministrador'),
(1, 2, 'Operador de logística'),
(1, 3, 'Tradutor'),
(1, 4, 'Vendedor');

-- --------------------------------------------------------

--
-- Estrutura da tabela `ps_psgdpr_consent`
--

CREATE TABLE `ps_psgdpr_consent` (
  `id_gdpr_consent` int(10) UNSIGNED NOT NULL,
  `id_module` int(10) UNSIGNED NOT NULL,
  `active` int(10) NOT NULL,
  `error` int(10) DEFAULT NULL,
  `error_message` text,
  `date_add` datetime NOT NULL,
  `date_upd` datetime NOT NULL
) ENGINE=InnoDB DEFAULT CHARSET=utf8;

-- --------------------------------------------------------

--
-- Estrutura da tabela `ps_psgdpr_consent_lang`
--

CREATE TABLE `ps_psgdpr_consent_lang` (
  `id_gdpr_consent` int(10) UNSIGNED NOT NULL,
  `id_lang` int(10) UNSIGNED NOT NULL,
  `message` text,
  `id_shop` int(10) UNSIGNED NOT NULL
) ENGINE=InnoDB DEFAULT CHARSET=utf8;

-- --------------------------------------------------------

--
-- Estrutura da tabela `ps_psgdpr_log`
--

CREATE TABLE `ps_psgdpr_log` (
  `id_gdpr_log` int(10) UNSIGNED NOT NULL,
  `id_customer` int(10) UNSIGNED DEFAULT NULL,
  `id_guest` int(10) UNSIGNED DEFAULT NULL,
  `client_name` varchar(250) DEFAULT NULL,
  `id_module` int(10) UNSIGNED NOT NULL,
  `request_type` int(10) NOT NULL,
  `date_add` datetime NOT NULL,
  `date_upd` datetime NOT NULL
) ENGINE=InnoDB DEFAULT CHARSET=utf8;

--
-- Extraindo dados da tabela `ps_psgdpr_log`
--

INSERT INTO `ps_psgdpr_log` (`id_gdpr_log`, `id_customer`, `id_guest`, `client_name`, `id_module`, `request_type`, `date_add`, `date_upd`) VALUES
(1, 3, 0, 'Vasco Leite', 0, 1, '2021-01-25 14:17:32', '2021-01-25 14:17:32'),
(2, 5, 0, 'Luis Lei', 0, 1, '2021-02-20 12:31:18', '2021-02-20 12:31:18'),
(3, 5, 0, 'Luis Lei', 0, 2, '2021-02-20 12:34:08', '2021-02-20 12:34:08'),
(4, 3, 0, 'Vasco Leite', 0, 2, '2021-02-26 09:42:42', '2021-02-26 09:42:42'),
(5, 7, 0, 'Tereza Azinheira ', 0, 1, '2021-03-05 10:09:15', '2021-03-05 10:09:15'),
(6, 8, 0, 'Susana Moreira', 0, 1, '2021-03-05 14:56:59', '2021-03-05 14:56:59'),
(7, 9, 0, 'Cláudia Caetano ', 0, 1, '2021-03-05 15:27:55', '2021-03-05 15:27:55'),
(8, 10, 0, 'Maria Gomes', 0, 1, '2021-03-08 12:22:40', '2021-03-08 12:22:40'),
(9, 11, 0, 'Luis Lei', 0, 1, '2021-03-10 13:45:59', '2021-03-10 13:45:59'),
(10, 12, 0, 'Sérgio dos Anjos   Ferreira ', 0, 1, '2021-03-11 22:28:29', '2021-03-11 22:28:29'),
(11, 13, 0, 'Diana  Sedunova', 0, 1, '2021-03-13 00:24:27', '2021-03-13 00:24:27'),
(12, 14, 0, 'Vasco Leite', 0, 1, '2021-03-15 11:46:23', '2021-03-15 11:46:23'),
(13, 15, 0, 'Luis Lei', 0, 1, '2021-03-15 12:35:14', '2021-03-15 12:35:14'),
(14, 16, 0, 'a a', 0, 1, '2021-03-15 14:50:33', '2021-03-15 14:50:33'),
(15, 17, 0, 'Luis Lei', 0, 1, '2021-03-15 15:25:04', '2021-03-15 15:25:04'),
(16, 18, 0, 'Luis Lei', 0, 1, '2021-03-15 15:39:35', '2021-03-15 15:39:35'),
(17, 19, 0, 'Luis Lei', 0, 1, '2021-03-15 15:40:41', '2021-03-15 15:40:41'),
(18, 20, 0, 'Pedro Duarte', 0, 1, '2021-03-17 14:04:38', '2021-03-17 14:04:38'),
(19, 21, 0, 'António  Gonçalves ', 0, 1, '2021-03-21 12:36:15', '2021-03-21 12:36:15'),
(20, 1001, 0, 'JUDITE MACHADO', 0, 1, '2021-03-23 20:16:51', '2021-03-23 20:16:51'),
(21, 1002, 0, 'Isabel Esteves', 0, 1, '2021-03-30 18:04:05', '2021-03-30 18:04:05'),
(22, 1003, 0, 'Antonio Jose Almeida Cruz', 0, 1, '2021-04-06 18:46:14', '2021-04-06 18:46:14'),
(23, 1004, 0, 'Antonio Jose Almeida Cruz', 0, 1, '2021-04-06 19:05:51', '2021-04-06 19:05:51'),
(24, 1005, 0, 'Luis Lei', 0, 1, '2021-04-08 15:10:30', '2021-04-08 15:10:30'),
(25, 1006, 0, 'Luis Lei', 0, 1, '2021-04-08 15:19:14', '2021-04-08 15:19:14'),
(26, 1007, 0, 'Karin  Sousa', 0, 1, '2021-04-08 19:32:34', '2021-04-08 19:32:34'),
(27, 1008, 0, 'Marta  Semião ', 0, 1, '2021-04-14 00:00:15', '2021-04-14 00:00:15'),
(28, 1009, 0, 'Antonio Jose Almeida Cruz', 0, 1, '2021-04-14 19:17:30', '2021-04-14 19:17:30'),
(29, 1010, 0, 'Viktorija Guzeva', 0, 1, '2021-04-15 20:01:21', '2021-04-15 20:01:21'),
(30, 1011, 0, 'Kseniia med', 0, 1, '2021-04-23 15:30:38', '2021-04-23 15:30:38'),
(31, 1012, 0, 'Ruth  Araújo', 0, 1, '2021-04-26 10:50:19', '2021-04-26 10:50:19'),
(32, 1013, 0, 'Dina  Figueiredo ', 0, 1, '2021-04-27 12:54:04', '2021-04-27 12:54:04'),
(33, 1014, 0, 'Nuno Rodrigues', 0, 1, '2021-04-28 01:44:24', '2021-04-28 01:44:24'),
(34, 1015, 0, 'Carla Campos', 0, 1, '2021-05-01 12:37:19', '2021-05-01 12:37:19'),
(35, 1016, 0, 'Isabel Esteves', 0, 1, '2021-05-01 18:24:57', '2021-05-01 18:24:57'),
(36, 1017, 0, 'Natalia Glebovich', 0, 1, '2021-05-02 15:54:33', '2021-05-02 15:54:33'),
(37, 1018, 0, 'Sandra Rodrigues', 0, 1, '2021-05-03 16:27:07', '2021-05-03 16:27:07'),
(38, 1019, 0, 'Natalia Kremenchuk', 0, 1, '2021-05-09 22:49:27', '2021-05-09 22:49:27'),
(39, 1020, 0, 'Esmeralda Silva', 0, 1, '2021-05-17 21:09:17', '2021-05-17 21:09:17'),
(40, 1021, 0, 'André Carvalho', 0, 1, '2021-05-19 20:40:08', '2021-05-19 20:40:08'),
(41, 1022, 0, 'Ana Costa', 0, 1, '2021-05-23 11:35:17', '2021-05-23 11:35:17'),
(42, 1023, 0, 'filip radkiewicz', 0, 1, '2021-05-27 17:35:51', '2021-05-27 17:35:51'),
(43, 1024, 0, 'Dora Porto', 0, 1, '2021-06-01 09:26:44', '2021-06-01 09:26:44'),
(44, 1025, 0, 'Susana Costa', 0, 1, '2021-06-01 23:23:30', '2021-06-01 23:23:30'),
(45, 1026, 0, 'Sandra Lima', 0, 1, '2021-06-02 10:30:39', '2021-06-02 10:30:39'),
(46, 1027, 0, 'Filip Radkiewicz', 0, 1, '2021-06-02 20:10:40', '2021-06-02 20:10:40'),
(47, 1028, 0, 'Margarida  Barbosa', 0, 1, '2021-06-03 10:15:01', '2021-06-03 10:15:01'),
(48, 1029, 0, 'Margarida Barbosa', 0, 1, '2021-06-03 10:35:10', '2021-06-03 10:35:10'),
(49, 1030, 0, 'Rosa  Monteiro', 0, 1, '2021-06-04 10:41:29', '2021-06-04 10:41:29'),
(50, 1031, 0, 'Shopping portugal Shps', 0, 1, '2021-06-10 11:30:58', '2021-06-10 11:30:58'),
(51, 1032, 0, 'Susana Pinto', 0, 1, '2021-06-10 16:59:00', '2021-06-10 16:59:00'),
(52, 1033, 0, 'Maria Joao Fonseca', 0, 1, '2021-06-13 01:27:28', '2021-06-13 01:27:28'),
(53, 1034, 0, 'Rima Buzinskaite', 0, 1, '2021-06-15 22:09:18', '2021-06-15 22:09:18'),
(54, 1035, 0, 'Ana Parada', 0, 1, '2021-06-23 16:58:27', '2021-06-23 16:58:27'),
(55, 1036, 0, 'JAIME LOBO', 0, 1, '2021-07-04 16:12:04', '2021-07-04 16:12:04'),
(56, 1037, 0, 'ana maria ferreira', 0, 1, '2021-07-09 18:57:55', '2021-07-09 18:57:55'),
(57, 1037, 0, 'ana maria ferreira', 0, 2, '2021-07-09 18:59:06', '2021-07-09 18:59:06'),
(58, 1038, 0, 'ana maria ferreira', 0, 1, '2021-07-09 19:31:01', '2021-07-09 19:31:01'),
(59, 1039, 0, 'Manuela  Branco ', 0, 1, '2021-07-14 00:20:34', '2021-07-14 00:20:34'),
(60, 1040, 0, 'Nataliya Petrenko', 0, 1, '2021-07-14 15:30:59', '2021-07-14 15:30:59'),
(61, 1041, 0, 'Susana Moreira', 0, 1, '2021-07-19 16:01:21', '2021-07-19 16:01:21'),
(62, 1042, 0, 'Julia Cherkhavska', 0, 1, '2021-07-21 18:10:58', '2021-07-21 18:10:58'),
(63, 1043, 0, 'manuela guterres', 0, 1, '2021-07-23 13:46:40', '2021-07-23 13:46:40'),
(64, 1044, 0, 'Luis Lei', 0, 1, '2021-07-23 14:45:00', '2021-07-23 14:45:00'),
(65, 1045, 0, 'Maria de Fátima viegas Martins', 0, 1, '2021-07-26 15:55:05', '2021-07-26 15:55:05'),
(66, 1046, 0, 'Andreia Silva', 0, 1, '2021-07-27 17:07:56', '2021-07-27 17:07:56'),
(67, 1047, 0, 'Lúcia Margarida Duarte dos Santos ', 0, 1, '2021-07-30 12:51:58', '2021-07-30 12:51:58'),
(68, 1048, 0, 'Dina  Marinha ', 0, 1, '2021-08-01 23:26:06', '2021-08-01 23:26:06'),
(69, 1049, 0, 'Cindy Maia', 0, 1, '2021-08-02 16:40:08', '2021-08-02 16:40:08'),
(70, 1050, 0, 'Rosinda Tengarrinha', 0, 1, '2021-08-02 22:44:04', '2021-08-02 22:44:04'),
(71, 1051, 0, 'Maria Fernandez', 0, 1, '2021-08-02 23:33:41', '2021-08-02 23:33:41'),
(72, 1052, 0, 'Nuno  Costa ', 0, 1, '2021-08-04 22:12:39', '2021-08-04 22:12:39'),
(73, 1053, 0, 'Daniela Marcelino', 0, 1, '2021-08-06 22:43:45', '2021-08-06 22:43:45'),
(74, 1054, 0, 'maria placido', 0, 1, '2021-08-09 16:47:47', '2021-08-09 16:47:47'),
(75, 1055, 0, 'Виктория Дубровина', 0, 1, '2021-08-11 06:30:21', '2021-08-11 06:30:21'),
(76, 1056, 0, 'Carla Gonçalves', 0, 1, '2021-08-16 09:26:31', '2021-08-16 09:26:31'),
(77, 1057, 0, 'Sandra Ferreira', 0, 1, '2021-08-17 13:04:54', '2021-08-17 13:04:54'),
(78, 1058, 0, 'Elisabete Fonseca', 0, 1, '2021-08-25 17:38:21', '2021-08-25 17:38:21'),
(79, 1059, 0, 'João  Santos', 0, 1, '2021-08-28 09:49:41', '2021-08-28 09:49:41'),
(80, 1060, 0, 'Vânia Oliveira', 0, 1, '2021-08-28 09:58:28', '2021-08-28 09:58:28'),
(81, 1061, 0, 'Sara Maria Rainho de Oliveira Capinga', 0, 1, '2021-08-28 19:26:26', '2021-08-28 19:26:26'),
(82, 1062, 0, 'Luisa  Santos ', 0, 1, '2021-08-30 22:58:53', '2021-08-30 22:58:53'),
(83, 1063, 0, 'Nuno Rocha', 0, 1, '2021-08-31 22:52:50', '2021-08-31 22:52:50'),
(84, 1064, 0, 'Tiago  Cordeiro', 0, 1, '2021-09-04 14:51:57', '2021-09-04 14:51:57'),
(85, 1065, 0, 'Pratima Isvarlal ', 0, 1, '2021-09-06 16:18:30', '2021-09-06 16:18:30'),
(86, 1066, 0, 'Helena Pedroso', 0, 1, '2021-09-08 23:24:59', '2021-09-08 23:24:59'),
(87, 1067, 0, 'Estela  Nogueira', 0, 1, '2021-09-11 18:05:14', '2021-09-11 18:05:14'),
(88, 1068, 0, 'Cristina Castro', 0, 1, '2021-09-11 22:27:19', '2021-09-11 22:27:19'),
(89, 1069, 0, 'Rute  Braga', 0, 1, '2021-09-14 11:54:10', '2021-09-14 11:54:10'),
(90, 1070, 0, 'Manuela Silva', 0, 1, '2021-09-15 17:49:25', '2021-09-15 17:49:25'),
(91, 1071, 0, 'Natalia Kremenchuk', 0, 1, '2021-09-15 21:59:48', '2021-09-15 21:59:48'),
(92, 1072, 0, 'Dora Porto', 0, 1, '2021-09-17 10:25:55', '2021-09-17 10:25:55'),
(93, 1073, 0, 'Margarida Pizarro', 0, 1, '2021-09-27 17:49:34', '2021-09-27 17:49:34'),
(94, 1074, 0, 'Dora Santos da Cunha', 0, 1, '2021-10-01 23:03:20', '2021-10-01 23:03:20'),
(95, 1075, 0, 'liliana ribeiro', 0, 1, '2021-10-06 09:22:22', '2021-10-06 09:22:22'),
(96, 1076, 0, 'Tânia Gonçalo', 0, 1, '2021-10-13 21:49:30', '2021-10-13 21:49:30'),
(97, 1077, 0, 'Andreia Couto', 0, 1, '2021-10-13 22:48:47', '2021-10-13 22:48:47'),
(98, 1078, 0, 'guisnet kim', 0, 1, '2021-10-14 16:28:42', '2021-10-14 16:28:42'),
(99, 1079, 0, 'Sílvia Catarina Carvalho Silva', 0, 1, '2021-10-14 23:58:35', '2021-10-14 23:58:35'),
(100, 1080, 0, 'Daniela Silva ', 0, 1, '2021-10-16 17:43:05', '2021-10-16 17:43:05'),
(101, 1081, 0, 'Neuza  Freitas', 0, 1, '2021-10-17 15:30:45', '2021-10-17 15:30:45'),
(102, 1082, 0, 'MARIA JOANA COSTA OLIVEIRA', 0, 1, '2021-10-21 20:33:05', '2021-10-21 20:33:05'),
(103, 1083, 0, 'Lolita Khruslova', 0, 1, '2021-10-24 16:40:06', '2021-10-24 16:40:06'),
(104, 1084, 0, 'Marta Fernandes', 0, 1, '2021-10-27 11:01:34', '2021-10-27 11:01:34'),
(105, 1085, 0, 'Maria José Leites', 0, 1, '2021-10-28 18:12:41', '2021-10-28 18:12:41'),
(106, 1086, 0, 'Silvia Rodrigues', 0, 1, '2021-10-30 18:17:24', '2021-10-30 18:17:24'),
(107, 1087, 0, 'Lucia Mota', 0, 1, '2021-10-31 10:32:42', '2021-10-31 10:32:42'),
(108, 1088, 0, 'Francisco CVale', 0, 1, '2021-10-31 13:02:43', '2021-10-31 13:02:43'),
(109, 1089, 0, 'Lídia Maria Barbosa', 0, 1, '2021-11-02 16:52:52', '2021-11-02 16:52:52'),
(110, 1090, 0, 'Ângelo  Esteves', 0, 1, '2021-11-05 19:20:27', '2021-11-05 19:20:27'),
(111, 1091, 0, 'Jose Fonseca', 0, 1, '2021-11-06 18:43:55', '2021-11-06 18:43:55'),
(112, 1092, 0, 'Ariadne Brito', 0, 1, '2021-11-08 11:05:11', '2021-11-08 11:05:11'),
(113, 1093, 0, 'Ana Rita Gouveia', 0, 1, '2021-11-11 06:51:10', '2021-11-11 06:51:10'),
(114, 1094, 0, 'Isabel Esteves', 0, 1, '2021-11-13 11:32:11', '2021-11-13 11:32:11'),
(115, 1095, 0, 'José Felgueiras', 0, 1, '2021-11-14 19:13:54', '2021-11-14 19:13:54'),
(116, 1096, 0, '-Vladyslav Shevchuk', 0, 1, '2021-11-19 21:06:46', '2021-11-19 21:06:46'),
(117, 1097, 0, 'Maria Cristina Pereira', 0, 1, '2021-11-21 19:46:53', '2021-11-21 19:46:53'),
(118, 1098, 0, 'Isabel Cristina de Sá Ribeiro', 0, 1, '2021-11-25 17:34:00', '2021-11-25 17:34:00'),
(119, 1099, 0, 'Mafalda Mendes', 0, 1, '2021-11-26 14:38:33', '2021-11-26 14:38:33'),
(120, 1100, 0, 'Ana Rita Gouveia', 0, 1, '2021-11-26 20:20:13', '2021-11-26 20:20:13'),
(121, 1101, 0, 'Ana Rita Gouveia', 0, 1, '2021-11-27 16:56:58', '2021-11-27 16:56:58'),
(122, 1102, 0, 'Raquel Silva', 0, 1, '2021-11-28 16:45:04', '2021-11-28 16:45:04'),
(123, 1103, 0, 'Silvia Torres', 0, 1, '2021-12-02 11:43:32', '2021-12-02 11:43:32'),
(124, 1104, 0, 'Nadezda Nadia', 0, 1, '2021-12-03 15:21:22', '2021-12-03 15:21:22'),
(125, 1105, 0, 'Marta Sandim', 0, 1, '2021-12-05 11:27:50', '2021-12-05 11:27:50'),
(126, 1106, 0, 'Ana Cristina Frazão ', 0, 1, '2021-12-06 23:40:08', '2021-12-06 23:40:08'),
(127, 1107, 0, 'Irina Malkova', 0, 1, '2021-12-11 21:01:44', '2021-12-11 21:01:44'),
(128, 1108, 0, 'Conceição  Leal', 0, 1, '2021-12-15 09:30:50', '2021-12-15 09:30:50'),
(129, 1109, 0, 'Ana Miguel Pinto', 0, 1, '2021-12-17 13:44:34', '2021-12-17 13:44:34'),
(130, 1110, 0, 'Roman Groysberg ', 0, 1, '2021-12-18 22:54:31', '2021-12-18 22:54:31'),
(131, 1111, 0, 'Marlene  Rodrigues ', 0, 1, '2021-12-19 18:18:43', '2021-12-19 18:18:43'),
(132, 1112, 0, 'Carla  Morais', 0, 1, '2021-12-19 21:57:53', '2021-12-19 21:57:53'),
(133, 1113, 0, 'Joana Silva', 0, 1, '2021-12-20 12:43:40', '2021-12-20 12:43:40'),
(134, 1114, 0, 'Ricardo Relvas', 0, 1, '2021-12-29 10:55:52', '2021-12-29 10:55:52'),
(135, 1115, 0, 'Luciana  Afonso ', 0, 1, '2021-12-29 13:09:37', '2021-12-29 13:09:37'),
(136, 1116, 0, 'Cláudia Marinha', 0, 1, '2022-01-06 17:52:20', '2022-01-06 17:52:20'),
(137, 1117, 0, 'Cátia Ornelas', 0, 1, '2022-01-07 18:09:10', '2022-01-07 18:09:10'),
(138, 1118, 0, 'Maria Abreu', 0, 1, '2022-01-11 11:08:26', '2022-01-11 11:08:26'),
(139, 1119, 0, 'Daniela Maria Oliveira Carneiro', 0, 1, '2022-01-15 15:47:31', '2022-01-15 15:47:31'),
(140, 1120, 0, 'Carla Duarte', 0, 1, '2022-01-22 10:37:51', '2022-01-22 10:37:51'),
(141, 1121, 0, 'Tânia Felizardo', 0, 1, '2022-01-26 14:47:31', '2022-01-26 14:47:31'),
(142, 1122, 0, 'Olesea Cebanu', 0, 1, '2022-01-28 10:54:36', '2022-01-28 10:54:36'),
(143, 1123, 0, 'Andrea Domingues', 0, 1, '2022-01-30 18:56:23', '2022-01-30 18:56:23'),
(144, 1124, 0, 'Natalia Kremenchuk', 0, 1, '2022-01-30 21:00:09', '2022-01-30 21:00:09'),
(145, 1125, 0, 'Silvia Gomes', 0, 1, '2022-01-30 22:51:31', '2022-01-30 22:51:31'),
(146, 1126, 0, 'Ana Silva', 0, 1, '2022-02-01 19:55:00', '2022-02-01 19:55:00'),
(147, 1127, 0, 'Luis Castilho', 0, 1, '2022-02-02 09:23:24', '2022-02-02 09:23:24'),
(148, 1128, 0, 'Isabel Diniz', 0, 1, '2022-02-04 12:36:32', '2022-02-04 12:36:32'),
(149, 1129, 0, 'Irina Trapeznikova', 0, 1, '2022-02-10 10:51:50', '2022-02-10 10:51:50'),
(150, 1130, 0, 'Maria de Fátima Magalhães Mendes Portilho', 0, 1, '2022-02-13 16:14:21', '2022-02-13 16:14:21'),
(151, 1131, 0, 'Alla Shupineva', 0, 1, '2022-02-15 13:40:13', '2022-02-15 13:40:13'),
(152, 1132, 0, 'Sandra Madalena  Diaz carneiro ', 0, 1, '2022-02-20 22:08:06', '2022-02-20 22:08:06'),
(153, 1133, 0, 'Alexander Pshenichnyy', 0, 1, '2022-02-23 16:07:05', '2022-02-23 16:07:05'),
(154, 1134, 0, 'Jorge Malheiro ', 0, 1, '2022-02-24 18:46:47', '2022-02-24 18:46:47'),
(155, 1135, 0, 'Florina Postolachi', 0, 1, '2022-02-26 08:45:21', '2022-02-26 08:45:21'),
(156, 1136, 0, 'MARIA DA SILVA', 0, 1, '2022-02-26 18:53:16', '2022-02-26 18:53:16'),
(157, 1137, 0, 'Julia Zankevich', 0, 1, '2022-02-28 00:53:36', '2022-02-28 00:53:36'),
(158, 1138, 0, 'Giselda Trigo', 0, 1, '2022-03-03 16:16:24', '2022-03-03 16:16:24'),
(159, 1139, 0, 'Carina Morgado', 0, 1, '2022-03-04 09:25:16', '2022-03-04 09:25:16'),
(160, 1140, 0, 'Ann Terrell', 0, 1, '2022-03-05 19:42:48', '2022-03-05 19:42:48'),
(161, 1141, 0, 'Ana marisa  Vieira ', 0, 1, '2022-03-08 21:48:53', '2022-03-08 21:48:53'),
(162, 1142, 0, 'Paulo Costa', 0, 1, '2022-03-12 19:20:52', '2022-03-12 19:20:52'),
(163, 1143, 0, 'Maria Manuela Correia', 0, 1, '2022-03-15 10:07:56', '2022-03-15 10:07:56'),
(164, 1144, 0, 'Eliana  martins', 0, 1, '2022-03-15 12:22:27', '2022-03-15 12:22:27'),
(165, 1145, 0, 'Carolina Gama', 0, 1, '2022-03-16 22:16:03', '2022-03-16 22:16:03'),
(166, 1146, 0, 'Joana Tavares da Silva', 0, 1, '2022-03-20 18:47:30', '2022-03-20 18:47:30'),
(167, 1147, 0, 'Soraia Silva', 0, 1, '2022-03-24 09:58:40', '2022-03-24 09:58:40'),
(168, 1148, 0, 'Sílvia  Brandão', 0, 1, '2022-03-26 04:44:50', '2022-03-26 04:44:50'),
(169, 1149, 0, 'Elena Musteata', 0, 1, '2022-03-31 13:30:56', '2022-03-31 13:30:56'),
(170, 1150, 0, 'Ana Mileu ', 0, 1, '2022-04-03 14:17:12', '2022-04-03 14:17:12'),
(171, 1151, 0, 'Elena Musteata', 0, 1, '2022-04-05 20:30:46', '2022-04-05 20:30:46'),
(172, 1152, 0, 'Nataliia  Onyshchenko', 0, 1, '2022-04-06 20:12:45', '2022-04-06 20:12:45'),
(173, 1153, 0, 'Mariia Radiukova', 0, 1, '2022-04-07 12:37:59', '2022-04-07 12:37:59'),
(174, 1154, 0, 'Isabel Jorge', 0, 1, '2022-04-08 10:31:20', '2022-04-08 10:31:20'),
(175, 1155, 0, 'Maya Zeynalova', 0, 1, '2022-04-08 17:09:57', '2022-04-08 17:09:57'),
(176, 1156, 0, 'Viktoria Mihaylova', 0, 1, '2022-04-08 23:20:09', '2022-04-08 23:20:09'),
(177, 1157, 0, 'Elena Kurantova', 0, 1, '2022-04-09 12:50:10', '2022-04-09 12:50:10'),
(178, 1158, 0, 'Tania Vieira', 0, 1, '2022-04-15 14:33:33', '2022-04-15 14:33:33'),
(179, 1159, 0, 'Elena Pronina', 0, 1, '2022-04-15 16:34:19', '2022-04-15 16:34:19'),
(180, 1160, 0, 'JAIME LOBO', 0, 1, '2022-04-18 22:27:22', '2022-04-18 22:27:22'),
(181, 1161, 0, 'Celeste Pinto', 0, 1, '2022-04-25 23:30:17', '2022-04-25 23:30:17'),
(182, 1162, 0, 'Gssmsv Hkhgv', 0, 1, '2022-04-26 09:27:32', '2022-04-26 09:27:32'),
(183, 1163, 0, 'Daryna Korchahina', 0, 1, '2022-04-28 13:59:01', '2022-04-28 13:59:01'),
(184, 1164, 0, 'Anna Mezey', 0, 1, '2022-04-28 20:50:11', '2022-04-28 20:50:11'),
(185, 1165, 0, 'Manuela Rocha', 0, 1, '2022-05-02 08:39:00', '2022-05-02 08:39:00'),
(186, 1166, 0, 'Isabel Esteves', 0, 1, '2022-05-03 15:28:36', '2022-05-03 15:28:36'),
(187, 1167, 0, 'Viktoriia Borzova', 0, 1, '2022-05-03 20:05:48', '2022-05-03 20:05:48'),
(188, 1168, 0, 'Ana Rita Gouveia', 0, 1, '2022-05-04 08:39:05', '2022-05-04 08:39:05'),
(189, 1169, 0, 'Natalia Kremenchuk', 0, 1, '2022-05-06 10:24:24', '2022-05-06 10:24:24'),
(190, 1170, 0, 'Renato Vieira ', 0, 1, '2022-05-06 13:32:22', '2022-05-06 13:32:22'),
(191, 1171, 0, 'Vladyslav Uleiskyi', 0, 1, '2022-05-08 19:14:52', '2022-05-08 19:14:52'),
(192, 1172, 0, 'Oleksandra Gilevych', 0, 1, '2022-05-16 00:33:33', '2022-05-16 00:33:33'),
(193, 1173, 0, 'Cristiana Leal', 0, 1, '2022-05-16 19:30:33', '2022-05-16 19:30:33'),
(194, 1174, 0, 'Ilona Samoilova', 0, 1, '2022-05-18 21:56:27', '2022-05-18 21:56:27'),
(195, 1175, 0, 'Nuno Costa', 0, 1, '2022-05-20 09:49:39', '2022-05-20 09:49:39'),
(196, 1176, 0, 'Mariana Reutchii', 0, 1, '2022-05-23 15:55:26', '2022-05-23 15:55:26'),
(197, 1177, 0, 'Karolina Davidoff', 0, 1, '2022-05-28 20:13:06', '2022-05-28 20:13:06'),
(198, 1178, 0, 'Kiryl Tarasevich', 0, 1, '2022-05-29 21:18:20', '2022-05-29 21:18:20'),
(199, 1179, 0, 'Ana de Jesus', 0, 1, '2022-06-04 18:06:42', '2022-06-04 18:06:42'),
(200, 1180, 0, 'Marta Ramalho ', 0, 1, '2022-06-05 15:01:28', '2022-06-05 15:01:28'),
(201, 1181, 0, 'Konstantin Balitskiy', 0, 1, '2022-06-05 23:40:11', '2022-06-05 23:40:11'),
(202, 1182, 0, 'Mónica Ribeiro', 0, 1, '2022-06-07 07:02:57', '2022-06-07 07:02:57'),
(203, 1183, 0, 'Yana  Stakhovska', 0, 1, '2022-06-08 23:33:48', '2022-06-08 23:33:48'),
(204, 1184, 0, 'Evgeniya  Alekseeva ', 0, 1, '2022-06-11 13:34:04', '2022-06-11 13:34:04'),
(205, 1185, 0, 'Filipe Pinto Soares', 0, 1, '2022-06-15 15:35:37', '2022-06-15 15:35:37'),
(206, 1186, 0, 'Konstantin Balitskiy', 0, 1, '2022-06-16 01:57:33', '2022-06-16 01:57:33'),
(207, 1187, 0, 'Konstantin Balitskiy', 0, 1, '2022-06-16 01:57:33', '2022-06-16 01:57:33'),
(208, 1188, 0, 'Manuel  Monteiro', 0, 1, '2022-06-19 19:25:24', '2022-06-19 19:25:24'),
(209, 1189, 0, 'Olga Minakova', 0, 1, '2022-06-23 20:46:48', '2022-06-23 20:46:48'),
(210, 1190, 0, 'Patrícia Correia', 0, 1, '2022-06-27 22:33:39', '2022-06-27 22:33:39'),
(211, 1191, 0, 'Sara Garcia', 0, 1, '2022-06-30 18:20:29', '2022-06-30 18:20:29'),
(212, 1192, 0, 'Maria Lopes', 0, 1, '2022-07-02 19:09:04', '2022-07-02 19:09:04'),
(213, 1193, 0, 'Inês Santos', 0, 1, '2022-07-04 14:35:43', '2022-07-04 14:35:43'),
(214, 1194, 0, 'Dmytro Furmanov', 0, 1, '2022-07-04 21:11:05', '2022-07-04 21:11:05'),
(215, 1195, 0, 'Kiryl Tarasevich ', 0, 1, '2022-07-07 23:23:29', '2022-07-07 23:23:29'),
(216, 1196, 0, 'Soraia  Silva ', 0, 1, '2022-07-10 10:41:51', '2022-07-10 10:41:51'),
(217, 1197, 0, 'Patrícia Costa', 0, 1, '2022-07-10 11:01:38', '2022-07-10 11:01:38'),
(218, 1198, 0, 'Mariia Lavrynenko', 0, 1, '2022-07-10 14:00:40', '2022-07-10 14:00:40'),
(219, 1199, 0, 'Fernanda  Sá ', 0, 1, '2022-07-17 16:36:12', '2022-07-17 16:36:12'),
(220, 1200, 0, 'Zhanna Rodionova', 0, 1, '2022-07-19 11:14:20', '2022-07-19 11:14:20'),
(221, 1201, 0, 'Konstantin  Balitskii', 0, 1, '2022-07-20 22:45:15', '2022-07-20 22:45:15'),
(222, 1202, 0, 'Carina  Morgado', 0, 1, '2022-07-22 10:59:21', '2022-07-22 10:59:21'),
(223, 1203, 0, 'Raquel  Carvalho', 0, 1, '2022-07-22 13:44:34', '2022-07-22 13:44:34'),
(224, 1204, 0, 'Sandra Pinho', 0, 1, '2022-07-22 14:32:20', '2022-07-22 14:32:20'),
(225, 1205, 0, 'Fernanda  Campos', 0, 1, '2022-07-22 21:40:59', '2022-07-22 21:40:59'),
(226, 1206, 0, 'Ana Carneiro ', 0, 1, '2022-07-22 22:44:23', '2022-07-22 22:44:23'),
(227, 1207, 0, 'OLEKSANDR KORCHAGIN', 0, 1, '2022-07-22 22:54:57', '2022-07-22 22:54:57'),
(228, 1208, 0, 'Ana Sofia Moita dos Santos', 0, 1, '2022-07-22 23:52:12', '2022-07-22 23:52:12'),
(229, 1209, 0, 'Madalena  Plácido', 0, 1, '2022-07-23 01:54:32', '2022-07-23 01:54:32'),
(230, 1210, 0, 'Silvia Silvia mota', 0, 1, '2022-07-23 12:24:46', '2022-07-23 12:24:46'),
(231, 1211, 0, 'Daniela Magalhães', 0, 1, '2022-07-23 18:50:46', '2022-07-23 18:50:46'),
(232, 1212, 0, 'Oleksandra Gilevych', 0, 1, '2022-07-27 14:26:50', '2022-07-27 14:26:50'),
(233, 1213, 0, 'Natalia Cuenez', 0, 1, '2022-07-28 19:04:01', '2022-07-28 19:04:01'),
(234, 1214, 0, 'Vera Elvas', 0, 1, '2022-08-01 07:37:17', '2022-08-01 07:37:17'),
(235, 1215, 0, 'Nagi Sb', 0, 1, '2022-08-03 14:15:32', '2022-08-03 14:15:32'),
(236, 1216, 0, 'Cátia Neves', 0, 1, '2022-08-04 19:22:53', '2022-08-04 19:22:53'),
(237, 1217, 0, 'Valeriia Bilous', 0, 1, '2022-08-05 15:59:44', '2022-08-05 15:59:44'),
(238, 1218, 0, 'Maria Elvira  Machado', 0, 1, '2022-08-06 19:44:00', '2022-08-06 19:44:00'),
(239, 1219, 0, 'Svetlana Mikhaleva', 0, 1, '2022-08-08 18:58:42', '2022-08-08 18:58:42'),
(240, 1220, 0, 'Fernando  Ramalho ', 0, 1, '2022-08-08 22:50:30', '2022-08-08 22:50:30'),
(241, 1221, 0, 'Paula  Miranda ', 0, 1, '2022-08-09 09:35:22', '2022-08-09 09:35:22'),
(242, 1222, 0, 'Pylyp Mishchenko', 0, 1, '2022-08-12 11:02:17', '2022-08-12 11:02:17'),
(243, 1223, 0, 'Ana Carneiro', 0, 1, '2022-08-16 13:54:52', '2022-08-16 13:54:52'),
(244, 1224, 0, 'Susana Vasconcellos', 0, 1, '2022-08-17 15:57:08', '2022-08-17 15:57:08'),
(245, 1225, 0, 'Daniela  Ribeiro ', 0, 1, '2022-08-21 18:48:05', '2022-08-21 18:48:05'),
(246, 1226, 0, 'RENATA Shpyl', 0, 1, '2022-08-22 14:00:57', '2022-08-22 14:00:57'),
(247, 1227, 0, 'Sara Castilho', 0, 1, '2022-08-23 21:27:34', '2022-08-23 21:27:34'),
(248, 1228, 0, 'Inês Santos', 0, 1, '2022-08-25 17:33:30', '2022-08-25 17:33:30'),
(249, 1229, 0, 'Svitlana  Dorozhko ', 0, 1, '2022-08-26 00:24:03', '2022-08-26 00:24:03'),
(250, 1230, 0, 'Irina Arutyunova  NB', 0, 1, '2022-08-26 14:02:35', '2022-08-26 14:02:35'),
(251, 1231, 0, 'Mafalda Rebelo Leitao', 0, 1, '2022-08-28 22:46:15', '2022-08-28 22:46:15'),
(252, 1232, 0, 'Claudia Abrantes', 0, 1, '2022-09-01 16:27:13', '2022-09-01 16:27:13'),
(253, 1233, 0, 'Patricia Sousa', 0, 1, '2022-09-01 17:46:59', '2022-09-01 17:46:59'),
(254, 1234, 0, 'Diana  Pires', 0, 1, '2022-09-01 21:15:15', '2022-09-01 21:15:15'),
(255, 1235, 0, 'Anastasiia Tomarovshchenko', 0, 1, '2022-09-06 09:47:26', '2022-09-06 09:47:26'),
(256, 1236, 0, 'Yurii Bohutsky', 0, 1, '2022-09-07 11:12:23', '2022-09-07 11:12:23'),
(257, 1237, 0, 'Liubov Udalova', 0, 1, '2022-09-08 16:49:14', '2022-09-08 16:49:14'),
(258, 1238, 0, 'Marta Fernandes', 0, 1, '2022-09-12 14:57:37', '2022-09-12 14:57:37'),
(259, 1239, 0, 'Andrei Zakharevich', 0, 1, '2022-09-13 21:33:14', '2022-09-13 21:33:14'),
(260, 1240, 0, 'ALEXANDER REZVIN', 0, 1, '2022-09-14 22:30:36', '2022-09-14 22:30:36'),
(261, 1241, 0, 'Ana Vieira', 0, 1, '2022-09-15 11:59:23', '2022-09-15 11:59:23'),
(262, 1242, 0, 'Ana Antunes', 0, 1, '2022-09-18 12:49:19', '2022-09-18 12:49:19'),
(263, 1243, 0, 'Anna Shorina', 0, 1, '2022-09-18 15:57:30', '2022-09-18 15:57:30'),
(264, 1244, 0, 'CATARINA MAGALHAES', 0, 1, '2022-09-19 10:43:29', '2022-09-19 10:43:29'),
(265, 1245, 0, 'Vesna Popovic', 0, 1, '2022-09-20 13:51:28', '2022-09-20 13:51:28'),
(266, 1246, 0, 'Mónica Silva', 0, 1, '2022-09-20 17:24:07', '2022-09-20 17:24:07'),
(267, 1247, 0, 'Sofia Moreira ', 0, 1, '2022-09-21 13:26:06', '2022-09-21 13:26:06'),
(268, 1248, 0, 'Roman Groysberg', 0, 1, '2022-09-23 18:57:08', '2022-09-23 18:57:08'),
(269, 1249, 0, 'Nickolai Khalonen', 0, 1, '2022-09-25 14:44:24', '2022-09-25 14:44:24'),
(270, 1250, 0, 'Nickolai Khalonen', 0, 1, '2022-09-25 15:07:42', '2022-09-25 15:07:42'),
(271, 1251, 0, 'Kateryna Hrytsiuk', 0, 1, '2022-09-25 17:45:12', '2022-09-25 17:45:12'),
(272, 1252, 0, 'Anastasiia Ustenikova', 0, 1, '2022-09-26 10:00:52', '2022-09-26 10:00:52'),
(273, 1253, 0, 'Valeriia Vesenniaia', 0, 1, '2022-09-28 18:15:49', '2022-09-28 18:15:49'),
(274, 1254, 0, 'Yuliia Kulatska', 0, 1, '2022-09-30 22:24:00', '2022-09-30 22:24:00'),
(275, 1255, 0, 'Dmitry Nikiforov', 0, 1, '2022-10-02 10:11:33', '2022-10-02 10:11:33'),
(276, 1256, 0, 'Luciana Silva', 0, 1, '2022-10-02 15:40:35', '2022-10-02 15:40:35'),
(277, 1257, 0, 'Maria Helena  Gonçalves Pinto', 0, 1, '2022-10-02 18:13:36', '2022-10-02 18:13:36'),
(278, 1258, 0, 'Arevik Novikova', 0, 1, '2022-10-02 22:31:43', '2022-10-02 22:31:43'),
(279, 1259, 0, 'OLENA SHAROVA', 0, 1, '2022-10-04 16:08:45', '2022-10-04 16:08:45'),
(280, 1260, 0, 'Dmitry Dmitry', 0, 1, '2022-10-14 09:25:45', '2022-10-14 09:25:45'),
(281, 1261, 0, 'Ana Sofia Fernandes', 0, 1, '2022-10-14 11:51:15', '2022-10-14 11:51:15'),
(282, 1262, 0, 'Konstantin Balitskii', 0, 1, '2022-10-14 22:34:05', '2022-10-14 22:34:05'),
(283, 1263, 0, 'Olga Snegireva', 0, 1, '2022-10-14 23:05:22', '2022-10-14 23:05:22'),
(284, 1264, 0, 'Nadiia Yurenko', 0, 1, '2022-10-18 13:47:09', '2022-10-18 13:47:09'),
(285, 1265, 0, 'Maria Quitéria  Leal Martins ', 0, 1, '2022-10-18 23:34:29', '2022-10-18 23:34:29'),
(286, 1266, 0, 'Julia kozina', 0, 1, '2022-10-19 10:42:13', '2022-10-19 10:42:13'),
(287, 1267, 0, 'Yevheniya Haponenko', 0, 1, '2022-10-20 00:18:54', '2022-10-20 00:18:54'),
(288, 1268, 0, 'Velga Vaivode', 0, 1, '2022-10-21 10:40:08', '2022-10-21 10:40:08'),
(289, 1269, 0, 'Svitlana  Khlyntseva', 0, 1, '2022-10-21 12:41:17', '2022-10-21 12:41:17'),
(290, 1270, 0, 'Rita  Loureiro ', 0, 1, '2022-10-22 18:24:07', '2022-10-22 18:24:07'),
(291, 1271, 0, 'Ana Rita Santos', 0, 1, '2022-10-23 21:46:07', '2022-10-23 21:46:07'),
(292, 1272, 0, 'Maria Graciete Sousa Alves', 0, 1, '2022-10-26 13:16:53', '2022-10-26 13:16:53'),
(293, 1273, 0, 'Nataliya Lystopad', 0, 1, '2022-10-27 09:51:54', '2022-10-27 09:51:54'),
(294, 1274, 0, 'Viktoriia Yuzvenko', 0, 1, '2022-10-29 20:16:08', '2022-10-29 20:16:08'),
(295, 1275, 0, 'Evgeniya Plakida', 0, 1, '2022-11-02 00:12:58', '2022-11-02 00:12:58'),
(296, 1276, 0, 'Marta leandra Fernandes', 0, 1, '2022-11-02 14:48:32', '2022-11-02 14:48:32'),
(297, 1277, 0, 'Cristiana Cerqueira', 0, 1, '2022-11-03 15:51:47', '2022-11-03 15:51:47'),
(298, 1278, 0, 'Ana Oliveira', 0, 1, '2022-11-04 20:29:40', '2022-11-04 20:29:40'),
(299, 1279, 0, 'Ana Miranda', 0, 1, '2022-11-05 19:17:12', '2022-11-05 19:17:12'),
(300, 1280, 0, 'Anna Shorina', 0, 1, '2022-11-06 10:51:49', '2022-11-06 10:51:49'),
(301, 1281, 0, 'Mariana Ribeiro', 0, 1, '2022-11-06 23:04:13', '2022-11-06 23:04:13'),
(302, 1282, 0, 'Lidia  Freitas', 0, 1, '2022-11-07 14:41:59', '2022-11-07 14:41:59'),
(303, 1283, 0, 'ANA PEDRO', 0, 1, '2022-11-09 12:58:15', '2022-11-09 12:58:15'),
(304, 1284, 0, 'Elsa Costa', 0, 1, '2022-11-12 21:33:37', '2022-11-12 21:33:37'),
(305, 1285, 0, 'Maria Graciete Sousa Alves', 0, 1, '2022-11-13 16:35:59', '2022-11-13 16:35:59'),
(306, 1286, 0, 'Anastasiya  Kaminskaya ', 0, 1, '2022-11-14 22:27:57', '2022-11-14 22:27:57'),
(307, 1287, 0, 'Tetiana  Krimchenko', 0, 1, '2022-11-15 15:26:06', '2022-11-15 15:26:06'),
(308, 1288, 0, 'Alina Kosenko', 0, 1, '2022-11-18 15:58:35', '2022-11-18 15:58:35'),
(309, 1289, 0, 'Anastasia Elistratova', 0, 1, '2022-11-19 08:34:10', '2022-11-19 08:34:10'),
(310, 1290, 0, 'Anastasia Elistratova', 0, 1, '2022-11-19 08:34:10', '2022-11-19 08:34:10'),
(311, 1291, 0, 'Eliana Teixeira', 0, 1, '2022-11-20 18:51:38', '2022-11-20 18:51:38'),
(312, 1292, 0, 'Regina Lima', 0, 1, '2022-11-20 20:47:28', '2022-11-20 20:47:28'),
(313, 1293, 0, 'Diana Rokotianskaia', 0, 1, '2022-11-22 20:17:20', '2022-11-22 20:17:20'),
(314, 1294, 0, 'Ivan Krendelov', 0, 1, '2022-11-23 11:19:01', '2022-11-23 11:19:01'),
(315, 1295, 0, 'Filipa Cunha', 0, 1, '2022-11-25 15:02:36', '2022-11-25 15:02:36'),
(316, 1296, 0, 'Arevik Novikova', 0, 1, '2022-12-01 07:37:51', '2022-12-01 07:37:51'),
(317, 1297, 0, 'Arevik Novikova ', 0, 1, '2022-12-01 14:05:59', '2022-12-01 14:05:59'),
(318, 1298, 0, 'Anna Sokolova', 0, 1, '2022-12-03 20:43:06', '2022-12-03 20:43:06'),
(319, 1299, 0, 'Dians  Popova ', 0, 1, '2022-12-04 21:50:46', '2022-12-04 21:50:46'),
(320, 1300, 0, 'Isabel da Graça  Pereira da Cunha ', 0, 1, '2022-12-04 23:21:36', '2022-12-04 23:21:36'),
(321, 1301, 0, 'Kateryna  Zalisska', 0, 1, '2022-12-06 00:14:27', '2022-12-06 00:14:27'),
(322, 1302, 0, 'Yuliia Ipatova', 0, 1, '2022-12-06 00:34:58', '2022-12-06 00:34:58'),
(323, 1303, 0, 'Kateryna  Zalisska', 0, 1, '2022-12-06 09:11:28', '2022-12-06 09:11:28'),
(324, 1304, 0, 'Costa Fatima', 0, 1, '2022-12-07 02:55:43', '2022-12-07 02:55:43'),
(325, 1305, 0, 'Ana Carneiro', 0, 1, '2022-12-07 20:18:43', '2022-12-07 20:18:43'),
(326, 1306, 0, 'Tânia Prata', 0, 1, '2022-12-08 16:40:29', '2022-12-08 16:40:29'),
(327, 1307, 0, 'Susana Cristina  Pereira de Almeida Costa ', 0, 1, '2022-12-10 10:39:57', '2022-12-10 10:39:57'),
(328, 1308, 0, 'Susana Cristina  de Almeida Costa ', 0, 1, '2022-12-10 10:52:59', '2022-12-10 10:52:59'),
(329, 1309, 0, 'Elena Ovechkina', 0, 1, '2022-12-10 12:32:14', '2022-12-10 12:32:14'),
(330, 1310, 0, 'Sasha Bukata', 0, 1, '2022-12-11 19:26:10', '2022-12-11 19:26:10'),
(331, 1311, 0, 'Mariia Pankova', 0, 1, '2022-12-13 18:18:14', '2022-12-13 18:18:14'),
(332, 1312, 0, 'Dmytro Leonenko melco', 0, 1, '2022-12-14 10:22:35', '2022-12-14 10:22:35'),
(333, 1313, 0, 'Marina Avinkina', 0, 1, '2022-12-15 11:04:10', '2022-12-15 11:04:10'),
(334, 1314, 0, 'Catarina  PRATA ', 0, 1, '2022-12-15 21:43:47', '2022-12-15 21:43:47'),
(335, 1315, 0, 'Sergiu Cebanu', 0, 1, '2022-12-16 15:28:26', '2022-12-16 15:28:26'),
(336, 1316, 0, 'Sara  Santos ', 0, 1, '2022-12-17 12:33:44', '2022-12-17 12:33:44'),
(337, 1317, 0, 'Rita Mascarenhas', 0, 1, '2022-12-20 10:07:08', '2022-12-20 10:07:08'),
(338, 1318, 0, 'Silvia Torres', 0, 1, '2022-12-21 13:42:14', '2022-12-21 13:42:14'),
(339, 1319, 0, 'Olena Ole', 0, 1, '2022-12-25 14:51:53', '2022-12-25 14:51:53'),
(340, 1320, 0, 'Anastasiia Vinogradova', 0, 1, '2022-12-26 23:36:27', '2022-12-26 23:36:27'),
(341, 1321, 0, 'Anastasiya Yunitskaya', 0, 1, '2022-12-28 19:12:35', '2022-12-28 19:12:35'),
(342, 1322, 0, 'yulia birich', 0, 1, '2022-12-29 00:18:25', '2022-12-29 00:18:25'),
(343, 1323, 0, 'VALENTINA Kurennaia', 0, 1, '2022-12-29 12:48:36', '2022-12-29 12:48:36'),
(344, 1324, 0, 'Aleksandra Koroleva', 0, 1, '2022-12-29 21:54:36', '2022-12-29 21:54:36'),
(345, 1325, 0, 'Zubkova Irina', 0, 1, '2023-01-04 14:14:48', '2023-01-04 14:14:48'),
(346, 1326, 0, 'Polina Ivanova', 0, 1, '2023-01-04 16:43:25', '2023-01-04 16:43:25'),
(347, 1327, 0, 'Andreia  Machado ', 0, 1, '2023-01-07 13:52:16', '2023-01-07 13:52:16'),
(348, 1328, 0, 'Viktoriya Martsynkevych', 0, 1, '2023-01-10 11:13:42', '2023-01-10 11:13:42'),
(349, 1329, 0, 'Oleksandr Dryn', 0, 1, '2023-01-10 16:32:31', '2023-01-10 16:32:31'),
(350, 1330, 0, 'Vera Correia', 0, 1, '2023-01-10 16:47:17', '2023-01-10 16:47:17'),
(351, 1331, 0, 'João Rosendo', 0, 1, '2023-01-11 12:28:34', '2023-01-11 12:28:34'),
(352, 1332, 0, 'Bohdan Martynov', 0, 1, '2023-01-11 20:19:20', '2023-01-11 20:19:20'),
(353, 1333, 0, 'Joana  Ferreira', 0, 1, '2023-01-11 22:55:50', '2023-01-11 22:55:50'),
(354, 1334, 0, 'Nataliya Savkina', 0, 1, '2023-01-12 00:08:06', '2023-01-12 00:08:06'),
(355, 1335, 0, 'Mariia Moiseenko', 0, 1, '2023-01-13 16:31:24', '2023-01-13 16:31:24'),
(356, 1336, 0, 'Patrícia Esteves', 0, 1, '2023-01-13 17:32:29', '2023-01-13 17:32:29'),
(357, 1337, 0, 'Oleksandr Piterman', 0, 1, '2023-01-14 22:26:13', '2023-01-14 22:26:13'),
(358, 1338, 0, 'Anna Chulkova ', 0, 1, '2023-01-15 12:44:18', '2023-01-15 12:44:18'),
(359, 1339, 0, 'Konstantin  Balitskiy ', 0, 1, '2023-01-15 18:54:10', '2023-01-15 18:54:10'),
(360, 1340, 0, 'Juliana  Gomes ', 0, 1, '2023-01-15 19:36:40', '2023-01-15 19:36:40'),
(361, 1341, 0, 'Anna Burobina', 0, 1, '2023-01-16 11:08:57', '2023-01-16 11:08:57'),
(362, 1342, 0, 'Nadezhda Gavrilova', 0, 1, '2023-01-17 14:09:45', '2023-01-17 14:09:45'),
(363, 1343, 0, 'Kateryna  Zalisska', 0, 1, '2023-01-17 16:29:58', '2023-01-17 16:29:58'),
(364, 1344, 0, 'Elena Khrupina', 0, 1, '2023-01-20 19:19:45', '2023-01-20 19:19:45'),
(365, 1345, 0, 'Bayazet Bayazet', 0, 1, '2023-01-20 20:17:11', '2023-01-20 20:17:11'),
(366, 1346, 0, 'I E', 0, 1, '2023-01-22 01:41:49', '2023-01-22 01:41:49'),
(367, 1347, 0, 'Seline Barbosa', 0, 1, '2023-01-24 09:58:29', '2023-01-24 09:58:29'),
(368, 1348, 0, 'Oleksandra Simonenko', 0, 1, '2023-01-24 11:24:38', '2023-01-24 11:24:38'),
(369, 1349, 0, 'Valeria  Adamenok ', 0, 1, '2023-01-24 18:30:28', '2023-01-24 18:30:28'),
(370, 1350, 0, 'Anna Dikasova ', 0, 1, '2023-01-24 22:58:38', '2023-01-24 22:58:38'),
(371, 1351, 0, 'Valentina Kurennaia', 0, 1, '2023-01-26 20:45:57', '2023-01-26 20:45:57'),
(372, 1352, 0, 'Elsa Costa', 0, 1, '2023-01-26 21:30:05', '2023-01-26 21:30:05'),
(373, 1353, 0, 'Ana Oliveira', 0, 1, '2023-01-28 20:31:24', '2023-01-28 20:31:24'),
(374, 1354, 0, 'Maria Donskikh', 0, 1, '2023-01-29 14:43:56', '2023-01-29 14:43:56'),
(375, 1355, 0, 'Anastasiya Sukharukava', 0, 1, '2023-02-01 08:23:12', '2023-02-01 08:23:12'),
(376, 1356, 0, 'Alena Kosheleva', 0, 1, '2023-02-01 10:35:47', '2023-02-01 10:35:47'),
(377, 1357, 0, 'Ana Ferreira', 0, 1, '2023-02-01 18:36:31', '2023-02-01 18:36:31'),
(378, 1358, 0, 'Pedro Alberto', 0, 1, '2023-02-04 17:31:06', '2023-02-04 17:31:06'),
(379, 1359, 0, 'Julia Botneva', 0, 1, '2023-02-06 20:36:48', '2023-02-06 20:36:48'),
(380, 1360, 0, 'Susana Miranda', 0, 1, '2023-02-06 21:39:42', '2023-02-06 21:39:42'),
(381, 1361, 0, 'Ekaterina Rezvina', 0, 1, '2023-02-07 19:02:48', '2023-02-07 19:02:48'),
(382, 1362, 0, 'Andreia Gomes', 0, 1, '2023-02-10 10:18:39', '2023-02-10 10:18:39'),
(383, 1363, 0, 'Patricia Sofia Fernandes', 0, 1, '2023-02-10 14:08:56', '2023-02-10 14:08:56'),
(384, 1364, 0, 'Iuliia Bokova', 0, 1, '2023-02-11 16:34:49', '2023-02-11 16:34:49'),
(385, 1365, 0, 'Maria Miguel Ribeiro', 0, 1, '2023-02-11 19:57:48', '2023-02-11 19:57:48'),
(386, 1366, 0, 'Svetlana Noskova', 0, 1, '2023-02-12 15:42:37', '2023-02-12 15:42:37'),
(387, 1367, 0, 'Yuliia Andrieieva', 0, 1, '2023-02-12 16:17:55', '2023-02-12 16:17:55'),
(388, 1368, 0, 'Lada Kirisenko', 0, 1, '2023-02-13 19:54:30', '2023-02-13 19:54:30'),
(389, 1369, 0, 'Ana Leite', 0, 1, '2023-02-15 00:23:54', '2023-02-15 00:23:54'),
(390, 1370, 0, 'Liliana  Duarte', 0, 1, '2023-02-15 15:34:04', '2023-02-15 15:34:04'),
(391, 1371, 0, 'Vladimir Gorchakov', 0, 1, '2023-02-16 10:48:49', '2023-02-16 10:48:49'),
(392, 1372, 0, 'Kseniia Seriapina', 0, 1, '2023-02-16 23:46:46', '2023-02-16 23:46:46'),
(393, 1373, 0, 'Navarro Pereira', 0, 1, '2023-02-18 00:21:33', '2023-02-18 00:21:33'),
(394, 1374, 0, 'Sandra  Leite ', 0, 1, '2023-02-18 19:06:56', '2023-02-18 19:06:56'),
(395, 1375, 0, 'Iryna Melnychenko', 0, 1, '2023-02-21 13:53:23', '2023-02-21 13:53:23'),
(396, 1376, 0, 'Carlos Tato', 0, 1, '2023-02-21 15:42:48', '2023-02-21 15:42:48'),
(397, 1377, 0, 'Yana Klimova', 0, 1, '2023-02-22 01:21:04', '2023-02-22 01:21:04'),
(398, 1378, 0, 'FATIMA ALVES', 0, 1, '2023-02-22 16:34:33', '2023-02-22 16:34:33'),
(399, 1379, 0, 'Ana Antunes', 0, 1, '2023-02-22 22:34:52', '2023-02-22 22:34:52'),
(400, 1380, 0, 'Carla Antunes', 0, 1, '2023-02-25 12:28:25', '2023-02-25 12:28:25'),
(401, 1381, 0, 'Polina  Stognii', 0, 1, '2023-02-25 15:15:49', '2023-02-25 15:15:49'),
(402, 1382, 0, 'Isabel Maria da Nova Ramos', 0, 1, '2023-02-27 10:24:44', '2023-02-27 10:24:44'),
(403, 1383, 0, 'Inna Lavreniuk', 0, 1, '2023-03-03 10:30:48', '2023-03-03 10:30:48'),
(404, 1384, 0, 'Rita Loureiro', 0, 1, '2023-03-03 17:05:05', '2023-03-03 17:05:05'),
(405, 1385, 0, 'Oksana  Romanova ', 0, 1, '2023-03-04 09:06:58', '2023-03-04 09:06:58'),
(406, 1386, 0, 'Ksenia Held', 0, 1, '2023-03-04 13:15:00', '2023-03-04 13:15:00'),
(407, 1387, 0, 'Natalia Kremenchuk', 0, 1, '2023-03-05 21:14:04', '2023-03-05 21:14:04'),
(408, 1388, 0, 'Valeria  Adamenok ', 0, 1, '2023-03-07 13:52:26', '2023-03-07 13:52:26'),
(409, 1389, 0, 'Maria Mateus', 0, 1, '2023-03-07 21:41:22', '2023-03-07 21:41:22'),
(410, 1390, 0, 'Maria de Fatima Garrido da Guimarães', 0, 1, '2023-03-10 16:49:58', '2023-03-10 16:49:58'),
(411, 1391, 0, 'Ana  Pinto', 0, 1, '2023-03-11 15:13:41', '2023-03-11 15:13:41'),
(412, 1392, 0, 'Hanna Lapytska', 0, 1, '2023-03-11 20:02:47', '2023-03-11 20:02:47'),
(413, 1393, 0, 'Inna Moria', 0, 1, '2023-03-13 10:24:28', '2023-03-13 10:24:28'),
(414, 1394, 0, 'Marina Olmez', 0, 1, '2023-03-13 14:55:06', '2023-03-13 14:55:06'),
(415, 1395, 0, 'Olena Shpilevaia', 0, 1, '2023-03-14 13:17:55', '2023-03-14 13:17:55'),
(416, 1396, 0, 'Yuliia Khoroshun', 0, 1, '2023-03-17 22:37:30', '2023-03-17 22:37:30'),
(417, 1397, 0, 'Cristina Ferreira', 0, 1, '2023-03-17 23:16:37', '2023-03-17 23:16:37'),
(418, 1398, 0, 'Ana Rita Oliveira Andrade', 0, 1, '2023-03-18 09:11:31', '2023-03-18 09:11:31'),
(419, 1399, 0, 'Andreia Cunha', 0, 1, '2023-03-18 09:24:12', '2023-03-18 09:24:12'),
(420, 1400, 0, 'Anna Dikasova', 0, 1, '2023-03-19 21:37:35', '2023-03-19 21:37:35'),
(421, 1401, 0, 'Catarina Prata', 0, 1, '2023-03-25 21:46:38', '2023-03-25 21:46:38'),
(422, 1402, 0, 'Maria Mateus', 0, 1, '2023-03-27 11:24:40', '2023-03-27 11:24:40'),
(423, 1403, 0, 'Antonio jose Almeida Cruz', 0, 1, '2023-03-27 19:20:37', '2023-03-27 19:20:37'),
(424, 1404, 0, 'Patrícia Silva', 0, 1, '2023-03-28 14:22:33', '2023-03-28 14:22:33'),
(425, 1405, 0, 'Nataliya Pozdneeva', 0, 1, '2023-03-31 10:53:19', '2023-03-31 10:53:19'),
(426, 1406, 0, 'Roman Karpov', 0, 1, '2023-03-31 17:27:51', '2023-03-31 17:27:51'),
(427, 1407, 0, 'Rosa  Teixeira', 0, 1, '2023-04-02 19:43:31', '2023-04-02 19:43:31'),
(428, 1408, 0, 'Isa Mateus', 0, 1, '2023-04-02 23:01:27', '2023-04-02 23:01:27'),
(429, 1409, 0, 'Ana Santos', 0, 1, '2023-04-03 16:26:53', '2023-04-03 16:26:53'),
(430, 1410, 0, 'vieira marisa. ', 0, 1, '2023-04-11 08:36:05', '2023-04-11 08:36:05'),
(431, 1411, 0, 'Tatyana Zhukova', 0, 1, '2023-04-11 21:46:28', '2023-04-11 21:46:28'),
(432, 1412, 0, 'Vania Barros', 0, 1, '2023-04-13 21:45:32', '2023-04-13 21:45:32'),
(433, 1413, 0, 'Vânia  Barros', 0, 1, '2023-04-13 21:50:56', '2023-04-13 21:50:56'),
(434, 1414, 0, 'Maria Sidorevich', 0, 1, '2023-04-20 10:57:57', '2023-04-20 10:57:57'),
(435, 1415, 0, 'Gabriela   Barbosa', 0, 1, '2023-04-20 18:07:15', '2023-04-20 18:07:15'),
(436, 1416, 0, 'Maria Lobarinhas', 0, 1, '2023-04-27 09:45:58', '2023-04-27 09:45:58'),
(437, 1417, 0, 'MARZHAN TUSZHANOVA', 0, 1, '2023-04-28 08:53:09', '2023-04-28 08:53:09'),
(438, 1418, 0, 'Vitoria Pustovaya', 0, 1, '2023-04-28 09:17:49', '2023-04-28 09:17:49'),
(439, 1419, 0, 'Maryna Svieshnikova', 0, 1, '2023-04-28 15:04:15', '2023-04-28 15:04:15'),
(440, 1420, 0, 'Yuliia Khoroshun', 0, 1, '2023-05-04 08:42:25', '2023-05-04 08:42:25'),
(441, 1421, 0, 'Celia Goncalves', 0, 1, '2023-05-04 23:07:29', '2023-05-04 23:07:29'),
(442, 1422, 0, 'Manuel Goncalves', 0, 1, '2023-05-05 10:27:04', '2023-05-05 10:27:04'),
(443, 1423, 0, 'Natalia Dracheva', 0, 1, '2023-05-07 21:55:07', '2023-05-07 21:55:07'),
(444, 1424, 0, 'Maria José  Ribeiro Marto', 0, 1, '2023-05-10 12:22:36', '2023-05-10 12:22:36'),
(445, 1425, 0, 'Maria José  Ribeiro Marto', 0, 1, '2023-05-10 17:48:44', '2023-05-10 17:48:44'),
(446, 1426, 0, 'Joana Pimenta', 0, 1, '2023-05-14 13:20:58', '2023-05-14 13:20:58'),
(447, 1427, 0, 'Paulo Carvalho', 0, 1, '2023-05-16 15:03:52', '2023-05-16 15:03:52'),
(448, 1428, 0, 'Carla Antunes', 0, 1, '2023-05-16 16:03:46', '2023-05-16 16:03:46'),
(449, 1429, 0, 'Iuliia Vasileva', 0, 1, '2023-05-16 23:50:28', '2023-05-16 23:50:28'),
(450, 1430, 0, 'Alina alsshsh', 0, 1, '2023-05-23 21:32:43', '2023-05-23 21:32:43'),
(451, 1431, 0, 'Ana Margarida  Nogueira ', 0, 1, '2023-05-24 17:22:57', '2023-05-24 17:22:57'),
(452, 1432, 0, 'Olena Medvedieva', 0, 1, '2023-05-26 11:12:51', '2023-05-26 11:12:51'),
(453, 1433, 0, 'Fátima Sousa Castro', 0, 1, '2023-05-26 11:40:29', '2023-05-26 11:40:29'),
(454, 1434, 0, 'Cláudia Moreira', 0, 1, '2023-05-27 23:02:52', '2023-05-27 23:02:52'),
(455, 1435, 0, 'Anna Fomina', 0, 1, '2023-05-29 14:18:26', '2023-05-29 14:18:26'),
(456, 1436, 0, 'Maria Dulub', 0, 1, '2023-05-29 22:16:53', '2023-05-29 22:16:53'),
(457, 1437, 0, 'Telmo Alves', 0, 1, '2023-05-31 17:46:10', '2023-05-31 17:46:10'),
(458, 1438, 0, 'Anna Karpova', 0, 1, '2023-06-01 05:21:30', '2023-06-01 05:21:30'),
(459, 1439, 0, 'Irina Morozova', 0, 1, '2023-06-02 16:29:06', '2023-06-02 16:29:06'),
(460, 1440, 0, 'Maria Sousa', 0, 1, '2023-06-04 21:17:45', '2023-06-04 21:17:45'),
(461, 1441, 0, 'Svitlana Yefanova', 0, 1, '2023-06-12 13:46:04', '2023-06-12 13:46:04'),
(462, 1442, 0, 'Neide Marli Ferreira Henriques ', 0, 1, '2023-06-13 04:42:28', '2023-06-13 04:42:28'),
(463, 1443, 0, 'teresa martins', 0, 1, '2023-06-13 13:53:46', '2023-06-13 13:53:46'),
(464, 1444, 0, 'Clara Mendes', 0, 1, '2023-06-15 15:50:17', '2023-06-15 15:50:17'),
(465, 1445, 0, 'Maria Chaves', 0, 1, '2023-06-17 21:59:08', '2023-06-17 21:59:08'),
(466, 1446, 0, 'Bogdan Gusak', 0, 1, '2023-06-20 08:20:26', '2023-06-20 08:20:26'),
(467, 1447, 0, 'Nuno Sousa', 0, 1, '2023-06-20 15:20:31', '2023-06-20 15:20:31'),
(468, 1448, 0, 'ANA ABALADAS', 0, 1, '2023-06-22 00:39:05', '2023-06-22 00:39:05'),
(469, 1449, 0, 'Ksenia Pavlova', 0, 1, '2023-06-23 18:52:38', '2023-06-23 18:52:38'),
(470, 1450, 0, 'Alina Kharechko', 0, 1, '2023-06-25 11:33:24', '2023-06-25 11:33:24'),
(471, 1451, 0, 'Margarida Barbosa', 0, 1, '2023-06-26 12:31:39', '2023-06-26 12:31:39'),
(472, 1452, 0, 'Maria pedro Marques', 0, 1, '2023-06-26 19:50:30', '2023-06-26 19:50:30'),
(473, 1453, 0, 'Neila Vilela', 0, 1, '2023-06-26 22:43:13', '2023-06-26 22:43:13'),
(474, 1454, 0, 'Maria Chaves', 0, 1, '2023-06-27 09:40:50', '2023-06-27 09:40:50'),
(475, 1455, 0, 'Patrícia  Fernandes ', 0, 1, '2023-06-27 10:11:55', '2023-06-27 10:11:55'),
(476, 1456, 0, 'Carla Silva', 0, 1, '2023-06-27 23:11:06', '2023-06-27 23:11:06'),
(477, 1457, 0, 'Elisabete Pires', 0, 1, '2023-07-01 19:11:08', '2023-07-01 19:11:08'),
(478, 1458, 0, 'Diogo Silva', 0, 1, '2023-07-04 10:38:31', '2023-07-04 10:38:31'),
(479, 1459, 0, 'Vanessa  Oliveira ', 0, 1, '2023-07-05 11:53:05', '2023-07-05 11:53:05'),
(480, 1460, 0, 'TESTE TESTE', 0, 1, '2023-07-05 12:00:52', '2023-07-05 12:00:52'),
(481, 1461, 0, 'Veronika Zelenetska', 0, 1, '2023-07-06 11:04:05', '2023-07-06 11:04:05'),
(482, 1462, 0, 'Francisca  Rocha', 0, 1, '2023-07-10 17:11:23', '2023-07-10 17:11:23'),
(483, 1463, 0, 'Maria Manuela Santos Carneiro', 0, 1, '2023-07-11 13:10:06', '2023-07-11 13:10:06'),
(484, 1464, 0, 'Ana Veloso', 0, 1, '2023-07-11 15:00:19', '2023-07-11 15:00:19'),
(485, 1465, 0, 'Marcos Serra', 0, 1, '2023-07-11 15:05:46', '2023-07-11 15:05:46'),
(486, 1466, 0, 'Hugo Soares', 0, 1, '2023-07-11 17:30:57', '2023-07-11 17:30:57'),
(487, 1467, 0, 'Ines Rodrigues', 0, 1, '2023-07-12 01:13:57', '2023-07-12 01:13:57'),
(488, 1468, 0, 'Nina Yefimochkina', 0, 1, '2023-07-14 01:13:04', '2023-07-14 01:13:04'),
(489, 1469, 0, 'Anna Pogosova', 0, 1, '2023-07-14 10:50:44', '2023-07-14 10:50:44'),
(490, 1470, 0, 'Ana  Cruz', 0, 1, '2023-07-17 14:23:05', '2023-07-17 14:23:05'),
(491, 1471, 0, 'Fluxo Comercial Unipessoal Lda', 0, 1, '2023-07-17 23:34:15', '2023-07-17 23:34:15'),
(492, 1472, 0, 'Odete Almeida', 0, 1, '2023-07-20 14:29:00', '2023-07-20 14:29:00'),
(493, 1473, 0, 'Amelia Melo', 0, 1, '2023-07-20 15:32:15', '2023-07-20 15:32:15'),
(494, 1474, 0, 'ELISABETE MARTINS', 0, 1, '2023-07-23 15:07:47', '2023-07-23 15:07:47'),
(495, 1475, 0, 'Rosa  Teixeira', 0, 1, '2023-07-28 21:20:13', '2023-07-28 21:20:13'),
(496, 1476, 0, 'Alice Soares', 0, 1, '2023-07-30 06:53:11', '2023-07-30 06:53:11'),
(497, 1477, 0, 'Vasilii Malygin', 0, 1, '2023-08-02 22:34:05', '2023-08-02 22:34:05'),
(498, 1478, 0, 'MARIA DE FATIMA PEREIRA MONTEIRO', 0, 1, '2023-08-03 21:27:54', '2023-08-03 21:27:54'),
(499, 1479, 0, 'SELENE  Correia ', 0, 1, '2023-08-04 16:49:14', '2023-08-04 16:49:14'),
(500, 1480, 0, 'Maria Chaves', 0, 1, '2023-08-05 09:54:48', '2023-08-05 09:54:48'),
(501, 1481, 0, 'Ana Resende', 0, 1, '2023-08-06 09:51:22', '2023-08-06 09:51:22'),
(502, 1482, 0, 'Karyna Shport', 0, 1, '2023-08-07 11:17:12', '2023-08-07 11:17:12'),
(503, 1483, 0, 'Natacha Ferreira', 0, 1, '2023-08-09 23:46:51', '2023-08-09 23:46:51'),
(504, 1484, 0, 'Teresa Silva', 0, 1, '2023-08-10 00:32:03', '2023-08-10 00:32:03'),
(505, 1485, 0, 'Vanessa Rosado', 0, 1, '2023-08-10 15:01:40', '2023-08-10 15:01:40'),
(506, 1486, 0, 'Marcia Prata', 0, 1, '2023-08-11 00:50:10', '2023-08-11 00:50:10'),
(507, 1487, 0, 'Sandra Lopes', 0, 1, '2023-08-11 09:31:57', '2023-08-11 09:31:57'),
(508, 1488, 0, 'Miriam Roque', 0, 1, '2023-08-11 17:41:38', '2023-08-11 17:41:38'),
(509, 1489, 0, 'Maria João  Chaves', 0, 1, '2023-08-13 17:01:57', '2023-08-13 17:01:57'),
(510, 1490, 0, 'Yulia Mareeva', 0, 1, '2023-08-13 21:57:43', '2023-08-13 21:57:43'),
(511, 1491, 0, 'Evgeniia  Esiutina', 0, 1, '2023-08-17 00:04:53', '2023-08-17 00:04:53'),
(512, 1492, 0, 'Yuliia Khoroshun', 0, 1, '2023-08-17 15:11:43', '2023-08-17 15:11:43'),
(513, 1493, 0, 'Maria Balynets', 0, 1, '2023-08-19 12:33:20', '2023-08-19 12:33:20'),
(514, 1494, 0, 'João Baptista', 0, 1, '2023-08-21 17:26:30', '2023-08-21 17:26:30'),
(515, 1495, 0, 'EUGÉNIA MARIA  MELO E SILVA', 0, 1, '2023-08-22 13:51:51', '2023-08-22 13:51:51'),
(516, 1496, 0, 'Manuela  Ferreira ', 0, 1, '2023-08-22 22:28:54', '2023-08-22 22:28:54'),
(517, 1497, 0, 'Rosa  Leal', 0, 1, '2023-08-24 22:58:11', '2023-08-24 22:58:11'),
(518, 1498, 0, 'Catarina Silva', 0, 1, '2023-08-25 11:26:35', '2023-08-25 11:26:35'),
(519, 1499, 0, 'Hugo  Viana', 0, 1, '2023-08-25 15:40:06', '2023-08-25 15:40:06'),
(520, 1500, 0, 'Inês Ferreira', 0, 1, '2023-08-26 15:55:07', '2023-08-26 15:55:07'),
(521, 1502, 0, 'Margarida  Pina ', 0, 1, '2023-08-27 16:27:27', '2023-08-27 16:27:27'),
(522, 1501, 0, 'Margarida  Pina ', 0, 1, '2023-08-27 16:27:27', '2023-08-27 16:27:27'),
(523, 1503, 0, 'Katia  Vozianova', 0, 1, '2023-08-27 20:46:16', '2023-08-27 20:46:16'),
(524, 1504, 0, 'Iliia Zimina', 0, 1, '2023-08-28 13:27:49', '2023-08-28 13:27:49'),
(525, 1505, 0, 'Alina Gracheva', 0, 1, '2023-08-28 16:25:09', '2023-08-28 16:25:09'),
(526, 1506, 0, 'Vasilii Malygin', 0, 1, '2023-08-28 21:15:47', '2023-08-28 21:15:47'),
(527, 1507, 0, 'Carla Antunes', 0, 1, '2023-08-29 13:44:51', '2023-08-29 13:44:51'),
(528, 1508, 0, 'Mariia  Schimmel ', 0, 1, '2023-08-29 17:55:06', '2023-08-29 17:55:06'),
(529, 1509, 0, 'katia Vozianova', 0, 1, '2023-09-10 10:53:49', '2023-09-10 10:53:49'),
(530, 1510, 0, 'Telmo Ferreira', 0, 1, '2023-09-10 19:32:01', '2023-09-10 19:32:01'),
(531, 1511, 0, 'Michaela Dias  Pereira ', 0, 1, '2023-09-11 10:42:59', '2023-09-11 10:42:59'),
(532, 1512, 0, 'Michaela  Pereira ', 0, 1, '2023-09-11 11:24:06', '2023-09-11 11:24:06'),
(533, 1513, 0, 'Elena Bogacheva', 0, 1, '2023-09-11 16:09:06', '2023-09-11 16:09:06'),
(534, 1514, 0, 'Maria Quelhas', 0, 1, '2023-09-12 05:17:30', '2023-09-12 05:17:30'),
(535, 1515, 0, 'Rosalina  Paiva', 0, 1, '2023-09-13 12:34:40', '2023-09-13 12:34:40'),
(536, 1516, 0, 'Sónia Costa', 0, 1, '2023-09-13 14:17:17', '2023-09-13 14:17:17'),
(537, 1517, 0, 'Elisabete Almeida ', 0, 1, '2023-09-15 20:42:51', '2023-09-15 20:42:51'),
(538, 1518, 0, 'Catarina Barbosa', 0, 1, '2023-09-16 15:43:59', '2023-09-16 15:43:59'),
(539, 1519, 0, 'Carolina Pais', 0, 1, '2023-09-16 17:20:32', '2023-09-16 17:20:32'),
(540, 1520, 0, 'Catarina Barbosa', 0, 1, '2023-09-17 17:50:30', '2023-09-17 17:50:30'),
(541, 1521, 0, 'Teste Teste', 0, 1, '2023-09-19 20:38:06', '2023-09-19 20:38:06'),
(542, 1522, 0, 'Oksana  Rubel', 0, 1, '2023-09-22 12:11:16', '2023-09-22 12:11:16'),
(543, 1523, 0, 'Lidia  Teixeira', 0, 1, '2023-09-23 07:34:45', '2023-09-23 07:34:45'),
(544, 1524, 0, 'Liliana Maganinho', 0, 1, '2023-09-23 15:28:30', '2023-09-23 15:28:30'),
(545, 1525, 0, 'Alina Kulika', 0, 1, '2023-09-24 17:00:44', '2023-09-24 17:00:44'),
(546, 1526, 0, 'Helena Silva', 0, 1, '2023-09-25 22:07:31', '2023-09-25 22:07:31'),
(547, 1527, 0, 'Mara  Oliveira ', 0, 1, '2023-09-27 17:06:06', '2023-09-27 17:06:06'),
(548, 1528, 0, 'Denys Kril', 0, 1, '2023-09-27 21:45:19', '2023-09-27 21:45:19'),
(549, 1529, 0, 'Paula  Carvalho', 0, 1, '2023-09-28 12:07:37', '2023-09-28 12:07:37'),
(550, 1530, 0, 'Elena Voronikova', 0, 1, '2023-09-29 01:00:08', '2023-09-29 01:00:08'),
(551, 1531, 0, 'Natalia  Gaidenko', 0, 1, '2023-09-30 10:27:12', '2023-09-30 10:27:12'),
(552, 1532, 0, 'ISABEL MARIA CORTEZ TOMAS', 0, 1, '2023-09-30 11:38:37', '2023-09-30 11:38:37'),
(553, 1533, 0, 'Monica Muniz', 0, 1, '2023-10-02 08:48:52', '2023-10-02 08:48:52'),
(554, 1534, 0, 'Madalena Matos Gil', 0, 1, '2023-10-02 15:26:10', '2023-10-02 15:26:10'),
(555, 1535, 0, 'Dany Costa', 0, 1, '2023-10-02 17:51:39', '2023-10-02 17:51:39'),
(556, 1536, 0, 'Fátima Sousa Castro', 0, 1, '2023-10-02 23:49:11', '2023-10-02 23:49:11'),
(557, 1537, 0, 'Maria Manuela Santos  Ferreira', 0, 1, '2023-10-05 10:09:06', '2023-10-05 10:09:06'),
(558, 1538, 0, 'Filipe Alves', 0, 1, '2023-10-06 23:55:53', '2023-10-06 23:55:53'),
(559, 1539, 0, 'Ana Castro', 0, 1, '2023-10-10 20:04:28', '2023-10-10 20:04:28'),
(560, 1540, 0, 'Catarina Barbosa ', 0, 1, '2023-10-11 13:21:53', '2023-10-11 13:21:53'),
(561, 1541, 0, 'Andreia  Castro', 0, 1, '2023-10-12 14:06:06', '2023-10-12 14:06:06'),
(562, 1542, 0, 'Ana Rego', 0, 1, '2023-10-12 14:51:06', '2023-10-12 14:51:06'),
(563, 1543, 0, 'Maribel  Sousa', 0, 1, '2023-10-13 12:18:52', '2023-10-13 12:18:52'),
(564, 1544, 0, 'Maria Eduarda Martins', 0, 1, '2023-10-15 14:21:19', '2023-10-15 14:21:19'),
(565, 1545, 0, 'Rita Rebelo', 0, 1, '2023-10-15 17:38:18', '2023-10-15 17:38:18'),
(566, 1546, 0, 'Liliana Moreira', 0, 1, '2023-10-16 00:35:19', '2023-10-16 00:35:19'),
(567, 1547, 0, 'Sílvia Vidal', 0, 1, '2023-10-20 10:24:27', '2023-10-20 10:24:27'),
(568, 1548, 0, 'Mariia Nilova', 0, 1, '2023-10-21 19:07:29', '2023-10-21 19:07:29'),
(569, 1549, 0, 'Rosa  Teixeira', 0, 1, '2023-10-24 19:17:20', '2023-10-24 19:17:20'),
(570, 1550, 0, 'Natalia Nikitina', 0, 1, '2023-10-28 12:53:46', '2023-10-28 12:53:46'),
(571, 1551, 0, 'Elisabete Rodrigues', 0, 1, '2023-10-28 16:26:07', '2023-10-28 16:26:07'),
(572, 1552, 0, 'Liane Silva', 0, 1, '2023-10-28 18:54:05', '2023-10-28 18:54:05'),
(573, 1553, 0, 'Elisabete Rodrigues', 0, 1, '2023-10-29 00:54:23', '2023-10-29 00:54:23'),
(574, 1554, 0, 'Alena Karchazhkina', 0, 1, '2023-10-29 14:30:47', '2023-10-29 14:30:47'),
(575, 1555, 0, 'Elisabete Rodrigues', 0, 1, '2023-10-31 18:59:08', '2023-10-31 18:59:08'),
(576, 1556, 0, 'Tamara Mykhaylychenko ', 0, 1, '2023-11-01 23:00:12', '2023-11-01 23:00:12'),
(577, 1557, 0, 'Andreia Capelo', 0, 1, '2023-11-04 09:31:09', '2023-11-04 09:31:09'),
(578, 1558, 0, 'Paula Pereira ', 0, 1, '2023-11-05 13:40:29', '2023-11-05 13:40:29'),
(579, 1559, 0, 'Madalena  Moura', 0, 1, '2023-11-06 09:55:20', '2023-11-06 09:55:20'),
(580, 1560, 0, 'Antonio  Martins ', 0, 1, '2023-11-06 22:34:09', '2023-11-06 22:34:09'),
(581, 1561, 0, 'Svetlana Ianina', 0, 1, '2023-11-07 09:43:20', '2023-11-07 09:43:20'),
(582, 1562, 0, 'Svetlana  Ianina', 0, 1, '2023-11-07 09:50:32', '2023-11-07 09:50:32'),
(583, 1563, 0, 'Nataliia Davydenko', 0, 1, '2023-11-08 19:40:54', '2023-11-08 19:40:54'),
(584, 1564, 0, 'ELISABETE MARTINS', 0, 1, '2023-11-08 19:42:14', '2023-11-08 19:42:14');
INSERT INTO `ps_psgdpr_log` (`id_gdpr_log`, `id_customer`, `id_guest`, `client_name`, `id_module`, `request_type`, `date_add`, `date_upd`) VALUES
(585, 1565, 0, 'Rita Rebelo', 0, 1, '2023-11-11 15:41:16', '2023-11-11 15:41:16'),
(586, 1566, 0, 'Ana Cunha', 0, 1, '2023-11-14 15:51:52', '2023-11-14 15:51:52'),
(587, 1567, 0, 'Vanessa  Rosado', 0, 1, '2023-11-15 19:00:57', '2023-11-15 19:00:57'),
(588, 1568, 0, 'Anton Rakitskii', 0, 1, '2023-11-16 17:37:36', '2023-11-16 17:37:36'),
(589, 1569, 0, 'PATRÍCIA FERNANDES', 0, 1, '2023-11-16 20:18:39', '2023-11-16 20:18:39'),
(590, 1570, 0, 'Ana Munhós ', 0, 1, '2023-11-18 10:55:59', '2023-11-18 10:55:59'),
(591, 1571, 0, 'Eduarda Cruz', 0, 1, '2023-11-19 21:08:32', '2023-11-19 21:08:32'),
(592, 1572, 0, 'Iuliia Makogin', 0, 1, '2023-11-22 12:56:30', '2023-11-22 12:56:30'),
(593, 1573, 0, 'Maria Mateus', 0, 1, '2023-11-22 14:59:13', '2023-11-22 14:59:13'),
(594, 1574, 0, 'Alina Levytska', 0, 1, '2023-11-23 12:10:59', '2023-11-23 12:10:59'),
(595, 1575, 0, 'Alina Levytska', 0, 1, '2023-11-23 12:24:15', '2023-11-23 12:24:15'),
(596, 1576, 0, 'Susana Mota', 0, 1, '2023-11-23 22:31:15', '2023-11-23 22:31:15'),
(597, 1577, 0, 'Hugo  Soares', 0, 1, '2023-11-24 00:26:16', '2023-11-24 00:26:16'),
(598, 1578, 0, 'Celia Bastos', 0, 1, '2023-11-24 08:36:16', '2023-11-24 08:36:16'),
(599, 1579, 0, 'Anastasia Melet', 0, 1, '2023-11-26 11:45:23', '2023-11-26 11:45:23'),
(600, 1580, 0, 'Yuliia Yarema', 0, 1, '2023-11-26 22:24:24', '2023-11-26 22:24:24'),
(601, 1581, 0, 'Elvira  Umrikhina ', 0, 1, '2023-11-28 15:30:54', '2023-11-28 15:30:54'),
(602, 1582, 0, 'Silvina  Oliveira', 0, 1, '2023-11-28 21:22:44', '2023-11-28 21:22:44'),
(603, 1583, 0, 'José Ferreira', 0, 1, '2023-11-28 23:51:53', '2023-11-28 23:51:53'),
(604, 1584, 0, 'Cristina  Araújo ', 0, 1, '2023-11-30 16:54:17', '2023-11-30 16:54:17'),
(605, 1585, 0, 'Лариса Первушина', 0, 1, '2023-11-30 17:23:12', '2023-11-30 17:23:12'),
(606, 1586, 0, 'Filipa Gomes', 0, 1, '2023-12-01 14:12:05', '2023-12-01 14:12:05'),
(607, 1587, 0, 'Albertina  Cunha ', 0, 1, '2023-12-04 11:35:11', '2023-12-04 11:35:11'),
(608, 1588, 0, 'Joana   Goncalves', 0, 1, '2023-12-04 18:05:13', '2023-12-04 18:05:13'),
(609, 1589, 0, 'Anastasiia Panina', 0, 1, '2023-12-05 11:48:17', '2023-12-05 11:48:17'),
(610, 1590, 0, 'Silvia Rodrigues', 0, 1, '2023-12-09 17:15:00', '2023-12-09 17:15:00'),
(611, 1591, 0, 'Silvia Rodrigues', 0, 1, '2023-12-09 17:15:00', '2023-12-09 17:15:00'),
(612, 1592, 0, 'Paula Portugal', 0, 1, '2023-12-10 12:11:07', '2023-12-10 12:11:07'),
(613, 1593, 0, 'Vitor Andrade', 0, 1, '2023-12-10 20:10:47', '2023-12-10 20:10:47'),
(614, 1594, 0, 'Tatiane Alves  Santos ', 0, 1, '2023-12-13 11:35:13', '2023-12-13 11:35:13'),
(615, 1595, 0, 'Anastasiia Koshmanova', 0, 1, '2023-12-13 15:15:35', '2023-12-13 15:15:35'),
(616, 1596, 0, 'Aleksandra Koroleva', 0, 1, '2023-12-13 16:12:49', '2023-12-13 16:12:49'),
(617, 1597, 0, 'Maria Lutskina', 0, 1, '2023-12-14 18:32:10', '2023-12-14 18:32:10'),
(618, 1598, 0, 'Kamila  Djanieva ', 0, 1, '2023-12-17 20:50:06', '2023-12-17 20:50:06'),
(619, 1599, 0, 'Nuno  Gorgulho', 0, 1, '2023-12-22 22:26:44', '2023-12-22 22:26:44'),
(620, 1600, 0, 'Tatiana Priperich', 0, 1, '2023-12-23 22:48:06', '2023-12-23 22:48:06'),
(621, 1601, 0, 'Veronika  Fedorchuk', 0, 1, '2023-12-27 14:37:22', '2023-12-27 14:37:22'),
(622, 1602, 0, 'Krystyna Zlotnytska', 0, 1, '2023-12-28 11:55:41', '2023-12-28 11:55:41'),
(623, 1603, 0, 'Cristina Ferreira', 0, 1, '2023-12-31 02:23:04', '2023-12-31 02:23:04'),
(624, 1604, 0, 'Maria Bernardete', 0, 1, '2024-01-02 21:06:52', '2024-01-02 21:06:52'),
(625, 1605, 0, 'catarina Barbosa', 0, 1, '2024-01-03 14:01:10', '2024-01-03 14:01:10'),
(626, 1606, 0, 'Denys Kril', 0, 1, '2024-01-03 23:42:27', '2024-01-03 23:42:27'),
(627, 1607, 0, 'Marina Davydova', 0, 1, '2024-01-03 23:54:06', '2024-01-03 23:54:06'),
(628, 1608, 0, 'Diana Demidova', 0, 1, '2024-01-04 19:39:46', '2024-01-04 19:39:46'),
(629, 1609, 0, 'Jorge Domingues', 0, 1, '2024-01-08 07:58:58', '2024-01-08 07:58:58'),
(630, 1610, 0, 'Ekaterina Klimova', 0, 1, '2024-01-08 13:42:31', '2024-01-08 13:42:31'),
(631, 1611, 0, 'Anna Novytska ', 0, 1, '2024-01-09 16:23:16', '2024-01-09 16:23:16'),
(632, 1612, 0, 'Maria Elisabete Costa Félix de Lima', 0, 1, '2024-01-11 09:07:52', '2024-01-11 09:07:52'),
(633, 1613, 0, 'Natalia Ivanova', 0, 1, '2024-01-12 11:15:29', '2024-01-12 11:15:29'),
(634, 1614, 0, 'EKATERINA BOLDOVA', 0, 1, '2024-01-12 18:30:33', '2024-01-12 18:30:33'),
(635, 1615, 0, 'Fernanda Santos', 0, 1, '2024-01-13 10:09:49', '2024-01-13 10:09:49'),
(636, 1616, 0, 'Paulo Carvalho', 0, 1, '2024-01-13 21:20:37', '2024-01-13 21:20:37'),
(637, 1617, 0, 'Rita Loureiro', 0, 1, '2024-01-13 22:27:49', '2024-01-13 22:27:49'),
(638, 1618, 0, 'Teste Teste', 0, 1, '2024-01-14 21:10:58', '2024-01-14 21:10:58'),
(639, 1619, 0, 'Marlene Rodrigues Pereira', 0, 1, '2024-01-15 13:37:11', '2024-01-15 13:37:11'),
(640, 1620, 0, 'Raquel  Araujo', 0, 1, '2024-01-15 18:08:59', '2024-01-15 18:08:59'),
(641, 1621, 0, 'Svetlana Panchenko', 0, 1, '2024-01-15 21:18:11', '2024-01-15 21:18:11'),
(642, 1622, 0, 'Catarina couto', 0, 1, '2024-01-16 11:40:43', '2024-01-16 11:40:43'),
(643, 1623, 0, 'Viktoriia Sorokina', 0, 1, '2024-01-16 19:53:32', '2024-01-16 19:53:32'),
(644, 1624, 0, 'Viktoriia Sorokina', 0, 1, '2024-01-16 22:58:53', '2024-01-16 22:58:53'),
(645, 1625, 0, 'Arina Makhova', 0, 1, '2024-01-17 20:20:01', '2024-01-17 20:20:01'),
(646, 1626, 0, 'Aida Regina Silva', 0, 1, '2024-01-20 22:57:10', '2024-01-20 22:57:10'),
(647, 1627, 0, 'Ana Carneiro', 0, 1, '2024-01-21 22:31:41', '2024-01-21 22:31:41'),
(648, 1628, 0, 'Ana Nunes', 0, 1, '2024-01-22 11:01:50', '2024-01-22 11:01:50'),
(649, 1630, 0, 'Hanna Hivoina', 0, 1, '2024-01-23 17:42:48', '2024-01-23 17:42:48'),
(650, 1629, 0, 'Hanna Hivoina', 0, 1, '2024-01-23 17:42:49', '2024-01-23 17:42:49'),
(651, 1631, 0, 'Sofia Enes', 0, 1, '2024-01-24 10:21:17', '2024-01-24 10:21:17'),
(652, 1632, 0, 'Iryna Mudruk', 0, 1, '2024-01-25 19:33:51', '2024-01-25 19:33:51'),
(653, 1633, 0, 'Rita  Seara', 0, 1, '2024-01-27 14:57:42', '2024-01-27 14:57:42'),
(654, 1634, 0, 'Rita Gama', 0, 1, '2024-02-01 13:30:59', '2024-02-01 13:30:59'),
(655, 1635, 0, 'Sónia Campos', 0, 1, '2024-02-03 13:59:24', '2024-02-03 13:59:24'),
(656, 1636, 0, 'Toni Barreiros', 0, 1, '2024-02-05 18:02:34', '2024-02-05 18:02:34'),
(657, 1637, 0, 'Elisabete  FELGUEIRAS DOMINGUES', 0, 1, '2024-02-06 12:49:11', '2024-02-06 12:49:11'),
(658, 1638, 0, 'Anna Starikova', 0, 1, '2024-02-06 13:51:46', '2024-02-06 13:51:46'),
(659, 1639, 0, 'Vitaliia Mamchenko', 0, 1, '2024-02-06 18:19:54', '2024-02-06 18:19:54'),
(660, 1640, 0, 'Ana Rita  Gomes', 0, 1, '2024-02-09 18:38:47', '2024-02-09 18:38:47'),
(661, 1641, 0, 'Cidália Cristina  Catarino Gonçalves Antunes ', 0, 1, '2024-02-11 01:10:35', '2024-02-11 01:10:35'),
(662, 1642, 0, 'Claudia Sa', 0, 1, '2024-02-13 20:33:57', '2024-02-13 20:33:57'),
(663, 1643, 0, 'Miguel Sousa Neves', 0, 1, '2024-02-13 23:43:24', '2024-02-13 23:43:24'),
(664, 1644, 0, 'Sara Santos ', 0, 1, '2024-02-14 20:07:13', '2024-02-14 20:07:13'),
(665, 1645, 0, 'Yana Sviderska', 0, 1, '2024-02-14 20:25:59', '2024-02-14 20:25:59'),
(666, 1646, 0, 'Aleksandra  Belkova', 0, 1, '2024-02-15 15:45:55', '2024-02-15 15:45:55'),
(667, 1647, 0, 'Madalena Correia', 0, 1, '2024-02-16 00:14:58', '2024-02-16 00:14:58'),
(668, 1648, 0, 'Lúcia Rocha', 0, 1, '2024-02-16 13:27:54', '2024-02-16 13:27:54'),
(669, 1649, 0, 'PATRÍCIA SOFIA FERNANDES', 0, 1, '2024-02-16 13:33:20', '2024-02-16 13:33:20'),
(670, 1650, 0, 'Marat Basyrov', 0, 1, '2024-02-16 15:40:54', '2024-02-16 15:40:54'),
(671, 1651, 0, 'Olha Ihnatenko', 0, 1, '2024-02-17 01:26:01', '2024-02-17 01:26:01'),
(672, 1652, 0, 'Irina Zaitseva', 0, 1, '2024-02-18 12:45:36', '2024-02-18 12:45:36'),
(673, 1653, 0, 'Renata Gomes', 0, 1, '2024-02-18 19:37:13', '2024-02-18 19:37:13'),
(674, 1654, 0, 'Natalia Kremenchuk', 0, 1, '2024-02-19 13:36:29', '2024-02-19 13:36:29'),
(675, 1655, 0, 'vanda  canha Tomas', 0, 1, '2024-02-19 18:45:08', '2024-02-19 18:45:08'),
(676, 1656, 0, 'Ana Pimentel', 0, 1, '2024-02-19 21:01:45', '2024-02-19 21:01:45'),
(677, 1657, 0, 'Alla Semchenkova', 0, 1, '2024-02-20 16:36:21', '2024-02-20 16:36:21'),
(678, 1658, 0, 'Maria das Dores Rocha Costa Félix', 0, 1, '2024-02-21 15:37:35', '2024-02-21 15:37:35'),
(679, 1659, 0, 'Carina Morgado', 0, 1, '2024-02-22 09:36:52', '2024-02-22 09:36:52'),
(680, 1660, 0, 'Claudia  Cassimo', 0, 1, '2024-02-22 21:43:32', '2024-02-22 21:43:32'),
(681, 1661, 0, 'Sofia Barros', 0, 1, '2024-02-23 22:23:39', '2024-02-23 22:23:39'),
(682, 1662, 0, 'Laura Mamikonian', 0, 1, '2024-02-25 14:31:30', '2024-02-25 14:31:30'),
(683, 1663, 0, 'Oleksandra Glavatska ', 0, 1, '2024-02-25 19:21:50', '2024-02-25 19:21:50'),
(684, 1664, 0, 'Sandrina  Lopes', 0, 1, '2024-03-02 13:50:43', '2024-03-02 13:50:43'),
(685, 1665, 0, 'Nataliia Bochkova', 0, 1, '2024-03-03 22:33:21', '2024-03-03 22:33:21'),
(686, 1666, 0, 'Inês Pateiro', 0, 1, '2024-03-04 11:55:10', '2024-03-04 11:55:10'),
(687, 1667, 0, 'Helena Valente', 0, 1, '2024-03-04 12:31:37', '2024-03-04 12:31:37'),
(688, 1668, 0, 'Silvia Peixoto', 0, 1, '2024-03-04 14:52:04', '2024-03-04 14:52:04'),
(689, 1669, 0, 'Carla Antunes', 0, 1, '2024-03-04 15:33:33', '2024-03-04 15:33:33'),
(690, 1670, 0, 'Carla Antunes', 0, 1, '2024-03-04 15:59:05', '2024-03-04 15:59:05'),
(691, 1671, 0, 'Rita Amaral', 0, 1, '2024-03-04 21:18:28', '2024-03-04 21:18:28'),
(692, 1672, 0, 'Monica Nunes', 0, 1, '2024-03-04 23:04:53', '2024-03-04 23:04:53'),
(693, 1673, 0, 'Maria Castelo Branco', 0, 1, '2024-03-04 23:09:04', '2024-03-04 23:09:04'),
(694, 1674, 0, 'Lucia  Braga ', 0, 1, '2024-03-05 01:56:49', '2024-03-05 01:56:49'),
(695, 1675, 0, 'Maria Rocha', 0, 1, '2024-03-05 07:10:35', '2024-03-05 07:10:35'),
(696, 1676, 0, 'Natalia Schiefermeier-Mach', 0, 1, '2024-03-05 18:30:41', '2024-03-05 18:30:41'),
(697, 1677, 0, 'Fernanda Sousa', 0, 1, '2024-03-05 19:41:01', '2024-03-05 19:41:01'),
(698, 1678, 0, 'Juliana Kert', 0, 1, '2024-03-07 13:28:28', '2024-03-07 13:28:28'),
(699, 1679, 0, 'Dariia Dariia promakhova', 0, 1, '2024-03-08 10:44:47', '2024-03-08 10:44:47'),
(700, 1680, 0, 'Irina Zaitseva', 0, 1, '2024-03-08 12:35:14', '2024-03-08 12:35:14'),
(701, 1681, 0, 'Luis Lei', 0, 1, '2024-03-08 14:10:50', '2024-03-08 14:10:50'),
(702, 1682, 0, 'Ekaterina Bykova', 0, 1, '2024-03-08 16:58:20', '2024-03-08 16:58:20'),
(703, 1683, 0, 'Viktoriia Riezinkina', 0, 1, '2024-03-09 10:29:54', '2024-03-09 10:29:54'),
(704, 1684, 0, 'sandra carvalho', 0, 1, '2024-03-09 11:34:47', '2024-03-09 11:34:47'),
(705, 1685, 0, 'sandra carvalho', 0, 1, '2024-03-09 11:49:22', '2024-03-09 11:49:22'),
(706, 1686, 0, 'Olena Cherviakova', 0, 1, '2024-03-09 22:51:47', '2024-03-09 22:51:47'),
(707, 1687, 0, 'Margarita Sologubenko', 0, 1, '2024-03-13 13:25:36', '2024-03-13 13:25:36'),
(708, 1688, 0, 'Olena Boyko', 0, 1, '2024-03-14 15:49:33', '2024-03-14 15:49:33'),
(709, 1689, 0, 'ana santos', 0, 1, '2024-03-15 15:26:01', '2024-03-15 15:26:01'),
(710, 1690, 0, 'Sandra Alcaide', 0, 1, '2024-03-15 16:18:53', '2024-03-15 16:18:53'),
(711, 1691, 0, 'Maria Gomes', 0, 1, '2024-03-17 00:05:03', '2024-03-17 00:05:03'),
(712, 1692, 0, 'Isabel Maria Azevedo de Freitas', 0, 1, '2024-03-17 13:58:29', '2024-03-17 13:58:29'),
(713, 1693, 0, 'Paulo Carvalho', 0, 1, '2024-03-17 21:44:54', '2024-03-17 21:44:54'),
(714, 1694, 0, 'Ana Maria Pinto Correia da Cruz', 0, 1, '2024-03-18 14:40:11', '2024-03-18 14:40:11'),
(715, 1694, 0, 'Ana Maria Pinto Correia da Cruz', 0, 2, '2024-03-18 14:42:00', '2024-03-18 14:42:00'),
(716, 1694, 0, 'Ana Maria Pinto Correia da Cruz', 0, 3, '2024-03-18 14:42:16', '2024-03-18 14:42:16'),
(717, 1694, 0, 'Ana Maria Pinto Correia da Cruz', 0, 3, '2024-03-18 14:43:40', '2024-03-18 14:43:40'),
(718, 1695, 0, 'Arina Utiashinskaia', 0, 1, '2024-03-19 01:22:51', '2024-03-19 01:22:51'),
(719, 1696, 0, 'Joana  Sampaio ', 0, 1, '2024-03-19 22:12:30', '2024-03-19 22:12:30'),
(720, 1697, 0, 'Denys Kril', 0, 1, '2024-03-22 13:31:59', '2024-03-22 13:31:59'),
(721, 1698, 0, 'Svetlana Ianina', 0, 1, '2024-03-23 09:07:00', '2024-03-23 09:07:00'),
(722, 1699, 0, 'Sophie Bunge', 0, 1, '2024-03-27 12:41:37', '2024-03-27 12:41:37'),
(723, 1700, 0, 'Maria Filomena Pires Pereira', 0, 1, '2024-03-27 14:57:44', '2024-03-27 14:57:44'),
(724, 1701, 0, 'Ana  Carneiro', 0, 1, '2024-03-27 16:47:37', '2024-03-27 16:47:37'),
(725, 1702, 0, 'Liliana  Torres', 0, 1, '2024-03-28 14:30:44', '2024-03-28 14:30:44'),
(726, 1703, 0, 'Cristina Puscas', 0, 1, '2024-03-29 22:39:18', '2024-03-29 22:39:18'),
(727, 1704, 0, 'Oleksandr Dudchenko', 0, 1, '2024-03-30 13:44:38', '2024-03-30 13:44:38'),
(728, 1705, 0, 'Vitor Moreira', 0, 1, '2024-03-31 13:29:31', '2024-03-31 13:29:31'),
(729, 1706, 0, 'Ivan Markelov', 0, 1, '2024-04-03 00:19:33', '2024-04-03 00:19:33'),
(730, 1707, 0, 'Isabel Cardoso', 0, 1, '2024-04-04 09:30:51', '2024-04-04 09:30:51'),
(731, 1708, 0, 'fernanda carvalho', 0, 1, '2024-04-05 11:57:07', '2024-04-05 11:57:07'),
(732, 1709, 0, 'Yevheniia Vladyka', 0, 1, '2024-04-06 21:13:15', '2024-04-06 21:13:15'),
(733, 1710, 0, 'Maria Natália de Oliveira Ferreira Gomes', 0, 1, '2024-04-08 08:29:00', '2024-04-08 08:29:00'),
(734, 1711, 0, 'Irina Lushina', 0, 1, '2024-04-08 15:38:41', '2024-04-08 15:38:41'),
(735, 1712, 0, 'Eduardo Marinho', 0, 1, '2024-04-11 11:42:08', '2024-04-11 11:42:08'),
(736, 1713, 0, 'Sara  Santos ', 0, 1, '2024-04-11 21:32:48', '2024-04-11 21:32:48'),
(737, 1714, 0, 'Maria Elisabete Costa Félix de Lima', 0, 1, '2024-04-12 13:53:31', '2024-04-12 13:53:31'),
(738, 1715, 0, 'Ana Rita   Gomes', 0, 1, '2024-04-15 11:14:15', '2024-04-15 11:14:15'),
(739, 1716, 0, 'Inês Costa Torres', 0, 1, '2024-04-16 09:03:53', '2024-04-16 09:03:53'),
(740, 1717, 0, 'Svetlana Ianina', 0, 1, '2024-04-17 09:38:14', '2024-04-17 09:38:14'),
(741, 1718, 0, 'Ivan Krendelov', 0, 1, '2024-04-18 02:06:09', '2024-04-18 02:06:09'),
(742, 1719, 0, 'Olha Horetska', 0, 1, '2024-04-18 12:25:38', '2024-04-18 12:25:38'),
(743, 1720, 0, 'Svetlana Belous', 0, 1, '2024-04-18 17:44:26', '2024-04-18 17:44:26'),
(744, 1721, 0, 'Aliaksandr Stadolnik', 0, 1, '2024-04-18 21:15:47', '2024-04-18 21:15:47'),
(745, 1722, 0, 'Paulo Carvalho', 0, 1, '2024-04-21 13:02:47', '2024-04-21 13:02:47'),
(746, 1723, 0, 'Paula Figueiredo', 0, 1, '2024-04-22 00:25:49', '2024-04-22 00:25:49');

-- --------------------------------------------------------

--
-- Estrutura da tabela `ps_psreassurance`
--

CREATE TABLE `ps_psreassurance` (
  `id_psreassurance` int(10) UNSIGNED NOT NULL,
  `icon` varchar(255) DEFAULT NULL,
  `custom_icon` varchar(255) DEFAULT NULL,
  `status` int(10) UNSIGNED NOT NULL,
  `position` int(10) UNSIGNED NOT NULL,
  `id_shop` int(10) UNSIGNED NOT NULL,
  `type_link` int(10) UNSIGNED DEFAULT NULL,
  `id_cms` int(10) UNSIGNED DEFAULT NULL,
  `date_add` datetime NOT NULL,
  `date_upd` datetime DEFAULT NULL
) ENGINE=InnoDB DEFAULT CHARSET=utf8;

--
-- Extraindo dados da tabela `ps_psreassurance`
--

INSERT INTO `ps_psreassurance` (`id_psreassurance`, `icon`, `custom_icon`, `status`, `position`, `id_shop`, `type_link`, `id_cms`, `date_add`, `date_upd`) VALUES
(1, '/modules/blockreassurance/img/ic_verified_user_black_36dp_1x.png', NULL, 0, 1, 1, NULL, NULL, '2020-11-17 10:16:36', '2020-11-17 14:55:45'),
(2, '/modules/blockreassurance/img/ic_local_shipping_black_36dp_1x.png', NULL, 0, 2, 1, NULL, NULL, '2020-11-17 10:16:36', '2020-11-17 14:55:43'),
(3, '/modules/blockreassurance/img/ic_swap_horiz_black_36dp_1x.png', NULL, 0, 3, 1, NULL, NULL, '2020-11-17 10:16:36', '2020-11-17 14:55:50');

-- --------------------------------------------------------

--
-- Estrutura da tabela `ps_psreassurance_lang`
--

CREATE TABLE `ps_psreassurance_lang` (
  `id_psreassurance` int(10) UNSIGNED NOT NULL,
  `id_lang` int(10) UNSIGNED NOT NULL,
  `id_shop` int(10) UNSIGNED NOT NULL,
  `title` varchar(255) NOT NULL,
  `description` varchar(255) NOT NULL,
  `link` varchar(255) NOT NULL
) ENGINE=InnoDB DEFAULT CHARSET=utf8;

--
-- Extraindo dados da tabela `ps_psreassurance_lang`
--

INSERT INTO `ps_psreassurance_lang` (`id_psreassurance`, `id_lang`, `id_shop`, `title`, `description`, `link`) VALUES
(1, 1, 1, 'Política de segurança (editar com o módulo Garantia do cliente)', '', ''),
(2, 1, 1, 'Política de entrega (editar com o módulo Garantia do cliente)', '', ''),
(3, 1, 1, 'Política de devolução (editar com o módulo Garantia do cliente)', '', '');

-- --------------------------------------------------------

--
-- Estrutura da tabela `ps_quick_access`
--

CREATE TABLE `ps_quick_access` (
  `id_quick_access` int(10) UNSIGNED NOT NULL,
  `new_window` tinyint(1) NOT NULL DEFAULT '0',
  `link` varchar(255) NOT NULL
) ENGINE=InnoDB DEFAULT CHARSET=utf8;

--
-- Extraindo dados da tabela `ps_quick_access`
--

INSERT INTO `ps_quick_access` (`id_quick_access`, `new_window`, `link`) VALUES
(1, 0, 'index.php?controller=AdminOrders'),
(2, 0, 'index.php?controller=AdminCartRules&addcart_rule'),
(3, 0, 'index.php/sell/catalog/products/new'),
(4, 0, 'index.php/sell/catalog/categories/new'),
(5, 0, 'index.php/improve/modules/manage'),
(6, 0, 'index.php?controller=AdminStats&module=statscheckup');

-- --------------------------------------------------------

--
-- Estrutura da tabela `ps_quick_access_lang`
--

CREATE TABLE `ps_quick_access_lang` (
  `id_quick_access` int(10) UNSIGNED NOT NULL,
  `id_lang` int(10) UNSIGNED NOT NULL,
  `name` varchar(32) NOT NULL
) ENGINE=InnoDB DEFAULT CHARSET=utf8;

--
-- Extraindo dados da tabela `ps_quick_access_lang`
--

INSERT INTO `ps_quick_access_lang` (`id_quick_access`, `id_lang`, `name`) VALUES
(1, 1, 'Encomendas'),
(2, 1, 'Novo Voucher'),
(3, 1, 'Novo produto'),
(4, 1, 'Nova Categoria'),
(5, 1, 'Módulos instalados'),
(6, 1, 'Avaliação do catálogo');

-- --------------------------------------------------------

--
-- Estrutura da tabela `ps_range_price`
--

CREATE TABLE `ps_range_price` (
  `id_range_price` int(10) UNSIGNED NOT NULL,
  `id_carrier` int(10) UNSIGNED NOT NULL,
  `delimiter1` decimal(20,6) NOT NULL,
  `delimiter2` decimal(20,6) NOT NULL
) ENGINE=InnoDB DEFAULT CHARSET=utf8;

--
-- Extraindo dados da tabela `ps_range_price`
--

INSERT INTO `ps_range_price` (`id_range_price`, `id_carrier`, `delimiter1`, `delimiter2`) VALUES
(1, 2, 0.000000, 10000.000000),
(2, 4, 0.000000, 0.000000),
(3, 5, 0.000000, 4.870000),
(4, 6, 0.000000, 5.000000),
(5, 7, 0.000000, 5.000000);

-- --------------------------------------------------------

--
-- Estrutura da tabela `ps_range_weight`
--

CREATE TABLE `ps_range_weight` (
  `id_range_weight` int(10) UNSIGNED NOT NULL,
  `id_carrier` int(10) UNSIGNED NOT NULL,
  `delimiter1` decimal(20,6) NOT NULL,
  `delimiter2` decimal(20,6) NOT NULL
) ENGINE=InnoDB DEFAULT CHARSET=utf8;

--
-- Extraindo dados da tabela `ps_range_weight`
--

INSERT INTO `ps_range_weight` (`id_range_weight`, `id_carrier`, `delimiter1`, `delimiter2`) VALUES
(1, 2, 0.000000, 10000.000000),
(2, 3, 0.000000, 10000.000000);

-- --------------------------------------------------------

--
-- Estrutura da tabela `ps_reassurance`
--

CREATE TABLE `ps_reassurance` (
  `id_reassurance` int(10) UNSIGNED NOT NULL,
  `id_shop` int(10) UNSIGNED NOT NULL,
  `file_name` varchar(100) NOT NULL
) ENGINE=InnoDB DEFAULT CHARSET=utf8;

--
-- Extraindo dados da tabela `ps_reassurance`
--

INSERT INTO `ps_reassurance` (`id_reassurance`, `id_shop`, `file_name`) VALUES
(1, 1, 'ic_verified_user_black_36dp_1x.png'),
(2, 1, 'ic_local_shipping_black_36dp_1x.png'),
(3, 1, 'ic_swap_horiz_black_36dp_1x.png');

-- --------------------------------------------------------

--
-- Estrutura da tabela `ps_reassurance_lang`
--

CREATE TABLE `ps_reassurance_lang` (
  `id_reassurance` int(10) UNSIGNED NOT NULL,
  `id_lang` int(10) UNSIGNED NOT NULL,
  `text` varchar(300) NOT NULL
) ENGINE=InnoDB DEFAULT CHARSET=utf8;

--
-- Extraindo dados da tabela `ps_reassurance_lang`
--

INSERT INTO `ps_reassurance_lang` (`id_reassurance`, `id_lang`, `text`) VALUES
(1, 1, 'Política de segurança (editar com o módulo Garantia do cliente)'),
(2, 1, 'Política de entrega (editar com o módulo Garantia do cliente)'),
(3, 1, 'Política de devolução (editar com o módulo Garantia do cliente)');

-- --------------------------------------------------------

--
-- Estrutura da tabela `ps_referrer`
--

CREATE TABLE `ps_referrer` (
  `id_referrer` int(10) UNSIGNED NOT NULL,
  `name` varchar(64) NOT NULL,
  `passwd` varchar(255) DEFAULT NULL,
  `http_referer_regexp` varchar(64) DEFAULT NULL,
  `http_referer_like` varchar(64) DEFAULT NULL,
  `request_uri_regexp` varchar(64) DEFAULT NULL,
  `request_uri_like` varchar(64) DEFAULT NULL,
  `http_referer_regexp_not` varchar(64) DEFAULT NULL,
  `http_referer_like_not` varchar(64) DEFAULT NULL,
  `request_uri_regexp_not` varchar(64) DEFAULT NULL,
  `request_uri_like_not` varchar(64) DEFAULT NULL,
  `base_fee` decimal(5,2) NOT NULL DEFAULT '0.00',
  `percent_fee` decimal(5,2) NOT NULL DEFAULT '0.00',
  `click_fee` decimal(5,2) NOT NULL DEFAULT '0.00',
  `date_add` datetime NOT NULL
) ENGINE=InnoDB DEFAULT CHARSET=utf8;

-- --------------------------------------------------------

--
-- Estrutura da tabela `ps_referrer_cache`
--

CREATE TABLE `ps_referrer_cache` (
  `id_connections_source` int(11) UNSIGNED NOT NULL,
  `id_referrer` int(11) UNSIGNED NOT NULL
) ENGINE=InnoDB DEFAULT CHARSET=utf8;

-- --------------------------------------------------------

--
-- Estrutura da tabela `ps_referrer_shop`
--

CREATE TABLE `ps_referrer_shop` (
  `id_referrer` int(10) UNSIGNED NOT NULL,
  `id_shop` int(10) UNSIGNED NOT NULL DEFAULT '1',
  `cache_visitors` int(11) DEFAULT NULL,
  `cache_visits` int(11) DEFAULT NULL,
  `cache_pages` int(11) DEFAULT NULL,
  `cache_registrations` int(11) DEFAULT NULL,
  `cache_orders` int(11) DEFAULT NULL,
  `cache_sales` decimal(17,2) DEFAULT NULL,
  `cache_reg_rate` decimal(5,4) DEFAULT NULL,
  `cache_order_rate` decimal(5,4) DEFAULT NULL
) ENGINE=InnoDB DEFAULT CHARSET=utf8;

-- --------------------------------------------------------

--
-- Estrutura da tabela `ps_request_sql`
--

CREATE TABLE `ps_request_sql` (
  `id_request_sql` int(11) NOT NULL,
  `name` varchar(200) NOT NULL,
  `sql` text NOT NULL
) ENGINE=InnoDB DEFAULT CHARSET=utf8;

-- --------------------------------------------------------

--
-- Estrutura da tabela `ps_required_field`
--

CREATE TABLE `ps_required_field` (
  `id_required_field` int(11) NOT NULL,
  `object_name` varchar(32) NOT NULL,
  `field_name` varchar(32) NOT NULL
) ENGINE=InnoDB DEFAULT CHARSET=utf8;

--
-- Extraindo dados da tabela `ps_required_field`
--

INSERT INTO `ps_required_field` (`id_required_field`, `object_name`, `field_name`) VALUES
(1, 'CustomerAddress', 'phone_mobile');

-- --------------------------------------------------------

--
-- Estrutura da tabela `ps_risk`
--

CREATE TABLE `ps_risk` (
  `id_risk` int(11) UNSIGNED NOT NULL,
  `percent` tinyint(3) NOT NULL,
  `color` varchar(32) DEFAULT NULL
) ENGINE=InnoDB DEFAULT CHARSET=utf8;

--
-- Extraindo dados da tabela `ps_risk`
--

INSERT INTO `ps_risk` (`id_risk`, `percent`, `color`) VALUES
(1, 0, '#32CD32'),
(2, 35, '#FF8C00'),
(3, 75, '#DC143C'),
(4, 100, '#ec2e15');

-- --------------------------------------------------------

--
-- Estrutura da tabela `ps_risk_lang`
--

CREATE TABLE `ps_risk_lang` (
  `id_risk` int(10) UNSIGNED NOT NULL,
  `id_lang` int(10) UNSIGNED NOT NULL,
  `name` varchar(20) NOT NULL
) ENGINE=InnoDB DEFAULT CHARSET=utf8;

--
-- Extraindo dados da tabela `ps_risk_lang`
--

INSERT INTO `ps_risk_lang` (`id_risk`, `id_lang`, `name`) VALUES
(1, 1, 'Nenhum'),
(2, 1, 'Baixa'),
(3, 1, 'Médio'),
(4, 1, 'Alto');

-- --------------------------------------------------------

--
-- Estrutura da tabela `ps_search_engine`
--

CREATE TABLE `ps_search_engine` (
  `id_search_engine` int(10) UNSIGNED NOT NULL,
  `server` varchar(64) NOT NULL,
  `getvar` varchar(16) NOT NULL
) ENGINE=InnoDB DEFAULT CHARSET=utf8;

--
-- Extraindo dados da tabela `ps_search_engine`
--

INSERT INTO `ps_search_engine` (`id_search_engine`, `server`, `getvar`) VALUES
(1, 'google', 'q'),
(2, 'aol', 'q'),
(3, 'yandex', 'text'),
(4, 'ask.com', 'q'),
(5, 'nhl.com', 'q'),
(6, 'yahoo', 'p'),
(7, 'baidu', 'wd'),
(8, 'lycos', 'query'),
(9, 'exalead', 'q'),
(10, 'search.live', 'q'),
(11, 'voila', 'rdata'),
(12, 'altavista', 'q'),
(13, 'bing', 'q'),
(14, 'daum', 'q'),
(15, 'eniro', 'search_word'),
(16, 'naver', 'query'),
(17, 'msn', 'q'),
(18, 'netscape', 'query'),
(19, 'cnn', 'query'),
(20, 'about', 'terms'),
(21, 'mamma', 'query'),
(22, 'alltheweb', 'q'),
(23, 'virgilio', 'qs'),
(24, 'alice', 'qs'),
(25, 'najdi', 'q'),
(26, 'mama', 'query'),
(27, 'seznam', 'q'),
(28, 'onet', 'qt'),
(29, 'szukacz', 'q'),
(30, 'yam', 'k'),
(31, 'pchome', 'q'),
(32, 'kvasir', 'q'),
(33, 'sesam', 'q'),
(34, 'ozu', 'q'),
(35, 'terra', 'query'),
(36, 'mynet', 'q'),
(37, 'ekolay', 'q'),
(38, 'rambler', 'words');

-- --------------------------------------------------------

--
-- Estrutura da tabela `ps_search_index`
--

CREATE TABLE `ps_search_index` (
  `id_product` int(11) UNSIGNED NOT NULL,
  `id_word` int(11) UNSIGNED NOT NULL,
  `weight` smallint(4) UNSIGNED NOT NULL DEFAULT '1'
) ENGINE=InnoDB DEFAULT CHARSET=utf8;

--
-- Extraindo dados da tabela `ps_search_index`
--

INSERT INTO `ps_search_index` (`id_product`, `id_word`, `weight`) VALUES
(1, 2379, 1),
(1, 2383, 1),
(1, 2384, 1),
(1, 2388, 1),
(1, 2392, 1),
(1, 2435, 1),
(1, 2436, 1),
(1, 2437, 1),
(1, 2455, 1),
(1, 2489, 1),
(1, 2494, 1),
(1, 2583, 1),
(1, 2684, 1),
(1, 2746, 1),
(1, 2748, 1),
(1, 2779, 1),
(1, 2897, 1),
(1, 3023, 1),
(1, 3660, 1),
(1, 3662, 1),
(1, 3663, 1),
(1, 3666, 1),
(1, 3752, 1),
(1, 3754, 1),
(1, 3905, 1),
(1, 3964, 1),
(1, 4196, 1),
(1, 8259, 1),
(1, 8911, 1),
(1, 8912, 1),
(1, 8913, 1),
(1, 8914, 1),
(1, 8915, 1),
(1, 8916, 1),
(1, 8919, 1),
(1, 8920, 1),
(1, 8921, 1),
(1, 8922, 1),
(1, 8923, 1),
(1, 8924, 1),
(1, 8925, 1),
(1, 8926, 1),
(1, 8927, 1),
(1, 8928, 1),
(1, 8929, 1),
(1, 8930, 1),
(1, 8931, 1),
(1, 8932, 1),
(1, 8933, 1),
(1, 8934, 1),
(1, 2382, 2),
(1, 2482, 2),
(1, 2582, 2),
(1, 3596, 2),
(1, 8917, 2),
(1, 8918, 2),
(1, 8937, 2),
(1, 9496, 2),
(1, 2378, 3),
(1, 2380, 3),
(1, 8935, 3),
(1, 2376, 4),
(1, 2377, 4),
(1, 2372, 7),
(1, 2374, 7),
(1, 2375, 7),
(1, 2373, 10),
(2, 2379, 1),
(2, 2383, 1),
(2, 2384, 1),
(2, 2388, 1),
(2, 2392, 1),
(2, 2435, 1),
(2, 2436, 1),
(2, 2437, 1),
(2, 2455, 1),
(2, 2489, 1),
(2, 2494, 1),
(2, 2583, 1),
(2, 2684, 1),
(2, 2746, 1),
(2, 2748, 1),
(2, 2779, 1),
(2, 2897, 1),
(2, 3023, 1),
(2, 3660, 1),
(2, 3662, 1),
(2, 3663, 1),
(2, 3666, 1),
(2, 3752, 1),
(2, 3754, 1),
(2, 3905, 1),
(2, 3964, 1),
(2, 4196, 1),
(2, 8294, 1),
(2, 8911, 1),
(2, 8912, 1),
(2, 8913, 1),
(2, 8914, 1),
(2, 8915, 1),
(2, 8916, 1),
(2, 8919, 1),
(2, 8920, 1),
(2, 8921, 1),
(2, 8922, 1),
(2, 8923, 1),
(2, 8924, 1),
(2, 8925, 1),
(2, 8926, 1),
(2, 8927, 1),
(2, 8928, 1),
(2, 8929, 1),
(2, 8930, 1),
(2, 8931, 1),
(2, 8932, 1),
(2, 8933, 1),
(2, 8934, 1),
(2, 2382, 2),
(2, 2482, 2),
(2, 2582, 2),
(2, 8917, 2),
(2, 8918, 2),
(2, 2378, 3),
(2, 2380, 3),
(2, 8935, 3),
(2, 2376, 4),
(2, 2377, 4),
(2, 2372, 7),
(2, 2374, 7),
(2, 2375, 7),
(2, 2373, 10),
(2, 2405, 20),
(3, 2384, 1),
(3, 2387, 1),
(3, 2392, 1),
(3, 2433, 1),
(3, 2437, 1),
(3, 2438, 1),
(3, 2455, 1),
(3, 2583, 1),
(3, 2679, 1),
(3, 2708, 1),
(3, 2879, 1),
(3, 3023, 1),
(3, 3192, 1),
(3, 3623, 1),
(3, 3697, 1),
(3, 3854, 1),
(3, 3859, 1),
(3, 3905, 1),
(3, 8129, 1),
(3, 8130, 1),
(3, 8131, 1),
(3, 8259, 1),
(3, 8911, 1),
(3, 8929, 1),
(3, 16197, 1),
(3, 17341, 1),
(3, 19009, 1),
(3, 19010, 1),
(3, 19011, 1),
(3, 22467, 1),
(3, 22468, 1),
(3, 22469, 1),
(3, 22470, 1),
(3, 22471, 1),
(3, 22472, 1),
(3, 2389, 2),
(3, 2434, 2),
(3, 2435, 2),
(3, 2436, 2),
(3, 2482, 2),
(3, 3699, 2),
(3, 2376, 3),
(3, 2377, 3),
(3, 2378, 3),
(3, 2380, 3),
(3, 8935, 3),
(3, 2372, 7),
(3, 2432, 7),
(3, 2373, 10),
(4, 2381, 1),
(4, 2390, 1),
(4, 2435, 1),
(4, 2436, 1),
(4, 2437, 1),
(4, 2456, 1),
(4, 2457, 1),
(4, 2458, 1),
(4, 2459, 1),
(4, 2460, 1),
(4, 2461, 1),
(4, 2462, 1),
(4, 2482, 1),
(4, 2489, 1),
(4, 3596, 1),
(4, 3623, 1),
(4, 3660, 1),
(4, 3663, 1),
(4, 3752, 1),
(4, 3754, 1),
(4, 4108, 1),
(4, 8128, 1),
(4, 8259, 1),
(4, 8922, 1),
(4, 13878, 1),
(4, 19061, 1),
(4, 19062, 1),
(4, 2387, 2),
(4, 2388, 2),
(4, 2389, 2),
(4, 2392, 2),
(4, 2453, 2),
(4, 2455, 2),
(4, 2582, 2),
(4, 2583, 2),
(4, 2746, 2),
(4, 3661, 2),
(4, 4196, 2),
(4, 8911, 2),
(4, 14299, 2),
(4, 2377, 3),
(4, 2378, 3),
(4, 2380, 3),
(4, 2376, 4),
(4, 8935, 4),
(4, 2372, 7),
(4, 2374, 7),
(4, 2451, 7),
(4, 2373, 10),
(4, 2452, 20),
(5, 2379, 1),
(5, 2384, 1),
(5, 2388, 1),
(5, 2393, 1),
(5, 2435, 1),
(5, 2436, 1),
(5, 2437, 1),
(5, 2460, 1),
(5, 2484, 1),
(5, 2488, 1),
(5, 2489, 1),
(5, 2490, 1),
(5, 2491, 1),
(5, 2492, 1),
(5, 2493, 1),
(5, 2494, 1),
(5, 2495, 1),
(5, 2582, 1),
(5, 2684, 1),
(5, 2746, 1),
(5, 3023, 1),
(5, 3153, 1),
(5, 3596, 1),
(5, 3663, 1),
(5, 3699, 1),
(5, 3752, 1),
(5, 3754, 1),
(5, 3905, 1),
(5, 3947, 1),
(5, 3948, 1),
(5, 4196, 1),
(5, 8259, 1),
(5, 8923, 1),
(5, 8924, 1),
(5, 14252, 1),
(5, 16887, 1),
(5, 18118, 1),
(5, 18122, 1),
(5, 18123, 1),
(5, 18124, 1),
(5, 18125, 1),
(5, 18126, 1),
(5, 2387, 2),
(5, 2458, 2),
(5, 2482, 2),
(5, 2485, 2),
(5, 18119, 2),
(5, 18120, 2),
(5, 18121, 2),
(5, 2376, 3),
(5, 2378, 3),
(5, 2499, 3),
(5, 2497, 4),
(5, 2389, 5),
(5, 2372, 7),
(5, 2375, 7),
(5, 2481, 7),
(5, 2373, 10),
(6, 2379, 1),
(6, 2384, 1),
(6, 2388, 1),
(6, 2393, 1),
(6, 2435, 1),
(6, 2436, 1),
(6, 2437, 1),
(6, 2460, 1),
(6, 2484, 1),
(6, 2488, 1),
(6, 2489, 1),
(6, 2490, 1),
(6, 2491, 1),
(6, 2492, 1),
(6, 2493, 1),
(6, 2494, 1),
(6, 2495, 1),
(6, 2582, 1),
(6, 2684, 1),
(6, 2746, 1),
(6, 3023, 1),
(6, 3153, 1),
(6, 3596, 1),
(6, 3663, 1),
(6, 3699, 1),
(6, 3752, 1),
(6, 3754, 1),
(6, 3905, 1),
(6, 3947, 1),
(6, 3948, 1),
(6, 4196, 1),
(6, 8294, 1),
(6, 8923, 1),
(6, 8924, 1),
(6, 14252, 1),
(6, 16887, 1),
(6, 18118, 1),
(6, 18122, 1),
(6, 18123, 1),
(6, 18124, 1),
(6, 18125, 1),
(6, 18126, 1),
(6, 2387, 2),
(6, 2458, 2),
(6, 2482, 2),
(6, 2485, 2),
(6, 18119, 2),
(6, 18120, 2),
(6, 18121, 2),
(6, 2376, 3),
(6, 2378, 3),
(6, 2499, 3),
(6, 2497, 4),
(6, 2389, 5),
(6, 2372, 7),
(6, 2375, 7),
(6, 2481, 7),
(6, 2373, 10),
(6, 2514, 20),
(7, 2381, 1),
(7, 2384, 1),
(7, 2387, 1),
(7, 2392, 1),
(7, 2437, 1),
(7, 2455, 1),
(7, 2485, 1),
(7, 2486, 1),
(7, 2488, 1),
(7, 2489, 1),
(7, 2490, 1),
(7, 2491, 1),
(7, 2549, 1),
(7, 2555, 1),
(7, 2583, 1),
(7, 2587, 1),
(7, 2746, 1),
(7, 3023, 1),
(7, 3153, 1),
(7, 3508, 1),
(7, 3539, 1),
(7, 3596, 1),
(7, 3661, 1),
(7, 3663, 1),
(7, 3699, 1),
(7, 3707, 1),
(7, 3754, 1),
(7, 6701, 1),
(7, 8259, 1),
(7, 8911, 1),
(7, 14254, 1),
(7, 14299, 1),
(7, 16311, 1),
(7, 16678, 1),
(7, 18119, 1),
(7, 18126, 1),
(7, 18241, 1),
(7, 18242, 1),
(7, 18243, 1),
(7, 18359, 1),
(7, 2435, 2),
(7, 2436, 2),
(7, 2453, 2),
(7, 2458, 2),
(7, 2482, 2),
(7, 2484, 2),
(7, 2492, 2),
(7, 2493, 2),
(7, 2494, 2),
(7, 3905, 2),
(7, 2378, 3),
(7, 2376, 4),
(7, 2497, 4),
(7, 2499, 4),
(7, 2389, 5),
(7, 2372, 7),
(7, 2451, 7),
(7, 2481, 7),
(7, 2373, 10),
(7, 2548, 20),
(8, 2458, 1),
(8, 2482, 1),
(8, 2582, 1),
(8, 2584, 1),
(8, 2585, 1),
(8, 2586, 1),
(8, 2627, 1),
(8, 2682, 1),
(8, 2775, 1),
(8, 2897, 1),
(8, 2902, 1),
(8, 3022, 1),
(8, 3024, 1),
(8, 3078, 1),
(8, 3222, 1),
(8, 3663, 1),
(8, 3666, 1),
(8, 4196, 1),
(8, 8129, 1),
(8, 8259, 1),
(8, 8921, 1),
(8, 13530, 1),
(8, 13531, 1),
(8, 13532, 1),
(8, 13533, 1),
(8, 13534, 1),
(8, 13535, 1),
(8, 13536, 1),
(8, 13537, 1),
(8, 13538, 1),
(8, 13539, 1),
(8, 13540, 1),
(8, 13541, 1),
(8, 14000, 1),
(8, 14015, 1),
(8, 19286, 1),
(8, 2392, 2),
(8, 2997, 2),
(8, 2998, 2),
(8, 3082, 2),
(8, 13542, 2),
(8, 2376, 3),
(8, 2378, 3),
(8, 8157, 3),
(8, 8158, 3),
(8, 2583, 5),
(8, 2372, 7),
(8, 2580, 7),
(8, 2375, 8),
(8, 2373, 10),
(9, 2458, 1),
(9, 2482, 1),
(9, 2582, 1),
(9, 2584, 1),
(9, 2585, 1),
(9, 2586, 1),
(9, 2627, 1),
(9, 2682, 1),
(9, 2775, 1),
(9, 2897, 1),
(9, 2902, 1),
(9, 3022, 1),
(9, 3024, 1),
(9, 3078, 1),
(9, 3222, 1),
(9, 3663, 1),
(9, 3666, 1),
(9, 4196, 1),
(9, 8129, 1),
(9, 8294, 1),
(9, 8921, 1),
(9, 13530, 1),
(9, 13531, 1),
(9, 13532, 1),
(9, 13533, 1),
(9, 13534, 1),
(9, 13535, 1),
(9, 13536, 1),
(9, 13537, 1),
(9, 13538, 1),
(9, 13539, 1),
(9, 13540, 1),
(9, 13541, 1),
(9, 14000, 1),
(9, 14015, 1),
(9, 19286, 1),
(9, 2392, 2),
(9, 2997, 2),
(9, 2998, 2),
(9, 3082, 2),
(9, 13542, 2),
(9, 2376, 3),
(9, 2378, 3),
(9, 8157, 3),
(9, 8158, 3),
(9, 2583, 5),
(9, 2372, 7),
(9, 2580, 7),
(9, 2375, 8),
(9, 2373, 10),
(9, 2602, 20),
(10, 2437, 1),
(10, 2453, 1),
(10, 2455, 1),
(10, 2684, 1),
(10, 2748, 1),
(10, 2775, 1),
(10, 3024, 1),
(10, 3082, 1),
(10, 3150, 1),
(10, 3158, 1),
(10, 3509, 1),
(10, 3542, 1),
(10, 3663, 1),
(10, 3666, 1),
(10, 4196, 1),
(10, 4200, 1),
(10, 4201, 1),
(10, 8912, 1),
(10, 8917, 1),
(10, 8919, 1),
(10, 8920, 1),
(10, 13531, 1),
(10, 13532, 1),
(10, 13536, 1),
(10, 13540, 1),
(10, 13676, 1),
(10, 13677, 1),
(10, 13678, 1),
(10, 13679, 1),
(10, 13680, 1),
(10, 13681, 1),
(10, 13682, 1),
(10, 13683, 1),
(10, 13684, 1),
(10, 13685, 1),
(10, 13686, 1),
(10, 13687, 1),
(10, 13688, 1),
(10, 13689, 1),
(10, 13690, 1),
(10, 13691, 1),
(10, 19387, 1),
(10, 19388, 1),
(10, 2392, 2),
(10, 2482, 2),
(10, 2582, 2),
(10, 2682, 2),
(10, 3703, 2),
(10, 2376, 3),
(10, 2378, 3),
(10, 8157, 3),
(10, 8158, 3),
(10, 2583, 5),
(10, 2372, 7),
(10, 2451, 7),
(10, 2625, 7),
(10, 2373, 10),
(11, 2372, 1),
(11, 2437, 1),
(11, 2453, 1),
(11, 2455, 1),
(11, 2684, 1),
(11, 2748, 1),
(11, 2775, 1),
(11, 3024, 1),
(11, 3082, 1),
(11, 3150, 1),
(11, 3158, 1),
(11, 3509, 1),
(11, 3542, 1),
(11, 3663, 1),
(11, 3666, 1),
(11, 4196, 1),
(11, 4200, 1),
(11, 4201, 1),
(11, 6735, 1),
(11, 8912, 1),
(11, 8917, 1),
(11, 8919, 1),
(11, 8920, 1),
(11, 13531, 1),
(11, 13532, 1),
(11, 13536, 1),
(11, 13540, 1),
(11, 13676, 1),
(11, 13677, 1),
(11, 13678, 1),
(11, 13679, 1),
(11, 13680, 1),
(11, 13681, 1),
(11, 13682, 1),
(11, 13683, 1),
(11, 13684, 1),
(11, 13685, 1),
(11, 13686, 1),
(11, 13687, 1),
(11, 13688, 1),
(11, 13689, 1),
(11, 13690, 1),
(11, 13691, 1),
(11, 19387, 1),
(11, 19388, 1),
(11, 2392, 2),
(11, 2482, 2),
(11, 2582, 2),
(11, 2682, 2),
(11, 3703, 2),
(11, 13737, 2),
(11, 2376, 3),
(11, 2378, 3),
(11, 8157, 3),
(11, 8158, 3),
(11, 2583, 5),
(11, 2649, 6),
(11, 2451, 7),
(11, 2625, 7),
(11, 2373, 10),
(11, 2650, 20),
(12, 2384, 1),
(12, 2482, 1),
(12, 2488, 1),
(12, 2489, 1),
(12, 2490, 1),
(12, 2491, 1),
(12, 2582, 1),
(12, 2625, 1),
(12, 2685, 1),
(12, 2748, 1),
(12, 2775, 1),
(12, 3663, 1),
(12, 3666, 1),
(12, 3703, 1),
(12, 3854, 1),
(12, 3857, 1),
(12, 3958, 1),
(12, 3964, 1),
(12, 4107, 1),
(12, 4108, 1),
(12, 4196, 1),
(12, 4198, 1),
(12, 8156, 1),
(12, 13676, 1),
(12, 13803, 1),
(12, 13804, 1),
(12, 13805, 1),
(12, 13806, 1),
(12, 13807, 1),
(12, 13808, 1),
(12, 13809, 1),
(12, 13810, 1),
(12, 13811, 1),
(12, 13812, 1),
(12, 13813, 1),
(12, 13814, 1),
(12, 13815, 1),
(12, 13816, 1),
(12, 13817, 1),
(12, 13818, 1),
(12, 13819, 1),
(12, 13820, 1),
(12, 13821, 1),
(12, 13822, 1),
(12, 13823, 1),
(12, 13824, 1),
(12, 17093, 1),
(12, 19505, 1),
(12, 19506, 1),
(12, 2392, 2),
(12, 2453, 2),
(12, 2682, 2),
(12, 2376, 3),
(12, 2378, 3),
(12, 8157, 3),
(12, 8158, 3),
(12, 2583, 4),
(12, 2451, 7),
(12, 2649, 7),
(12, 2676, 7),
(12, 2373, 10),
(12, 2677, 20),
(13, 2384, 1),
(13, 2482, 1),
(13, 2489, 1),
(13, 2582, 1),
(13, 2585, 1),
(13, 2625, 1),
(13, 2627, 1),
(13, 2682, 1),
(13, 2744, 1),
(13, 2775, 1),
(13, 2846, 1),
(13, 2885, 1),
(13, 3078, 1),
(13, 3220, 1),
(13, 3542, 1),
(13, 3663, 1),
(13, 3666, 1),
(13, 3857, 1),
(13, 3946, 1),
(13, 3958, 1),
(13, 4108, 1),
(13, 4195, 1),
(13, 4196, 1),
(13, 4198, 1),
(13, 13536, 1),
(13, 13682, 1),
(13, 13803, 1),
(13, 13812, 1),
(13, 13874, 1),
(13, 13875, 1),
(13, 13876, 1),
(13, 13877, 1),
(13, 13878, 1),
(13, 13879, 1),
(13, 13880, 1),
(13, 13881, 1),
(13, 13882, 1),
(13, 13883, 1),
(13, 13884, 1),
(13, 13885, 1),
(13, 13886, 1),
(13, 13887, 1),
(13, 13888, 1),
(13, 14420, 1),
(13, 17959, 1),
(13, 19567, 1),
(13, 19568, 1),
(13, 2392, 2),
(13, 2453, 2),
(13, 2708, 2),
(13, 2376, 3),
(13, 2378, 3),
(13, 8157, 3),
(13, 8158, 3),
(13, 2583, 4),
(13, 2451, 7),
(13, 2704, 7),
(13, 2705, 7),
(13, 2706, 7),
(13, 2373, 10),
(13, 2707, 20),
(14, 2384, 1),
(14, 2453, 1),
(14, 2582, 1),
(14, 2684, 1),
(14, 2708, 1),
(14, 2775, 1),
(14, 3220, 1),
(14, 3542, 1),
(14, 3663, 1),
(14, 3665, 1),
(14, 3666, 1),
(14, 3857, 1),
(14, 3964, 1),
(14, 4195, 1),
(14, 4196, 1),
(14, 4198, 1),
(14, 13536, 1),
(14, 13687, 1),
(14, 13803, 1),
(14, 13812, 1),
(14, 13883, 1),
(14, 13884, 1),
(14, 13885, 1),
(14, 13887, 1),
(14, 13888, 1),
(14, 13946, 1),
(14, 13947, 1),
(14, 14092, 1),
(14, 17147, 1),
(14, 19388, 1),
(14, 19628, 1),
(14, 2392, 2),
(14, 2682, 2),
(14, 6735, 2),
(14, 2376, 3),
(14, 2378, 3),
(14, 8157, 3),
(14, 8158, 3),
(14, 2583, 5),
(14, 2706, 6),
(14, 2704, 7),
(14, 2705, 7),
(14, 2742, 7),
(14, 2373, 10),
(14, 2743, 20),
(15, 2453, 1),
(15, 2488, 1),
(15, 2489, 1),
(15, 2549, 1),
(15, 2585, 1),
(15, 2586, 1),
(15, 2710, 1),
(15, 2715, 1),
(15, 2716, 1),
(15, 2746, 1),
(15, 2779, 1),
(15, 2780, 1),
(15, 2882, 1),
(15, 2897, 1),
(15, 3022, 1),
(15, 3081, 1),
(15, 3439, 1),
(15, 3663, 1),
(15, 3665, 1),
(15, 3666, 1),
(15, 3854, 1),
(15, 3857, 1),
(15, 3884, 1),
(15, 4027, 1),
(15, 4195, 1),
(15, 4197, 1),
(15, 8131, 1),
(15, 8156, 1),
(15, 13542, 1),
(15, 14000, 1),
(15, 14001, 1),
(15, 14002, 1),
(15, 14003, 1),
(15, 14004, 1),
(15, 14005, 1),
(15, 14006, 1),
(15, 14007, 1),
(15, 14008, 1),
(15, 14009, 1),
(15, 14010, 1),
(15, 14011, 1),
(15, 14012, 1),
(15, 14013, 1),
(15, 14014, 1),
(15, 14015, 1),
(15, 14016, 1),
(15, 14017, 1),
(15, 14018, 1),
(15, 14020, 1),
(15, 14021, 1),
(15, 2377, 2),
(15, 2380, 2),
(15, 2382, 2),
(15, 2383, 2),
(15, 2384, 2),
(15, 2392, 2),
(15, 2482, 2),
(15, 2582, 2),
(15, 2682, 2),
(15, 2778, 2),
(15, 2998, 2),
(15, 3082, 2),
(15, 3257, 2),
(15, 8935, 2),
(15, 14019, 2),
(15, 2378, 3),
(15, 8157, 3),
(15, 8158, 3),
(15, 2376, 5),
(15, 2583, 5),
(15, 2451, 7),
(15, 2774, 7),
(15, 2775, 7),
(15, 2776, 7),
(15, 2373, 10),
(15, 2777, 20),
(16, 2383, 1),
(16, 2435, 1),
(16, 2436, 1),
(16, 2453, 1),
(16, 2482, 1),
(16, 2488, 1),
(16, 2582, 1),
(16, 2585, 1),
(16, 2586, 1),
(16, 2627, 1),
(16, 2629, 1),
(16, 2708, 1),
(16, 2748, 1),
(16, 2749, 1),
(16, 2775, 1),
(16, 2811, 1),
(16, 2814, 1),
(16, 2882, 1),
(16, 2885, 1),
(16, 2899, 1),
(16, 3024, 1),
(16, 3078, 1),
(16, 3154, 1),
(16, 3155, 1),
(16, 3326, 1),
(16, 3663, 1),
(16, 3666, 1),
(16, 3697, 1),
(16, 3703, 1),
(16, 3857, 1),
(16, 3946, 1),
(16, 4196, 1),
(16, 4198, 1),
(16, 8917, 1),
(16, 13803, 1),
(16, 13880, 1),
(16, 13881, 1),
(16, 13882, 1),
(16, 13885, 1),
(16, 14089, 1),
(16, 14092, 1),
(16, 14093, 1),
(16, 14094, 1),
(16, 14095, 1),
(16, 14096, 1),
(16, 14097, 1),
(16, 14098, 1),
(16, 14099, 1),
(16, 14100, 1),
(16, 14101, 1),
(16, 14102, 1),
(16, 14103, 1),
(16, 14104, 1),
(16, 14105, 1),
(16, 19915, 1),
(16, 19916, 1),
(16, 19917, 1),
(16, 2392, 2),
(16, 2584, 2),
(16, 2682, 2),
(16, 2778, 2),
(16, 2998, 2),
(16, 3081, 2),
(16, 3150, 2),
(16, 14011, 2),
(16, 14015, 2),
(16, 14086, 2),
(16, 14087, 2),
(16, 14088, 2),
(16, 14090, 2),
(16, 14091, 2),
(16, 2376, 3),
(16, 2378, 3),
(16, 8157, 3),
(16, 8158, 3),
(16, 2583, 5),
(16, 2451, 7),
(16, 2807, 7),
(16, 2808, 7),
(16, 2809, 7),
(16, 2373, 10),
(16, 2810, 20),
(17, 2381, 1),
(17, 2382, 1),
(17, 2383, 1),
(17, 2384, 1),
(17, 2459, 1),
(17, 2483, 1),
(17, 2489, 1),
(17, 2497, 1),
(17, 2587, 1),
(17, 2882, 1),
(17, 3623, 1),
(17, 3665, 1),
(17, 3706, 1),
(17, 3859, 1),
(17, 3944, 1),
(17, 4195, 1),
(17, 8129, 1),
(17, 8917, 1),
(17, 8918, 1),
(17, 13874, 1),
(17, 14175, 1),
(17, 14176, 1),
(17, 14179, 1),
(17, 14180, 1),
(17, 14185, 1),
(17, 14186, 1),
(17, 14189, 1),
(17, 14192, 1),
(17, 17343, 1),
(17, 18123, 1),
(17, 19917, 1),
(17, 19997, 1),
(17, 19998, 1),
(17, 2389, 2),
(17, 2392, 2),
(17, 2435, 2),
(17, 2436, 2),
(17, 2437, 2),
(17, 2482, 2),
(17, 2488, 2),
(17, 2682, 2),
(17, 2844, 2),
(17, 2845, 2),
(17, 2846, 2),
(17, 2996, 2),
(17, 3703, 2),
(17, 14177, 2),
(17, 14178, 2),
(17, 14181, 2),
(17, 14182, 2),
(17, 14183, 2),
(17, 14184, 2),
(17, 14187, 2),
(17, 14188, 2),
(17, 14190, 2),
(17, 14191, 2),
(17, 14193, 2),
(17, 2376, 3),
(17, 2378, 3),
(17, 8157, 3),
(17, 8158, 3),
(17, 2583, 5),
(17, 2807, 7),
(17, 2808, 7),
(17, 2809, 7),
(17, 2841, 7),
(17, 2842, 7),
(17, 2373, 10),
(17, 2843, 20),
(18, 2382, 1),
(18, 2482, 1),
(18, 2489, 1),
(18, 2584, 1),
(18, 2627, 1),
(18, 2745, 1),
(18, 2780, 1),
(18, 2814, 1),
(18, 2880, 1),
(18, 2884, 1),
(18, 2885, 1),
(18, 2897, 1),
(18, 3082, 1),
(18, 3158, 1),
(18, 3703, 1),
(18, 3704, 1),
(18, 3854, 1),
(18, 3934, 1),
(18, 3946, 1),
(18, 3964, 1),
(18, 7959, 1),
(18, 8765, 1),
(18, 13687, 1),
(18, 13811, 1),
(18, 14013, 1),
(18, 14243, 1),
(18, 14244, 1),
(18, 14245, 1),
(18, 14246, 1),
(18, 14247, 1),
(18, 14248, 1),
(18, 14249, 1),
(18, 14250, 1),
(18, 14251, 1),
(18, 14252, 1),
(18, 14253, 1),
(18, 14254, 1),
(18, 14255, 1),
(18, 14256, 1),
(18, 14257, 1),
(18, 20066, 1),
(18, 20067, 1),
(18, 2682, 2),
(18, 2878, 2),
(18, 2879, 2),
(18, 8129, 2),
(18, 2373, 3),
(18, 2376, 3),
(18, 2378, 3),
(18, 2583, 3),
(18, 8157, 3),
(18, 8158, 3),
(18, 2872, 7),
(18, 2873, 7),
(18, 2874, 8),
(18, 2876, 20),
(19, 2379, 1),
(19, 2435, 1),
(19, 2436, 1),
(19, 2458, 1),
(19, 2482, 1),
(19, 2489, 1),
(19, 2549, 1),
(19, 2582, 1),
(19, 2584, 1),
(19, 2628, 1),
(19, 2679, 1),
(19, 2682, 1),
(19, 2775, 1),
(19, 2882, 1),
(19, 2897, 1),
(19, 2898, 1),
(19, 2899, 1),
(19, 2900, 1),
(19, 2902, 1),
(19, 2903, 1),
(19, 2998, 1),
(19, 3022, 1),
(19, 3080, 1),
(19, 3081, 1),
(19, 3082, 1),
(19, 3185, 1),
(19, 3186, 1),
(19, 3259, 1),
(19, 3596, 1),
(19, 3661, 1),
(19, 3663, 1),
(19, 3665, 1),
(19, 3666, 1),
(19, 3697, 1),
(19, 4108, 1),
(19, 4196, 1),
(19, 8259, 1),
(19, 8921, 1),
(19, 13530, 1),
(19, 13531, 1),
(19, 13534, 1),
(19, 13682, 1),
(19, 13878, 1),
(19, 14018, 1),
(19, 14254, 1),
(19, 14298, 1),
(19, 14299, 1),
(19, 14300, 1),
(19, 14301, 1),
(19, 14302, 1),
(19, 14419, 1),
(19, 2392, 2),
(19, 2684, 2),
(19, 2904, 2),
(19, 2376, 3),
(19, 2378, 3),
(19, 8157, 3),
(19, 8158, 3),
(19, 10399, 3),
(19, 2583, 4),
(19, 2372, 7),
(19, 2375, 7),
(19, 2894, 7),
(19, 2895, 7),
(19, 2373, 10),
(20, 2379, 1),
(20, 2435, 1),
(20, 2436, 1),
(20, 2458, 1),
(20, 2482, 1),
(20, 2489, 1),
(20, 2549, 1),
(20, 2582, 1),
(20, 2584, 1),
(20, 2628, 1),
(20, 2679, 1),
(20, 2682, 1),
(20, 2775, 1),
(20, 2882, 1),
(20, 2897, 1),
(20, 2898, 1),
(20, 2899, 1),
(20, 2900, 1),
(20, 2902, 1),
(20, 2903, 1),
(20, 2998, 1),
(20, 3022, 1),
(20, 3080, 1),
(20, 3081, 1),
(20, 3082, 1),
(20, 3185, 1),
(20, 3186, 1),
(20, 3259, 1),
(20, 3596, 1),
(20, 3661, 1),
(20, 3663, 1),
(20, 3665, 1),
(20, 3666, 1),
(20, 3697, 1),
(20, 4108, 1),
(20, 4196, 1),
(20, 8294, 1),
(20, 8921, 1),
(20, 13530, 1),
(20, 13531, 1),
(20, 13534, 1),
(20, 13682, 1),
(20, 13878, 1),
(20, 14018, 1),
(20, 14254, 1),
(20, 14298, 1),
(20, 14299, 1),
(20, 14300, 1),
(20, 14301, 1),
(20, 14302, 1),
(20, 14419, 1),
(20, 2392, 2),
(20, 2684, 2),
(20, 2904, 2),
(20, 2376, 3),
(20, 2378, 3),
(20, 8157, 3),
(20, 8158, 3),
(20, 10399, 3),
(20, 2583, 4),
(20, 2372, 7),
(20, 2375, 7),
(20, 2894, 7),
(20, 2895, 7),
(20, 2373, 10),
(20, 2950, 20),
(21, 2379, 1),
(21, 2435, 1),
(21, 2436, 1),
(21, 2458, 1),
(21, 2482, 1),
(21, 2489, 1),
(21, 2549, 1),
(21, 2582, 1),
(21, 2584, 1),
(21, 2628, 1),
(21, 2679, 1),
(21, 2682, 1),
(21, 2775, 1),
(21, 2882, 1),
(21, 2897, 1),
(21, 2898, 1),
(21, 2899, 1),
(21, 2900, 1),
(21, 2902, 1),
(21, 2903, 1),
(21, 2998, 1),
(21, 3022, 1),
(21, 3080, 1),
(21, 3081, 1),
(21, 3082, 1),
(21, 3185, 1),
(21, 3186, 1),
(21, 3259, 1),
(21, 3596, 1),
(21, 3661, 1),
(21, 3663, 1),
(21, 3665, 1),
(21, 3666, 1),
(21, 3697, 1),
(21, 4108, 1),
(21, 4196, 1),
(21, 8921, 1),
(21, 13530, 1),
(21, 13531, 1),
(21, 13534, 1),
(21, 13682, 1),
(21, 13878, 1),
(21, 14018, 1),
(21, 14254, 1),
(21, 14298, 1),
(21, 14299, 1),
(21, 14300, 1),
(21, 14301, 1),
(21, 14302, 1),
(21, 14419, 1),
(21, 14420, 1),
(21, 2392, 2),
(21, 2684, 2),
(21, 2904, 2),
(21, 2376, 3),
(21, 2378, 3),
(21, 8157, 3),
(21, 8158, 3),
(21, 10399, 3),
(21, 2583, 4),
(21, 2372, 7),
(21, 2375, 7),
(21, 2894, 7),
(21, 2895, 7),
(21, 2373, 10),
(21, 2979, 20),
(22, 2379, 1),
(22, 2384, 1),
(22, 2458, 1),
(22, 2483, 1),
(22, 2488, 1),
(22, 2582, 1),
(22, 2746, 1),
(22, 2775, 1),
(22, 2849, 1),
(22, 2992, 1),
(22, 2993, 1),
(22, 2994, 1),
(22, 2996, 1),
(22, 3025, 1),
(22, 3080, 1),
(22, 3538, 1),
(22, 3663, 1),
(22, 3666, 1),
(22, 3675, 1),
(22, 4196, 1),
(22, 8129, 1),
(22, 8294, 1),
(22, 8931, 1),
(22, 14101, 1),
(22, 14616, 1),
(22, 14617, 1),
(22, 14618, 1),
(22, 14619, 1),
(22, 14620, 1),
(22, 14621, 1),
(22, 14622, 1),
(22, 14623, 1),
(22, 14624, 1),
(22, 14626, 1),
(22, 14627, 1),
(22, 14628, 1),
(22, 14629, 1),
(22, 14630, 1),
(22, 20385, 1),
(22, 20386, 1),
(22, 2392, 2),
(22, 2482, 2),
(22, 2684, 2),
(22, 2997, 2),
(22, 2998, 2),
(22, 2999, 2),
(22, 3001, 2),
(22, 14625, 2),
(22, 2376, 3),
(22, 2378, 3),
(22, 8157, 3),
(22, 8158, 3),
(22, 10399, 3),
(22, 2583, 5),
(22, 2372, 7),
(22, 2375, 7),
(22, 2989, 7),
(22, 2373, 10),
(22, 2990, 20),
(23, 2435, 1),
(23, 2436, 1),
(23, 2489, 1),
(23, 2587, 1),
(23, 2588, 1),
(23, 2627, 1),
(23, 2679, 1),
(23, 2882, 1),
(23, 2897, 1),
(23, 2902, 1),
(23, 2903, 1),
(23, 2997, 1),
(23, 3020, 1),
(23, 3021, 1),
(23, 3022, 1),
(23, 3023, 1),
(23, 3024, 1),
(23, 3025, 1),
(23, 3026, 1),
(23, 3027, 1),
(23, 3078, 1),
(23, 3158, 1),
(23, 3220, 1),
(23, 3222, 1),
(23, 3262, 1),
(23, 3328, 1),
(23, 3381, 1),
(23, 3408, 1),
(23, 3596, 1),
(23, 3660, 1),
(23, 3663, 1),
(23, 3665, 1),
(23, 3666, 1),
(23, 3857, 1),
(23, 3974, 1),
(23, 4108, 1),
(23, 4196, 1),
(23, 8259, 1),
(23, 8921, 1),
(23, 13535, 1),
(23, 13536, 1),
(23, 13538, 1),
(23, 13684, 1),
(23, 13808, 1),
(23, 13878, 1),
(23, 14298, 1),
(23, 14302, 1),
(23, 14730, 1),
(23, 14731, 1),
(23, 14732, 1),
(23, 14733, 1),
(23, 14734, 1),
(23, 14735, 1),
(23, 14736, 1),
(23, 14737, 1),
(23, 14738, 1),
(23, 14739, 1),
(23, 14740, 1),
(23, 14741, 1),
(23, 14742, 1),
(23, 14743, 1),
(23, 14744, 1),
(23, 14745, 1),
(23, 14746, 1),
(23, 14747, 1),
(23, 14748, 1),
(23, 14749, 1),
(23, 14750, 1),
(23, 14751, 1),
(23, 14752, 1),
(23, 14753, 1),
(23, 14754, 1),
(23, 14755, 1),
(23, 16203, 1),
(23, 2392, 2),
(23, 2458, 2),
(23, 2482, 2),
(23, 2682, 2),
(23, 2684, 2),
(23, 2904, 2),
(23, 2378, 3),
(23, 2583, 3),
(23, 8157, 3),
(23, 8158, 3),
(23, 10399, 3),
(23, 2376, 4),
(23, 2372, 7),
(23, 3017, 7),
(23, 3018, 7),
(23, 3019, 7),
(23, 2373, 10),
(24, 2435, 1),
(24, 2436, 1),
(24, 2489, 1),
(24, 2587, 1),
(24, 2588, 1),
(24, 2627, 1),
(24, 2679, 1),
(24, 2882, 1),
(24, 2897, 1),
(24, 2902, 1),
(24, 2903, 1),
(24, 2997, 1),
(24, 3020, 1),
(24, 3021, 1),
(24, 3022, 1),
(24, 3023, 1),
(24, 3024, 1),
(24, 3025, 1),
(24, 3026, 1),
(24, 3027, 1),
(24, 3078, 1),
(24, 3158, 1),
(24, 3220, 1),
(24, 3222, 1),
(24, 3262, 1),
(24, 3328, 1),
(24, 3381, 1),
(24, 3408, 1),
(24, 3596, 1),
(24, 3660, 1),
(24, 3663, 1),
(24, 3665, 1),
(24, 3666, 1),
(24, 3857, 1),
(24, 3974, 1),
(24, 4108, 1),
(24, 4196, 1),
(24, 8294, 1),
(24, 8921, 1),
(24, 13535, 1),
(24, 13536, 1),
(24, 13538, 1),
(24, 13684, 1),
(24, 13808, 1),
(24, 13878, 1),
(24, 14298, 1),
(24, 14302, 1),
(24, 14730, 1),
(24, 14731, 1),
(24, 14732, 1),
(24, 14733, 1),
(24, 14734, 1),
(24, 14735, 1),
(24, 14736, 1),
(24, 14737, 1),
(24, 14738, 1),
(24, 14739, 1),
(24, 14740, 1),
(24, 14741, 1),
(24, 14742, 1),
(24, 14743, 1),
(24, 14744, 1),
(24, 14745, 1),
(24, 14746, 1),
(24, 14747, 1),
(24, 14748, 1),
(24, 14749, 1),
(24, 14750, 1),
(24, 14751, 1),
(24, 14752, 1),
(24, 14753, 1),
(24, 14754, 1),
(24, 14755, 1),
(24, 16203, 1),
(24, 2392, 2),
(24, 2458, 2),
(24, 2482, 2),
(24, 2682, 2),
(24, 2684, 2),
(24, 2904, 2),
(24, 2378, 3),
(24, 2583, 3),
(24, 8157, 3),
(24, 8158, 3),
(24, 10399, 3),
(24, 2376, 4),
(24, 2372, 7),
(24, 3017, 7),
(24, 3018, 7),
(24, 3019, 7),
(24, 2373, 10),
(24, 3046, 20),
(25, 2435, 1),
(25, 2436, 1),
(25, 2458, 1),
(25, 2482, 1),
(25, 2488, 1),
(25, 2489, 1),
(25, 2627, 1),
(25, 2628, 1),
(25, 2679, 1),
(25, 2682, 1),
(25, 2684, 1),
(25, 2748, 1),
(25, 2882, 1),
(25, 2897, 1),
(25, 2902, 1),
(25, 2904, 1),
(25, 3021, 1),
(25, 3077, 1),
(25, 3078, 1),
(25, 3079, 1),
(25, 3328, 1),
(25, 3596, 1),
(25, 3663, 1),
(25, 3665, 1),
(25, 3666, 1),
(25, 3697, 1),
(25, 3960, 1),
(25, 4108, 1),
(25, 4196, 1),
(25, 8259, 1),
(25, 8921, 1),
(25, 13530, 1),
(25, 13531, 1),
(25, 13534, 1),
(25, 13878, 1),
(25, 14018, 1),
(25, 14099, 1),
(25, 14254, 1),
(25, 14300, 1),
(25, 14301, 1),
(25, 14302, 1),
(25, 14419, 1),
(25, 15157, 1),
(25, 15158, 1),
(25, 15159, 1),
(25, 15160, 1),
(25, 15161, 1),
(25, 15162, 1),
(25, 2392, 2),
(25, 2998, 2),
(25, 3022, 2),
(25, 3080, 2),
(25, 3081, 2),
(25, 3082, 2),
(25, 2376, 3),
(25, 2378, 3),
(25, 2583, 3),
(25, 8157, 3),
(25, 8158, 3),
(25, 10399, 3),
(25, 2372, 7),
(25, 2894, 7),
(25, 2895, 7),
(25, 3076, 7),
(25, 2373, 10),
(26, 2435, 1),
(26, 2436, 1),
(26, 2458, 1),
(26, 2482, 1),
(26, 2488, 1),
(26, 2489, 1),
(26, 2627, 1),
(26, 2628, 1),
(26, 2679, 1),
(26, 2682, 1),
(26, 2684, 1),
(26, 2748, 1),
(26, 2882, 1),
(26, 2897, 1),
(26, 2902, 1),
(26, 2904, 1),
(26, 3021, 1),
(26, 3077, 1),
(26, 3078, 1),
(26, 3079, 1),
(26, 3328, 1),
(26, 3596, 1),
(26, 3663, 1),
(26, 3665, 1),
(26, 3666, 1),
(26, 3697, 1),
(26, 3960, 1),
(26, 4108, 1),
(26, 4196, 1),
(26, 8294, 1),
(26, 8921, 1),
(26, 13530, 1),
(26, 13531, 1),
(26, 13534, 1),
(26, 13878, 1),
(26, 14018, 1),
(26, 14099, 1),
(26, 14254, 1),
(26, 14300, 1),
(26, 14301, 1),
(26, 14302, 1),
(26, 14419, 1),
(26, 15157, 1),
(26, 15158, 1),
(26, 15159, 1),
(26, 15160, 1),
(26, 15161, 1),
(26, 15162, 1),
(26, 2392, 2),
(26, 2998, 2),
(26, 3022, 2),
(26, 3080, 2),
(26, 3081, 2),
(26, 3082, 2),
(26, 2376, 3),
(26, 2378, 3),
(26, 2583, 3),
(26, 8157, 3),
(26, 8158, 3),
(26, 10399, 3),
(26, 2372, 7),
(26, 2894, 7),
(26, 2895, 7),
(26, 3076, 7),
(26, 2373, 10),
(26, 3106, 20),
(27, 2435, 1),
(27, 2436, 1),
(27, 2458, 1),
(27, 2482, 1),
(27, 2488, 1),
(27, 2489, 1),
(27, 2627, 1),
(27, 2628, 1),
(27, 2679, 1),
(27, 2682, 1),
(27, 2684, 1),
(27, 2748, 1),
(27, 2882, 1),
(27, 2897, 1),
(27, 2902, 1),
(27, 2904, 1),
(27, 3021, 1),
(27, 3077, 1),
(27, 3078, 1),
(27, 3079, 1),
(27, 3328, 1),
(27, 3596, 1),
(27, 3663, 1),
(27, 3665, 1),
(27, 3666, 1),
(27, 3697, 1),
(27, 3960, 1),
(27, 4108, 1),
(27, 4196, 1),
(27, 8921, 1),
(27, 13530, 1),
(27, 13531, 1),
(27, 13534, 1),
(27, 13878, 1),
(27, 14018, 1),
(27, 14099, 1),
(27, 14254, 1),
(27, 14300, 1),
(27, 14301, 1),
(27, 14302, 1),
(27, 14419, 1),
(27, 14420, 1),
(27, 15157, 1),
(27, 15158, 1),
(27, 15159, 1),
(27, 15160, 1),
(27, 15161, 1),
(27, 15162, 1),
(27, 2392, 2),
(27, 2998, 2),
(27, 3022, 2),
(27, 3080, 2),
(27, 3081, 2),
(27, 3082, 2),
(27, 2376, 3),
(27, 2378, 3),
(27, 2583, 3),
(27, 8157, 3),
(27, 8158, 3),
(27, 10399, 3),
(27, 2372, 7),
(27, 2894, 7),
(27, 2895, 7),
(27, 3076, 7),
(27, 2373, 10),
(27, 3137, 20),
(28, 2435, 1),
(28, 2436, 1),
(28, 2437, 1),
(28, 2453, 1),
(28, 2482, 1),
(28, 2489, 1),
(28, 2587, 1),
(28, 2628, 1),
(28, 2679, 1),
(28, 2682, 1),
(28, 2684, 1),
(28, 2745, 1),
(28, 2748, 1),
(28, 2775, 1),
(28, 2814, 1),
(28, 2882, 1),
(28, 2894, 1),
(28, 2998, 1),
(28, 3080, 1),
(28, 3081, 1),
(28, 3082, 1),
(28, 3149, 1),
(28, 3150, 1),
(28, 3152, 1),
(28, 3153, 1),
(28, 3154, 1),
(28, 3155, 1),
(28, 3156, 1),
(28, 3158, 1),
(28, 3160, 1),
(28, 3542, 1),
(28, 3596, 1),
(28, 3623, 1),
(28, 3663, 1),
(28, 3666, 1),
(28, 3697, 1),
(28, 4108, 1),
(28, 4196, 1),
(28, 8921, 1),
(28, 13531, 1),
(28, 13534, 1),
(28, 13878, 1),
(28, 14018, 1),
(28, 14092, 1),
(28, 14099, 1),
(28, 14254, 1),
(28, 14302, 1),
(28, 14419, 1),
(28, 15158, 1),
(28, 15159, 1),
(28, 15160, 1),
(28, 15161, 1),
(28, 15162, 1),
(28, 15591, 1),
(28, 15592, 1),
(28, 15593, 1),
(28, 17601, 1),
(28, 19388, 1),
(28, 20824, 1),
(28, 20825, 1),
(28, 2392, 2),
(28, 2897, 2),
(28, 3022, 2),
(28, 3665, 2),
(28, 2378, 3),
(28, 2583, 3),
(28, 8157, 3),
(28, 8158, 3),
(28, 10399, 3),
(28, 2376, 4),
(28, 3147, 6),
(28, 2372, 7),
(28, 2451, 7),
(28, 2895, 7),
(28, 2373, 10),
(29, 2390, 1),
(29, 2391, 1),
(29, 2435, 1),
(29, 2436, 1),
(29, 2453, 1),
(29, 2457, 1),
(29, 2458, 1),
(29, 2489, 1),
(29, 2549, 1),
(29, 2584, 1),
(29, 2682, 1),
(29, 2746, 1),
(29, 2820, 1),
(29, 2845, 1),
(29, 2884, 1),
(29, 2897, 1),
(29, 3154, 1),
(29, 3188, 1),
(29, 3189, 1),
(29, 3596, 1),
(29, 3597, 1),
(29, 3663, 1),
(29, 3854, 1),
(29, 3946, 1),
(29, 3973, 1),
(29, 4196, 1),
(29, 4197, 1),
(29, 4198, 1),
(29, 7255, 1),
(29, 8442, 1),
(29, 8922, 1),
(29, 13535, 1),
(29, 13684, 1),
(29, 13811, 1),
(29, 13812, 1),
(29, 13882, 1),
(29, 13885, 1),
(29, 14093, 1),
(29, 14094, 1),
(29, 14745, 1),
(29, 15863, 1),
(29, 15864, 1),
(29, 15865, 1),
(29, 15866, 1),
(29, 15867, 1),
(29, 15868, 1),
(29, 15869, 1),
(29, 15870, 1),
(29, 15871, 1),
(29, 15872, 1),
(29, 15873, 1),
(29, 15874, 1),
(29, 15875, 1),
(29, 15876, 1),
(29, 15877, 1),
(29, 20899, 1),
(29, 2392, 2),
(29, 2684, 2),
(29, 3078, 2),
(29, 3185, 2),
(29, 3186, 2),
(29, 3190, 2),
(29, 3191, 2),
(29, 3192, 2),
(29, 3194, 2),
(29, 3439, 2),
(29, 3623, 2),
(29, 3660, 2),
(29, 3752, 2),
(29, 3958, 2),
(29, 7556, 2),
(29, 14299, 2),
(29, 2376, 3),
(29, 2378, 3),
(29, 8157, 3),
(29, 8158, 3),
(29, 10399, 3),
(29, 2583, 4),
(29, 2451, 7),
(29, 3181, 7),
(29, 3182, 7),
(29, 3183, 7),
(29, 2373, 10),
(29, 3184, 20),
(30, 2384, 1),
(30, 2396, 1),
(30, 2397, 1),
(30, 2435, 1),
(30, 2436, 1),
(30, 2489, 1),
(30, 2549, 1),
(30, 2581, 1),
(30, 2627, 1),
(30, 2631, 1),
(30, 2679, 1),
(30, 2684, 1),
(30, 2748, 1),
(30, 2882, 1),
(30, 2897, 1),
(30, 2900, 1),
(30, 2904, 1),
(30, 3022, 1),
(30, 3023, 1),
(30, 3078, 1),
(30, 3187, 1),
(30, 3220, 1),
(30, 3221, 1),
(30, 3222, 1),
(30, 3223, 1),
(30, 3225, 1),
(30, 3227, 1),
(30, 3623, 1),
(30, 3663, 1),
(30, 3666, 1),
(30, 3681, 1),
(30, 3697, 1),
(30, 3703, 1),
(30, 3857, 1),
(30, 3900, 1),
(30, 3946, 1),
(30, 3950, 1),
(30, 3977, 1),
(30, 4108, 1),
(30, 4195, 1),
(30, 4196, 1),
(30, 4198, 1),
(30, 8259, 1),
(30, 13530, 1),
(30, 13812, 1),
(30, 13878, 1),
(30, 14018, 1),
(30, 14086, 1),
(30, 14087, 1),
(30, 14099, 1),
(30, 14251, 1),
(30, 14254, 1),
(30, 14419, 1),
(30, 15161, 1),
(30, 16025, 1),
(30, 16026, 1),
(30, 16027, 1),
(30, 16028, 1),
(30, 16029, 1),
(30, 16030, 1),
(30, 16031, 1),
(30, 16032, 1),
(30, 16033, 1),
(30, 16034, 1),
(30, 16035, 1),
(30, 16107, 1),
(30, 2392, 2),
(30, 2482, 2),
(30, 2587, 2),
(30, 2682, 2),
(30, 2998, 2),
(30, 3081, 2),
(30, 3082, 2),
(30, 3665, 2),
(30, 2378, 3),
(30, 2583, 3),
(30, 8157, 3),
(30, 8158, 3),
(30, 10399, 3),
(30, 2376, 4),
(30, 2372, 7),
(30, 2894, 7),
(30, 2895, 7),
(30, 2874, 8),
(30, 2373, 10),
(31, 2384, 1),
(31, 2396, 1),
(31, 2397, 1),
(31, 2435, 1),
(31, 2436, 1),
(31, 2489, 1),
(31, 2549, 1),
(31, 2581, 1),
(31, 2627, 1),
(31, 2631, 1),
(31, 2679, 1),
(31, 2684, 1),
(31, 2748, 1),
(31, 2882, 1),
(31, 2897, 1),
(31, 2900, 1),
(31, 2904, 1),
(31, 3022, 1),
(31, 3023, 1),
(31, 3078, 1),
(31, 3187, 1),
(31, 3220, 1),
(31, 3221, 1),
(31, 3222, 1),
(31, 3223, 1),
(31, 3225, 1),
(31, 3227, 1),
(31, 3623, 1),
(31, 3663, 1),
(31, 3666, 1),
(31, 3681, 1),
(31, 3697, 1),
(31, 3703, 1),
(31, 3857, 1),
(31, 3900, 1),
(31, 3946, 1),
(31, 3950, 1),
(31, 3977, 1),
(31, 4108, 1),
(31, 4195, 1),
(31, 4196, 1),
(31, 4198, 1),
(31, 13530, 1),
(31, 13812, 1),
(31, 13878, 1),
(31, 14018, 1),
(31, 14086, 1),
(31, 14087, 1),
(31, 14099, 1),
(31, 14251, 1),
(31, 14254, 1),
(31, 14419, 1),
(31, 14420, 1),
(31, 15161, 1),
(31, 16025, 1),
(31, 16026, 1),
(31, 16027, 1),
(31, 16028, 1),
(31, 16029, 1),
(31, 16030, 1),
(31, 16031, 1),
(31, 16032, 1),
(31, 16033, 1),
(31, 16034, 1),
(31, 16035, 1),
(31, 16107, 1),
(31, 2392, 2),
(31, 2482, 2),
(31, 2587, 2),
(31, 2682, 2),
(31, 2998, 2),
(31, 3081, 2),
(31, 3082, 2),
(31, 3665, 2),
(31, 2378, 3),
(31, 2583, 3),
(31, 8157, 3),
(31, 8158, 3),
(31, 10399, 3),
(31, 2376, 4),
(31, 2372, 7),
(31, 2894, 7),
(31, 2895, 7),
(31, 2874, 8),
(31, 2373, 10),
(31, 5694, 20),
(32, 2435, 1),
(32, 2436, 1),
(32, 2458, 1),
(32, 2482, 1),
(32, 2779, 1),
(32, 2897, 1),
(32, 2903, 1),
(32, 2904, 1),
(32, 3082, 1),
(32, 3185, 1),
(32, 3186, 1),
(32, 3255, 1),
(32, 3257, 1),
(32, 3258, 1),
(32, 3260, 1),
(32, 3261, 1),
(32, 3262, 1),
(32, 3263, 1),
(32, 3264, 1),
(32, 3265, 1),
(32, 3382, 1),
(32, 3434, 1),
(32, 3435, 1),
(32, 3508, 1),
(32, 3666, 1),
(32, 3958, 1),
(32, 4196, 1),
(32, 8259, 1),
(32, 8912, 1),
(32, 8919, 1),
(32, 8920, 1),
(32, 8921, 1),
(32, 9496, 1),
(32, 14018, 1),
(32, 14019, 1),
(32, 14254, 1),
(32, 14302, 1),
(32, 16302, 1),
(32, 16303, 1),
(32, 16304, 1),
(32, 16305, 1),
(32, 16306, 1),
(32, 16307, 1),
(32, 16308, 1),
(32, 16309, 1),
(32, 16310, 1),
(32, 16311, 1),
(32, 16312, 1),
(32, 16313, 1),
(32, 16314, 1),
(32, 16315, 1),
(32, 16316, 1),
(32, 16317, 1),
(32, 16318, 1),
(32, 16319, 1),
(32, 16320, 1),
(32, 16321, 1),
(32, 16322, 1),
(32, 16323, 1),
(32, 21208, 1),
(32, 2379, 2),
(32, 2392, 2),
(32, 2684, 2),
(32, 2879, 2),
(32, 2996, 2),
(32, 2998, 2),
(32, 3022, 2),
(32, 3025, 2),
(32, 3259, 2),
(32, 3934, 2),
(32, 3948, 2),
(32, 3954, 2),
(32, 16029, 2),
(32, 16301, 2),
(32, 2378, 3),
(32, 8260, 3),
(32, 2372, 7),
(32, 2375, 7),
(32, 2895, 7),
(32, 3253, 7),
(32, 3254, 7),
(32, 8258, 7),
(32, 2373, 10),
(33, 2435, 1),
(33, 2436, 1),
(33, 2458, 1),
(33, 2482, 1),
(33, 2779, 1),
(33, 2897, 1),
(33, 2903, 1),
(33, 2904, 1),
(33, 3082, 1),
(33, 3185, 1),
(33, 3186, 1),
(33, 3255, 1),
(33, 3257, 1),
(33, 3258, 1),
(33, 3260, 1),
(33, 3261, 1),
(33, 3262, 1),
(33, 3263, 1),
(33, 3264, 1),
(33, 3265, 1),
(33, 3382, 1),
(33, 3434, 1),
(33, 3435, 1),
(33, 3508, 1),
(33, 3666, 1),
(33, 3958, 1),
(33, 4196, 1),
(33, 8294, 1),
(33, 8912, 1),
(33, 8919, 1),
(33, 8920, 1),
(33, 8921, 1),
(33, 9496, 1),
(33, 14018, 1),
(33, 14019, 1),
(33, 14254, 1),
(33, 14302, 1),
(33, 16302, 1),
(33, 16303, 1),
(33, 16304, 1),
(33, 16305, 1),
(33, 16306, 1),
(33, 16307, 1),
(33, 16308, 1),
(33, 16309, 1),
(33, 16310, 1),
(33, 16311, 1),
(33, 16312, 1),
(33, 16313, 1),
(33, 16314, 1),
(33, 16315, 1),
(33, 16316, 1),
(33, 16317, 1),
(33, 16318, 1),
(33, 16319, 1),
(33, 16320, 1),
(33, 16321, 1),
(33, 16322, 1),
(33, 16323, 1),
(33, 21208, 1),
(33, 2379, 2),
(33, 2392, 2),
(33, 2684, 2),
(33, 2879, 2),
(33, 2996, 2),
(33, 2998, 2),
(33, 3022, 2),
(33, 3025, 2),
(33, 3259, 2),
(33, 3934, 2),
(33, 3948, 2),
(33, 3954, 2),
(33, 16029, 2),
(33, 16301, 2),
(33, 2378, 3),
(33, 8260, 3),
(33, 2372, 7),
(33, 2375, 7),
(33, 2895, 7),
(33, 3253, 7),
(33, 3254, 7),
(33, 8258, 7),
(33, 2373, 10),
(33, 3286, 20),
(34, 2379, 1),
(34, 2390, 1),
(34, 2433, 1),
(34, 2482, 1),
(34, 2488, 1),
(34, 2884, 1),
(34, 3192, 1),
(34, 3255, 1),
(34, 3382, 1),
(34, 3508, 1),
(34, 3660, 1),
(34, 3666, 1),
(34, 3854, 1),
(34, 3934, 1),
(34, 3948, 1),
(34, 8259, 1),
(34, 13538, 1),
(34, 13542, 1),
(34, 14018, 1),
(34, 14099, 1),
(34, 16301, 1),
(34, 16302, 1),
(34, 16303, 1),
(34, 16306, 1),
(34, 16466, 1),
(34, 16467, 1),
(34, 16468, 1),
(34, 21459, 1),
(34, 21460, 1),
(34, 21461, 1),
(34, 21462, 1),
(34, 21463, 1),
(34, 2392, 2),
(34, 2434, 2),
(34, 2435, 2),
(34, 2436, 2),
(34, 2458, 2),
(34, 2684, 2),
(34, 2904, 2),
(34, 2997, 2),
(34, 2998, 2),
(34, 3025, 2),
(34, 3223, 2),
(34, 3326, 2),
(34, 3328, 2),
(34, 14629, 2),
(34, 2378, 3),
(34, 8260, 3),
(34, 2375, 7),
(34, 3320, 7),
(34, 3321, 7),
(34, 3322, 7),
(34, 3323, 7),
(34, 2373, 10),
(34, 3324, 20),
(35, 2379, 1),
(35, 2390, 1),
(35, 2433, 1),
(35, 2482, 1),
(35, 2488, 1),
(35, 2884, 1),
(35, 3192, 1),
(35, 3255, 1),
(35, 3382, 1),
(35, 3508, 1),
(35, 3660, 1),
(35, 3666, 1),
(35, 3854, 1),
(35, 3934, 1),
(35, 3948, 1),
(35, 8294, 1),
(35, 13538, 1),
(35, 13542, 1),
(35, 14018, 1),
(35, 14099, 1),
(35, 16301, 1),
(35, 16302, 1),
(35, 16303, 1),
(35, 16306, 1),
(35, 16466, 1),
(35, 16467, 1),
(35, 16468, 1),
(35, 21459, 1),
(35, 21460, 1),
(35, 21461, 1),
(35, 21462, 1),
(35, 21463, 1),
(35, 2392, 2),
(35, 2434, 2),
(35, 2435, 2),
(35, 2436, 2),
(35, 2458, 2),
(35, 2684, 2),
(35, 2904, 2),
(35, 2997, 2),
(35, 2998, 2),
(35, 3025, 2),
(35, 3223, 2),
(35, 3326, 2),
(35, 3328, 2),
(35, 14629, 2),
(35, 2378, 3),
(35, 8260, 3),
(35, 2375, 7),
(35, 3320, 7),
(35, 3321, 7),
(35, 3322, 7),
(35, 3323, 7),
(35, 2373, 10),
(35, 3349, 20),
(36, 2376, 1),
(36, 2384, 1),
(36, 2482, 1),
(36, 2710, 1),
(36, 2778, 1),
(36, 2779, 1),
(36, 2879, 1),
(36, 2897, 1),
(36, 3025, 1),
(36, 3082, 1),
(36, 3228, 1),
(36, 3380, 1),
(36, 3381, 1),
(36, 3385, 1),
(36, 3386, 1),
(36, 3434, 1),
(36, 3435, 1),
(36, 3508, 1),
(36, 3666, 1),
(36, 8259, 1),
(36, 8921, 1),
(36, 14019, 1),
(36, 14251, 1),
(36, 14254, 1),
(36, 14302, 1),
(36, 14629, 1),
(36, 16302, 1),
(36, 16303, 1),
(36, 16305, 1),
(36, 16306, 1),
(36, 16307, 1),
(36, 16308, 1),
(36, 16309, 1),
(36, 16310, 1),
(36, 16311, 1),
(36, 16312, 1),
(36, 16313, 1),
(36, 16314, 1),
(36, 16315, 1),
(36, 16317, 1),
(36, 16318, 1),
(36, 16319, 1),
(36, 16320, 1),
(36, 21569, 1),
(36, 21570, 1),
(36, 2392, 2),
(36, 2996, 2),
(36, 2998, 2),
(36, 3022, 2),
(36, 3259, 2),
(36, 3382, 2),
(36, 3934, 2),
(36, 3948, 2),
(36, 3954, 2),
(36, 16029, 2),
(36, 16301, 2),
(36, 2378, 3),
(36, 8260, 3),
(36, 2372, 7),
(36, 2895, 7),
(36, 3253, 7),
(36, 3254, 7),
(36, 3379, 7),
(36, 8258, 7),
(36, 2373, 10),
(37, 2434, 1),
(37, 2492, 1),
(37, 2493, 1),
(37, 2884, 1),
(37, 2902, 1),
(37, 3255, 1),
(37, 3326, 1),
(37, 3380, 1),
(37, 3404, 1),
(37, 3405, 1),
(37, 3508, 1),
(37, 3539, 1),
(37, 3660, 1),
(37, 3663, 1),
(37, 3854, 1),
(37, 3958, 1),
(37, 3977, 1),
(37, 8442, 1),
(37, 13538, 1),
(37, 14018, 1),
(37, 16303, 1),
(37, 16677, 1),
(37, 16678, 1),
(37, 16679, 1),
(37, 16680, 1),
(37, 16681, 1),
(37, 21459, 1),
(37, 21460, 1),
(37, 21461, 1),
(37, 21462, 1),
(37, 21634, 1),
(37, 21635, 1),
(37, 21636, 1),
(37, 2392, 2),
(37, 2458, 2),
(37, 2482, 2),
(37, 2488, 2),
(37, 2684, 2),
(37, 2778, 2),
(37, 2996, 2),
(37, 2997, 2),
(37, 2998, 2),
(37, 3025, 2),
(37, 3224, 2),
(37, 3258, 2),
(37, 3402, 2),
(37, 3403, 2),
(37, 3406, 2),
(37, 3407, 2),
(37, 3409, 2),
(37, 3666, 2),
(37, 16675, 2),
(37, 16676, 2),
(37, 16682, 2),
(37, 2378, 3),
(37, 8260, 3),
(37, 3320, 7),
(37, 3321, 7),
(37, 3322, 7),
(37, 3323, 7),
(37, 3379, 7),
(37, 2373, 10),
(37, 3401, 20),
(38, 2488, 1),
(38, 2684, 1),
(38, 2779, 1),
(38, 2897, 1),
(38, 2904, 1),
(38, 2997, 1),
(38, 3078, 1),
(38, 3150, 1),
(38, 3222, 1),
(38, 3228, 1),
(38, 3255, 1),
(38, 3262, 1),
(38, 3263, 1),
(38, 3264, 1),
(38, 3265, 1),
(38, 3435, 1),
(38, 3436, 1),
(38, 3438, 1),
(38, 3439, 1),
(38, 3440, 1),
(38, 3508, 1),
(38, 3666, 1),
(38, 3958, 1),
(38, 4196, 1),
(38, 8259, 1),
(38, 9496, 1),
(38, 14018, 1),
(38, 14019, 1),
(38, 14095, 1),
(38, 14254, 1),
(38, 14750, 1),
(38, 15158, 1),
(38, 15162, 1),
(38, 16029, 1),
(38, 16302, 1),
(38, 16303, 1),
(38, 16304, 1),
(38, 16305, 1),
(38, 16306, 1),
(38, 16307, 1),
(38, 16308, 1),
(38, 16309, 1),
(38, 16310, 1),
(38, 16311, 1),
(38, 16313, 1),
(38, 16314, 1),
(38, 16315, 1),
(38, 16317, 1),
(38, 16318, 1),
(38, 16319, 1),
(38, 16320, 1),
(38, 16322, 1),
(38, 16729, 1),
(38, 16730, 1),
(38, 16731, 1),
(38, 21697, 1),
(38, 2392, 2),
(38, 2996, 2),
(38, 2998, 2),
(38, 3022, 2),
(38, 3077, 2),
(38, 3082, 2),
(38, 3382, 2),
(38, 3434, 2),
(38, 3934, 2),
(38, 16301, 2),
(38, 2378, 3),
(38, 8260, 3),
(38, 2372, 7),
(38, 2895, 7),
(38, 3076, 7),
(38, 3253, 7),
(38, 3254, 7),
(38, 8258, 7),
(38, 2373, 10),
(39, 2488, 1),
(39, 2684, 1),
(39, 2779, 1),
(39, 2897, 1),
(39, 2904, 1),
(39, 2997, 1),
(39, 3078, 1),
(39, 3150, 1),
(39, 3222, 1),
(39, 3228, 1),
(39, 3255, 1),
(39, 3262, 1),
(39, 3263, 1),
(39, 3264, 1),
(39, 3265, 1),
(39, 3435, 1),
(39, 3436, 1),
(39, 3438, 1),
(39, 3439, 1),
(39, 3440, 1),
(39, 3508, 1),
(39, 3666, 1),
(39, 3958, 1),
(39, 4196, 1),
(39, 8294, 1),
(39, 9496, 1),
(39, 14018, 1),
(39, 14019, 1),
(39, 14095, 1),
(39, 14254, 1),
(39, 14750, 1),
(39, 15158, 1),
(39, 15162, 1),
(39, 16029, 1),
(39, 16302, 1),
(39, 16303, 1),
(39, 16304, 1),
(39, 16305, 1),
(39, 16306, 1),
(39, 16307, 1),
(39, 16308, 1),
(39, 16309, 1),
(39, 16310, 1),
(39, 16311, 1),
(39, 16313, 1),
(39, 16314, 1),
(39, 16315, 1),
(39, 16317, 1),
(39, 16318, 1),
(39, 16319, 1),
(39, 16320, 1),
(39, 16322, 1),
(39, 16729, 1),
(39, 16730, 1),
(39, 16731, 1),
(39, 21697, 1),
(39, 2392, 2),
(39, 2996, 2),
(39, 2998, 2),
(39, 3022, 2),
(39, 3077, 2),
(39, 3082, 2),
(39, 3382, 2),
(39, 3434, 2),
(39, 3934, 2),
(39, 16301, 2),
(39, 2378, 3),
(39, 8260, 3),
(39, 2372, 7),
(39, 2895, 7),
(39, 3076, 7),
(39, 3253, 7),
(39, 3254, 7),
(39, 8258, 7),
(39, 2373, 10),
(39, 3469, 20),
(40, 2390, 1),
(40, 2453, 1),
(40, 2489, 1),
(40, 2490, 1),
(40, 2684, 1),
(40, 2900, 1),
(40, 2997, 1),
(40, 2998, 1),
(40, 3081, 1),
(40, 3222, 1),
(40, 3224, 1),
(40, 3255, 1),
(40, 3264, 1),
(40, 3511, 1),
(40, 3512, 1),
(40, 3663, 1),
(40, 3707, 1),
(40, 3710, 1),
(40, 3857, 1),
(40, 4200, 1),
(40, 8156, 1),
(40, 14018, 1),
(40, 14254, 1),
(40, 16302, 1),
(40, 16305, 1),
(40, 16308, 1),
(40, 16935, 1),
(40, 16936, 1),
(40, 16937, 1),
(40, 16938, 1),
(40, 16939, 1),
(40, 16940, 1),
(40, 16941, 1),
(40, 21907, 1),
(40, 2384, 2),
(40, 2392, 2),
(40, 2435, 2),
(40, 2436, 2),
(40, 2488, 2),
(40, 2587, 2),
(40, 2679, 2),
(40, 3078, 2),
(40, 3659, 2),
(40, 6701, 2),
(40, 16934, 2),
(40, 2378, 3),
(40, 8260, 3),
(40, 8259, 6),
(40, 2372, 7),
(40, 2895, 7),
(40, 3253, 7),
(40, 3254, 7),
(40, 8258, 7),
(40, 8648, 7),
(40, 2373, 10),
(40, 3505, 20),
(41, 2387, 1),
(41, 2390, 1),
(41, 2482, 1),
(41, 2486, 1),
(41, 2489, 1),
(41, 2679, 1),
(41, 2684, 1),
(41, 2778, 1),
(41, 2850, 1),
(41, 2885, 1),
(41, 2996, 1),
(41, 2997, 1),
(41, 2998, 1),
(41, 3022, 1),
(41, 3025, 1),
(41, 3078, 1),
(41, 3150, 1),
(41, 3192, 1),
(41, 3222, 1),
(41, 3259, 1),
(41, 3508, 1),
(41, 3538, 1),
(41, 3540, 1),
(41, 3542, 1),
(41, 13542, 1),
(41, 14019, 1),
(41, 14099, 1),
(41, 14254, 1),
(41, 14618, 1),
(41, 15867, 1),
(41, 16035, 1),
(41, 16305, 1),
(41, 16308, 1),
(41, 16883, 1),
(41, 16884, 1),
(41, 16885, 1),
(41, 16886, 1),
(41, 16887, 1),
(41, 16888, 1),
(41, 16938, 1),
(41, 17958, 1),
(41, 19388, 1),
(41, 21848, 1),
(41, 21849, 1),
(41, 2392, 2),
(41, 2435, 2),
(41, 2436, 2),
(41, 2485, 2),
(41, 2587, 2),
(41, 3852, 2),
(41, 16882, 2),
(41, 2378, 3),
(41, 8260, 3),
(41, 2451, 7),
(41, 3534, 7),
(41, 3535, 7),
(41, 3536, 7),
(41, 2373, 10),
(41, 3537, 20),
(42, 2460, 1),
(42, 2488, 1),
(42, 2879, 1),
(42, 2882, 1),
(42, 2884, 1),
(42, 3154, 1),
(42, 3509, 1),
(42, 3538, 1),
(42, 3659, 1),
(42, 3707, 1),
(42, 3859, 1),
(42, 8156, 1),
(42, 14095, 1),
(42, 14099, 1),
(42, 14251, 1),
(42, 14617, 1),
(42, 14618, 1),
(42, 14732, 1),
(42, 14733, 1),
(42, 15160, 1),
(42, 16301, 1),
(42, 16993, 1),
(42, 16994, 1),
(42, 16995, 1),
(42, 16996, 1),
(42, 16997, 1),
(42, 16998, 1),
(42, 16999, 1),
(42, 17000, 1),
(42, 3227, 2),
(42, 16992, 2),
(42, 2373, 3),
(42, 2378, 3),
(42, 8260, 3),
(42, 3558, 7),
(42, 3559, 7),
(42, 3560, 7),
(42, 3561, 8),
(43, 2435, 1),
(43, 2436, 1),
(43, 2482, 1),
(43, 2489, 1),
(43, 2583, 1),
(43, 2585, 1),
(43, 2746, 1),
(43, 2775, 1),
(43, 2814, 1),
(43, 2846, 1),
(43, 3022, 1),
(43, 3078, 1),
(43, 3082, 1),
(43, 3220, 1),
(43, 3259, 1),
(43, 3596, 1),
(43, 3623, 1),
(43, 3663, 1),
(43, 3665, 1),
(43, 3666, 1),
(43, 3678, 1),
(43, 3857, 1),
(43, 8129, 1),
(43, 8259, 1),
(43, 13530, 1),
(43, 13531, 1),
(43, 13808, 1),
(43, 14099, 1),
(43, 14298, 1),
(43, 17030, 1),
(43, 17031, 1),
(43, 17032, 1),
(43, 17033, 1),
(43, 17034, 1),
(43, 17035, 1),
(43, 17036, 1),
(43, 17037, 1),
(43, 17038, 1),
(43, 17039, 1),
(43, 2392, 2),
(43, 2682, 2),
(43, 2373, 3),
(43, 2378, 3),
(43, 3575, 3),
(43, 2375, 8),
(43, 3565, 10),
(44, 2489, 1),
(44, 2585, 1),
(44, 2775, 1),
(44, 2997, 1),
(44, 2998, 1),
(44, 3077, 1),
(44, 3078, 1),
(44, 3081, 1),
(44, 3082, 1),
(44, 3220, 1),
(44, 3222, 1),
(44, 3596, 1),
(44, 3663, 1),
(44, 3666, 1),
(44, 3857, 1),
(44, 4195, 1),
(44, 8259, 1),
(44, 8912, 1),
(44, 13530, 1),
(44, 13531, 1),
(44, 13808, 1),
(44, 17035, 1),
(44, 17036, 1),
(44, 17037, 1),
(44, 17038, 1),
(44, 17039, 1),
(44, 17093, 1),
(44, 17094, 1),
(44, 17095, 1),
(44, 22009, 1),
(44, 2392, 2),
(44, 2482, 2),
(44, 2682, 2),
(44, 2882, 2),
(44, 3022, 2),
(44, 3665, 2),
(44, 3697, 2),
(44, 14099, 2),
(44, 14419, 2),
(44, 2373, 3),
(44, 2378, 3),
(44, 3575, 3),
(44, 3076, 7),
(44, 3565, 10),
(45, 2453, 1),
(45, 2482, 1),
(45, 2492, 1),
(45, 2493, 1),
(45, 2549, 1),
(45, 2582, 1),
(45, 2583, 1),
(45, 2586, 1),
(45, 2684, 1),
(45, 2775, 1),
(45, 2846, 1),
(45, 3542, 1),
(45, 3596, 1),
(45, 3623, 1),
(45, 3663, 1),
(45, 3665, 1),
(45, 3666, 1),
(45, 3752, 1),
(45, 3857, 1),
(45, 3977, 1),
(45, 4192, 1),
(45, 8922, 1),
(45, 13530, 1),
(45, 13531, 1),
(45, 13687, 1),
(45, 13688, 1),
(45, 13808, 1),
(45, 14092, 1),
(45, 14298, 1),
(45, 14731, 1),
(45, 15591, 1),
(45, 15866, 1),
(45, 16201, 1),
(45, 17032, 1),
(45, 17033, 1),
(45, 17035, 1),
(45, 17036, 1),
(45, 17037, 1),
(45, 17038, 1),
(45, 17039, 1),
(45, 17146, 1),
(45, 17147, 1),
(45, 19388, 1),
(45, 2392, 2),
(45, 2489, 2),
(45, 2585, 2),
(45, 2682, 2),
(45, 3078, 2),
(45, 2373, 3),
(45, 2378, 3),
(45, 3575, 3),
(45, 2451, 7),
(45, 3565, 10),
(46, 2372, 1),
(46, 2435, 1),
(46, 2436, 1),
(46, 2482, 1),
(46, 2628, 1),
(46, 2746, 1),
(46, 2894, 1),
(46, 2895, 1),
(46, 2897, 1),
(46, 2998, 1),
(46, 3078, 1),
(46, 3081, 1),
(46, 3082, 1),
(46, 3162, 1),
(46, 3192, 1),
(46, 3222, 1),
(46, 3258, 1),
(46, 3623, 1),
(46, 3665, 1),
(46, 3712, 1),
(46, 4108, 1),
(46, 4196, 1),
(46, 8921, 1),
(46, 13878, 1),
(46, 14018, 1),
(46, 14099, 1),
(46, 14420, 1),
(46, 16029, 1),
(46, 16193, 1),
(46, 16194, 1),
(46, 16195, 1),
(46, 16196, 1),
(46, 16198, 1),
(46, 16199, 1),
(46, 16200, 1),
(46, 16201, 1),
(46, 16202, 1),
(46, 16203, 1),
(46, 21154, 1),
(46, 21155, 1),
(46, 21156, 1),
(46, 2392, 2),
(46, 3022, 2),
(46, 3663, 2),
(46, 16197, 2),
(46, 2376, 3),
(46, 2378, 3),
(46, 8157, 3),
(46, 8158, 3),
(46, 10399, 3),
(46, 2373, 4),
(46, 2583, 4),
(46, 3649, 7),
(46, 3650, 7),
(47, 2376, 1),
(47, 2435, 1),
(47, 2436, 1),
(47, 2457, 1),
(47, 2486, 1),
(47, 2488, 1),
(47, 2489, 1),
(47, 2552, 1),
(47, 2587, 1),
(47, 2588, 1),
(47, 2902, 1),
(47, 2996, 1),
(47, 2997, 1),
(47, 3025, 1),
(47, 3081, 1),
(47, 3082, 1),
(47, 3326, 1),
(47, 3402, 1),
(47, 3597, 1),
(47, 3658, 1),
(47, 3659, 1),
(47, 3660, 1),
(47, 3661, 1),
(47, 3662, 1),
(47, 3665, 1),
(47, 3713, 1),
(47, 3859, 1),
(47, 3905, 1),
(47, 3906, 1),
(47, 4027, 1),
(47, 4192, 1),
(47, 6701, 1),
(47, 8259, 1),
(47, 14098, 1),
(47, 17203, 1),
(47, 17204, 1),
(47, 17205, 1),
(47, 17206, 1),
(47, 17207, 1),
(47, 17208, 1),
(47, 17209, 1),
(47, 17210, 1),
(47, 17211, 1),
(47, 17212, 1),
(47, 17213, 1),
(47, 17593, 1),
(47, 17594, 1),
(47, 17595, 1),
(47, 22106, 1),
(47, 2379, 2),
(47, 2392, 2),
(47, 2482, 2),
(47, 2682, 2),
(47, 2998, 2),
(47, 13542, 2),
(47, 2373, 3),
(47, 2378, 3),
(47, 3682, 3),
(47, 3683, 3),
(47, 2375, 7),
(47, 3656, 7),
(47, 3657, 7),
(47, 7639, 10),
(48, 2379, 1),
(48, 2384, 1),
(48, 2389, 1),
(48, 2390, 1),
(48, 2392, 1),
(48, 2393, 1),
(48, 2394, 1),
(48, 2437, 1),
(48, 2455, 1),
(48, 2485, 1),
(48, 2488, 1),
(48, 2549, 1),
(48, 2682, 1),
(48, 2748, 1),
(48, 2879, 1),
(48, 2997, 1),
(48, 3025, 1),
(48, 3026, 1),
(48, 3596, 1),
(48, 3623, 1),
(48, 3697, 1),
(48, 3698, 1),
(48, 3699, 1),
(48, 3700, 1),
(48, 3707, 1),
(48, 3713, 1),
(48, 8129, 1),
(48, 8259, 1),
(48, 13542, 1),
(48, 14102, 1),
(48, 14103, 1),
(48, 14187, 1),
(48, 17211, 1),
(48, 17213, 1),
(48, 17272, 1),
(48, 17273, 1),
(48, 17275, 1),
(48, 17594, 1),
(48, 17595, 1),
(48, 2435, 2),
(48, 2436, 2),
(48, 2482, 2),
(48, 2489, 2),
(48, 2490, 2),
(48, 2491, 2),
(48, 2552, 2),
(48, 3706, 2),
(48, 8917, 2),
(48, 17274, 2),
(48, 2373, 3),
(48, 2378, 3),
(48, 3682, 3),
(48, 3683, 3),
(48, 2374, 7),
(48, 2375, 7),
(48, 3696, 7),
(48, 7680, 10),
(49, 2379, 1),
(49, 2382, 1),
(49, 2383, 1),
(49, 2389, 1),
(49, 2437, 1),
(49, 2439, 1),
(49, 2490, 1),
(49, 2491, 1),
(49, 2684, 1),
(49, 2997, 1),
(49, 2998, 1),
(49, 3082, 1),
(49, 3596, 1),
(49, 3661, 1),
(49, 3678, 1),
(49, 3713, 1),
(49, 3752, 1),
(49, 3754, 1),
(49, 3802, 1),
(49, 3859, 1),
(49, 8129, 1),
(49, 8259, 1),
(49, 8917, 1),
(49, 13542, 1),
(49, 14099, 1),
(49, 14299, 1),
(49, 14731, 1),
(49, 15877, 1),
(49, 17340, 1),
(49, 17343, 1),
(49, 17344, 1),
(49, 17345, 1),
(49, 17593, 1),
(49, 17594, 1),
(49, 17595, 1),
(49, 2392, 2),
(49, 2433, 2),
(49, 2434, 2),
(49, 2435, 2),
(49, 2436, 2),
(49, 2482, 2),
(49, 2488, 2),
(49, 2708, 2),
(49, 2879, 2),
(49, 3025, 2),
(49, 3152, 2),
(49, 3663, 2),
(49, 3697, 2),
(49, 3800, 2),
(49, 8928, 2),
(49, 17341, 2),
(49, 17342, 2),
(49, 17346, 2),
(49, 17347, 2),
(49, 17348, 2),
(49, 2373, 3),
(49, 2378, 3),
(49, 3682, 3),
(49, 3683, 3),
(49, 2375, 7),
(49, 3746, 7),
(49, 3747, 7),
(49, 3748, 7),
(49, 7731, 10),
(50, 2376, 1),
(50, 2381, 1),
(50, 2392, 1),
(50, 2433, 1),
(50, 2434, 1),
(50, 2437, 1),
(50, 2453, 1),
(50, 2488, 1),
(50, 2489, 1),
(50, 2490, 1),
(50, 2491, 1),
(50, 2497, 1),
(50, 3508, 1),
(50, 3596, 1),
(50, 3659, 1),
(50, 3661, 1),
(50, 3698, 1),
(50, 3707, 1),
(50, 3713, 1),
(50, 3752, 1),
(50, 3754, 1),
(50, 3800, 1),
(50, 3859, 1),
(50, 13542, 1),
(50, 14299, 1),
(50, 14420, 1),
(50, 16197, 1),
(50, 17341, 1),
(50, 17342, 1),
(50, 17345, 1),
(50, 17593, 1),
(50, 17594, 1),
(50, 17595, 1),
(50, 22290, 1),
(50, 22291, 1),
(50, 22292, 1),
(50, 2387, 2),
(50, 2388, 2),
(50, 2389, 2),
(50, 2435, 2),
(50, 2436, 2),
(50, 2439, 2),
(50, 2708, 2),
(50, 2879, 2),
(50, 3152, 2),
(50, 3663, 2),
(50, 3697, 2),
(50, 3761, 2),
(50, 3802, 2),
(50, 8928, 2),
(50, 17346, 2),
(50, 17347, 2),
(50, 17348, 2),
(50, 2373, 3),
(50, 2378, 3),
(50, 3682, 3),
(50, 3683, 3),
(50, 2451, 7),
(50, 3746, 7),
(50, 3747, 7),
(50, 3748, 7),
(50, 7833, 10),
(51, 2388, 1),
(51, 2434, 1),
(51, 2489, 1),
(51, 3259, 1),
(51, 3713, 1),
(51, 3879, 1),
(51, 7945, 1),
(51, 14420, 1),
(51, 16997, 1),
(51, 17593, 1),
(51, 17594, 1),
(51, 17595, 1),
(51, 22352, 1),
(51, 22353, 1),
(51, 22354, 1),
(51, 22355, 1),
(51, 22356, 1),
(51, 2384, 2),
(51, 2389, 2),
(51, 2433, 2),
(51, 2437, 2),
(51, 2438, 2),
(51, 2439, 2),
(51, 2482, 2),
(51, 2746, 2),
(51, 3599, 2),
(51, 3660, 2),
(51, 3761, 2),
(51, 3852, 2),
(51, 3854, 2),
(51, 3855, 2),
(51, 3857, 2),
(51, 3858, 2),
(51, 3859, 2),
(51, 2373, 3),
(51, 2378, 3),
(51, 3682, 3),
(51, 3683, 3),
(51, 2432, 7),
(51, 3696, 7),
(51, 3849, 7),
(51, 3850, 7),
(51, 3885, 10),
(52, 2390, 1),
(52, 2435, 1),
(52, 2436, 1),
(52, 2486, 1),
(52, 2489, 1),
(52, 2587, 1),
(52, 2651, 1),
(52, 2850, 1),
(52, 2879, 1),
(52, 2993, 1),
(52, 3220, 1),
(52, 3221, 1),
(52, 3264, 1),
(52, 3509, 1),
(52, 3663, 1),
(52, 3675, 1),
(52, 3696, 1),
(52, 3713, 1),
(52, 3850, 1),
(52, 3883, 1),
(52, 3884, 1),
(52, 3900, 1),
(52, 14420, 1),
(52, 14620, 1),
(52, 14734, 1),
(52, 14735, 1),
(52, 17510, 1),
(52, 17511, 1),
(52, 17513, 1),
(52, 17514, 1),
(52, 17515, 1),
(52, 17516, 1),
(52, 17593, 1),
(52, 17594, 1),
(52, 17595, 1),
(52, 22395, 1),
(52, 22396, 1),
(52, 2488, 2),
(52, 2996, 2),
(52, 3262, 2),
(52, 3660, 2),
(52, 3852, 2),
(52, 3854, 2),
(52, 3855, 2),
(52, 3859, 2),
(52, 3880, 2),
(52, 3881, 2),
(52, 17512, 2),
(52, 2373, 3),
(52, 2378, 3),
(52, 3682, 3),
(52, 3683, 3),
(52, 3878, 7),
(52, 2432, 8),
(52, 3849, 8),
(52, 7917, 10),
(53, 2376, 1),
(53, 2396, 1),
(53, 2397, 1),
(53, 2435, 1),
(53, 2436, 1),
(53, 2458, 1),
(53, 2482, 1),
(53, 2485, 1),
(53, 2587, 1),
(53, 2631, 1),
(53, 2679, 1),
(53, 2996, 1),
(53, 3150, 1),
(53, 3259, 1),
(53, 3438, 1),
(53, 3749, 1),
(53, 3900, 1),
(53, 3902, 1),
(53, 3903, 1),
(53, 3905, 1),
(53, 3906, 1),
(53, 3907, 1),
(53, 14420, 1),
(53, 17556, 1),
(53, 17557, 1),
(53, 17593, 1),
(53, 17594, 1),
(53, 17595, 1),
(53, 22451, 1),
(53, 22452, 1),
(53, 22453, 1),
(53, 22454, 1),
(53, 22455, 1),
(53, 22456, 1),
(53, 22457, 1),
(53, 22458, 1),
(53, 22459, 1),
(53, 22460, 1),
(53, 22461, 1),
(53, 22462, 1),
(53, 22463, 1),
(53, 22464, 1),
(53, 22465, 1),
(53, 22466, 1),
(53, 3713, 2),
(53, 3859, 2),
(53, 3884, 2),
(53, 2373, 3),
(53, 2378, 3),
(53, 3682, 3),
(53, 3683, 3),
(53, 3559, 7),
(53, 3696, 7),
(53, 3849, 7),
(53, 3898, 7),
(53, 7938, 10),
(54, 2391, 1),
(54, 2458, 1),
(54, 2488, 1),
(54, 2489, 1),
(54, 2490, 1),
(54, 2491, 1),
(54, 2583, 1),
(54, 2585, 1),
(54, 2586, 1),
(54, 2625, 1),
(54, 2627, 1),
(54, 2745, 1),
(54, 2746, 1),
(54, 2778, 1),
(54, 2814, 1),
(54, 3081, 1),
(54, 3082, 1),
(54, 3150, 1),
(54, 3159, 1),
(54, 3703, 1),
(54, 3712, 1),
(54, 3713, 1),
(54, 3752, 1),
(54, 3932, 1),
(54, 3934, 1),
(54, 3938, 1),
(54, 3939, 1),
(54, 3941, 1),
(54, 3943, 1),
(54, 3944, 1),
(54, 3946, 1),
(54, 3947, 1),
(54, 3950, 1),
(54, 3951, 1),
(54, 3952, 1),
(54, 3953, 1),
(54, 3958, 1),
(54, 3961, 1),
(54, 3964, 1),
(54, 4019, 1),
(54, 4022, 1),
(54, 4111, 1),
(54, 4113, 1),
(54, 8259, 1),
(54, 13542, 1),
(54, 13885, 1),
(54, 14013, 1),
(54, 14618, 1),
(54, 15873, 1),
(54, 15874, 1),
(54, 17147, 1),
(54, 17591, 1),
(54, 17592, 1),
(54, 17593, 1),
(54, 17594, 1),
(54, 17595, 1),
(54, 17596, 1),
(54, 17597, 1),
(54, 17598, 1),
(54, 17599, 1),
(54, 17600, 1),
(54, 17601, 1),
(54, 17602, 1),
(54, 17603, 1),
(54, 17604, 1),
(54, 17605, 1),
(54, 17606, 1),
(54, 17607, 1),
(54, 17608, 1),
(54, 17609, 1),
(54, 17610, 1),
(54, 17611, 1),
(54, 17612, 1),
(54, 2379, 2),
(54, 2392, 2),
(54, 2435, 2),
(54, 2436, 2),
(54, 2482, 2),
(54, 2682, 2),
(54, 2684, 2),
(54, 3024, 2),
(54, 3149, 2),
(54, 3596, 2),
(54, 3663, 2),
(54, 2373, 3),
(54, 2378, 3),
(54, 3682, 3),
(54, 3683, 3),
(54, 2375, 7),
(54, 3930, 7),
(54, 6625, 20),
(55, 2435, 1),
(55, 2436, 1),
(55, 2458, 1),
(55, 2488, 1),
(55, 2583, 1),
(55, 2584, 1),
(55, 2586, 1),
(55, 2628, 1),
(55, 2745, 1),
(55, 2897, 1),
(55, 2902, 1),
(55, 2996, 1),
(55, 2997, 1),
(55, 2998, 1),
(55, 3021, 1),
(55, 3080, 1),
(55, 3149, 1),
(55, 3150, 1),
(55, 3155, 1),
(55, 3404, 1),
(55, 3438, 1),
(55, 3596, 1),
(55, 3601, 1),
(55, 3623, 1),
(55, 3703, 1),
(55, 3713, 1),
(55, 3932, 1),
(55, 3934, 1),
(55, 3938, 1),
(55, 3939, 1),
(55, 3941, 1),
(55, 3943, 1),
(55, 3944, 1),
(55, 3946, 1),
(55, 3947, 1),
(55, 3948, 1),
(55, 3950, 1),
(55, 3951, 1),
(55, 3952, 1),
(55, 3953, 1),
(55, 3954, 1),
(55, 3958, 1),
(55, 3961, 1),
(55, 3964, 1),
(55, 3965, 1),
(55, 3966, 1),
(55, 3968, 1),
(55, 3969, 1),
(55, 3970, 1),
(55, 3971, 1),
(55, 3972, 1),
(55, 3973, 1),
(55, 4019, 1),
(55, 4022, 1),
(55, 4111, 1),
(55, 4113, 1),
(55, 8259, 1),
(55, 8922, 1),
(55, 14015, 1),
(55, 15873, 1),
(55, 16680, 1),
(55, 17593, 1),
(55, 17594, 1),
(55, 17595, 1),
(55, 17596, 1),
(55, 17597, 1),
(55, 17602, 1),
(55, 17603, 1),
(55, 17604, 1),
(55, 17610, 1),
(55, 17682, 1),
(55, 17683, 1),
(55, 17684, 1),
(55, 2392, 2),
(55, 2585, 2),
(55, 2682, 2),
(55, 2684, 2),
(55, 2904, 2),
(55, 3077, 2),
(55, 3223, 2),
(55, 3663, 2),
(55, 3752, 2),
(55, 3974, 2),
(55, 2373, 3),
(55, 2378, 3),
(55, 3682, 3),
(55, 3683, 3),
(55, 3076, 7),
(55, 3930, 7),
(55, 3931, 20),
(56, 2387, 1),
(56, 2434, 1),
(56, 2435, 1),
(56, 2436, 1),
(56, 2488, 1),
(56, 2489, 1),
(56, 2583, 1),
(56, 2584, 1),
(56, 2586, 1),
(56, 2628, 1),
(56, 2745, 1),
(56, 2897, 1),
(56, 3149, 1),
(56, 3150, 1),
(56, 3155, 1),
(56, 3326, 1),
(56, 3596, 1),
(56, 3601, 1),
(56, 3703, 1),
(56, 3713, 1),
(56, 3934, 1),
(56, 3938, 1),
(56, 3939, 1),
(56, 3941, 1),
(56, 3943, 1),
(56, 3944, 1),
(56, 3946, 1),
(56, 3947, 1),
(56, 3948, 1),
(56, 3950, 1),
(56, 3951, 1),
(56, 3952, 1),
(56, 3953, 1),
(56, 3954, 1),
(56, 3961, 1),
(56, 3964, 1),
(56, 3965, 1),
(56, 3966, 1),
(56, 3968, 1),
(56, 3969, 1),
(56, 3970, 1),
(56, 3971, 1),
(56, 3972, 1),
(56, 4019, 1),
(56, 4022, 1),
(56, 4027, 1),
(56, 4111, 1),
(56, 4113, 1),
(56, 4195, 1),
(56, 8259, 1),
(56, 8922, 1),
(56, 14629, 1),
(56, 14750, 1),
(56, 15873, 1),
(56, 16680, 1),
(56, 17204, 1),
(56, 17593, 1),
(56, 17594, 1),
(56, 17595, 1),
(56, 17596, 1),
(56, 17597, 1),
(56, 17603, 1),
(56, 17604, 1),
(56, 17610, 1),
(56, 17682, 1),
(56, 17683, 1),
(56, 17684, 1),
(56, 17772, 1),
(56, 2392, 2),
(56, 2585, 2),
(56, 2682, 2),
(56, 2684, 2),
(56, 2902, 2),
(56, 2904, 2),
(56, 3223, 2),
(56, 3663, 2),
(56, 3752, 2),
(56, 3958, 2),
(56, 3974, 2),
(56, 2373, 3),
(56, 2378, 3),
(56, 3682, 3),
(56, 3683, 3),
(56, 3930, 7),
(56, 2874, 8),
(56, 4015, 20),
(57, 2379, 1),
(57, 2435, 1),
(57, 2436, 1),
(57, 2453, 1),
(57, 2458, 1),
(57, 2489, 1),
(57, 2492, 1),
(57, 2493, 1),
(57, 2581, 1),
(57, 2582, 1),
(57, 2583, 1),
(57, 2584, 1),
(57, 2586, 1),
(57, 2628, 1),
(57, 2679, 1),
(57, 2684, 1),
(57, 2745, 1),
(57, 2874, 1),
(57, 2902, 1),
(57, 3077, 1),
(57, 3149, 1),
(57, 3150, 1),
(57, 3155, 1),
(57, 3402, 1),
(57, 3404, 1),
(57, 3434, 1),
(57, 3596, 1),
(57, 3601, 1),
(57, 3663, 1),
(57, 3665, 1),
(57, 3703, 1),
(57, 3713, 1),
(57, 3752, 1),
(57, 3932, 1),
(57, 3935, 1),
(57, 3936, 1),
(57, 3938, 1),
(57, 3939, 1),
(57, 3941, 1),
(57, 3943, 1),
(57, 3944, 1),
(57, 3946, 1),
(57, 3947, 1),
(57, 3948, 1),
(57, 3950, 1),
(57, 3951, 1),
(57, 3952, 1),
(57, 3953, 1),
(57, 3954, 1),
(57, 3958, 1),
(57, 3961, 1),
(57, 3964, 1),
(57, 3966, 1),
(57, 3968, 1),
(57, 3971, 1),
(57, 3972, 1),
(57, 4019, 1),
(57, 4022, 1),
(57, 4103, 1),
(57, 4104, 1),
(57, 4107, 1),
(57, 4111, 1),
(57, 4112, 1),
(57, 4113, 1),
(57, 8259, 1),
(57, 8922, 1),
(57, 13878, 1),
(57, 14013, 1),
(57, 14087, 1),
(57, 14088, 1),
(57, 15873, 1),
(57, 17593, 1),
(57, 17594, 1),
(57, 17595, 1),
(57, 17596, 1),
(57, 17597, 1),
(57, 17603, 1),
(57, 17604, 1),
(57, 17610, 1),
(57, 17858, 1),
(57, 17859, 1),
(57, 17860, 1),
(57, 17861, 1),
(57, 17862, 1),
(57, 17863, 1),
(57, 17864, 1),
(57, 17865, 1),
(57, 2392, 2),
(57, 2585, 2),
(57, 2682, 2),
(57, 3934, 2),
(57, 4108, 2),
(57, 2373, 3),
(57, 2378, 3),
(57, 3682, 3),
(57, 3683, 3),
(57, 4099, 7),
(57, 3930, 8),
(57, 4100, 20),
(58, 2458, 1),
(58, 2482, 1),
(58, 2489, 1),
(58, 2492, 1),
(58, 2493, 1),
(58, 2549, 1),
(58, 2583, 1),
(58, 2628, 1),
(58, 2816, 1),
(58, 2898, 1),
(58, 3025, 1),
(58, 3081, 1),
(58, 3149, 1),
(58, 3191, 1),
(58, 3220, 1),
(58, 3623, 1),
(58, 3663, 1),
(58, 3713, 1),
(58, 3859, 1),
(58, 3950, 1),
(58, 4108, 1),
(58, 4190, 1),
(58, 4192, 1),
(58, 4193, 1),
(58, 4195, 1),
(58, 4196, 1),
(58, 4197, 1),
(58, 4198, 1),
(58, 4199, 1),
(58, 4200, 1),
(58, 4201, 1),
(58, 8921, 1),
(58, 13878, 1),
(58, 14254, 1),
(58, 17593, 1),
(58, 17594, 1),
(58, 17595, 1),
(58, 17958, 1),
(58, 17959, 1),
(58, 17961, 1),
(58, 17962, 1),
(58, 17963, 1),
(58, 17964, 1),
(58, 17965, 1),
(58, 17966, 1),
(58, 17967, 1),
(58, 17968, 1),
(58, 17969, 1),
(58, 17970, 1),
(58, 17971, 1),
(58, 17972, 1),
(58, 17973, 1),
(58, 17975, 1),
(58, 17976, 1),
(58, 2392, 2),
(58, 2435, 2),
(58, 2436, 2),
(58, 2453, 2),
(58, 2582, 2),
(58, 2585, 2),
(58, 2682, 2),
(58, 2814, 2),
(58, 2899, 2),
(58, 3078, 2),
(58, 3082, 2),
(58, 3150, 2),
(58, 3439, 2),
(58, 3703, 2),
(58, 3934, 2),
(58, 14003, 2),
(58, 14004, 2);
INSERT INTO `ps_search_index` (`id_product`, `id_word`, `weight`) VALUES
(58, 17034, 2),
(58, 17957, 2),
(58, 17960, 2),
(58, 17974, 2),
(58, 2373, 3),
(58, 2378, 3),
(58, 3682, 3),
(58, 3683, 3),
(58, 4182, 7),
(58, 4183, 7),
(58, 4184, 7),
(58, 4181, 20),
(64, 2492, 1),
(64, 2585, 1),
(64, 2625, 1),
(64, 2628, 1),
(64, 2679, 1),
(64, 2683, 1),
(64, 2684, 1),
(64, 2745, 1),
(64, 2746, 1),
(64, 2775, 1),
(64, 2846, 1),
(64, 3078, 1),
(64, 3150, 1),
(64, 3158, 1),
(64, 3190, 1),
(64, 3262, 1),
(64, 3542, 1),
(64, 3569, 1),
(64, 3596, 1),
(64, 3601, 1),
(64, 3663, 1),
(64, 3666, 1),
(64, 3703, 1),
(64, 3752, 1),
(64, 3964, 1),
(64, 3965, 1),
(64, 4111, 1),
(64, 4197, 1),
(64, 7941, 1),
(64, 7943, 1),
(64, 7945, 1),
(64, 7965, 1),
(64, 8151, 1),
(64, 8922, 1),
(64, 8937, 1),
(64, 9496, 1),
(64, 13540, 1),
(64, 13737, 1),
(64, 13819, 1),
(64, 14000, 1),
(64, 14013, 1),
(64, 14087, 1),
(64, 14094, 1),
(64, 14095, 1),
(64, 14099, 1),
(64, 14189, 1),
(64, 14254, 1),
(64, 14731, 1),
(64, 16203, 1),
(64, 16679, 1),
(64, 16993, 1),
(64, 17034, 1),
(64, 17035, 1),
(64, 17510, 1),
(64, 17591, 1),
(64, 17601, 1),
(64, 17608, 1),
(64, 17772, 1),
(64, 17858, 1),
(64, 17859, 1),
(64, 19388, 1),
(64, 19568, 1),
(64, 22663, 1),
(64, 22664, 1),
(64, 22665, 1),
(64, 22666, 1),
(64, 22667, 1),
(64, 22668, 1),
(64, 22669, 1),
(64, 22670, 1),
(64, 22671, 1),
(64, 22672, 1),
(64, 22673, 1),
(64, 22674, 1),
(64, 22675, 1),
(64, 22676, 1),
(64, 22677, 1),
(64, 22678, 1),
(64, 22679, 1),
(64, 22680, 1),
(64, 22681, 1),
(64, 22682, 1),
(64, 22683, 1),
(64, 22684, 1),
(64, 22685, 1),
(64, 22686, 1),
(64, 23119, 1),
(64, 23120, 1),
(64, 23121, 1),
(64, 23122, 1),
(64, 23123, 1),
(64, 23124, 1),
(64, 23125, 1),
(64, 23126, 1),
(64, 23127, 1),
(64, 23128, 1),
(64, 23129, 1),
(64, 23130, 1),
(64, 23131, 1),
(64, 23132, 1),
(64, 23133, 1),
(64, 23134, 1),
(64, 23135, 1),
(64, 23136, 1),
(64, 23137, 1),
(64, 23138, 1),
(64, 23139, 1),
(64, 23140, 1),
(64, 23141, 1),
(64, 23142, 1),
(64, 23143, 1),
(64, 23144, 1),
(64, 23145, 1),
(64, 23146, 1),
(64, 23147, 1),
(64, 23148, 1),
(64, 23149, 1),
(64, 23150, 1),
(64, 23151, 1),
(64, 23152, 1),
(64, 23153, 1),
(64, 23154, 1),
(64, 23155, 1),
(64, 23156, 1),
(64, 23157, 1),
(64, 23158, 1),
(64, 23159, 1),
(64, 23160, 1),
(64, 23161, 1),
(64, 23162, 1),
(64, 23163, 1),
(64, 23164, 1),
(64, 23165, 1),
(64, 23166, 1),
(64, 23167, 1),
(64, 23168, 1),
(64, 23169, 1),
(64, 23170, 1),
(64, 23171, 1),
(64, 23172, 1),
(64, 23173, 1),
(64, 23174, 1),
(64, 23175, 1),
(64, 23176, 1),
(64, 23177, 1),
(64, 23178, 1),
(64, 23179, 1),
(64, 23180, 1),
(64, 23181, 1),
(64, 23182, 1),
(64, 23183, 1),
(64, 23184, 1),
(64, 23185, 1),
(64, 23186, 1),
(64, 2392, 2),
(64, 2453, 2),
(64, 2482, 2),
(64, 2489, 2),
(64, 2583, 2),
(64, 2682, 2),
(64, 14014, 2),
(64, 2373, 3),
(64, 2378, 3),
(64, 16197, 4),
(64, 2451, 7),
(64, 22655, 7),
(64, 22656, 7),
(66, 2584, 1),
(66, 2778, 1),
(66, 2882, 1),
(66, 3024, 1),
(66, 3081, 1),
(66, 3158, 1),
(66, 3220, 1),
(66, 3439, 1),
(66, 3596, 1),
(66, 3660, 1),
(66, 3661, 1),
(66, 3667, 1),
(66, 3854, 1),
(66, 4022, 1),
(66, 4112, 1),
(66, 4190, 1),
(66, 4196, 1),
(66, 4197, 1),
(66, 4198, 1),
(66, 4200, 1),
(66, 7970, 1),
(66, 8132, 1),
(66, 8936, 1),
(66, 8937, 1),
(66, 9496, 1),
(66, 13805, 1),
(66, 14099, 1),
(66, 14175, 1),
(66, 14299, 1),
(66, 14740, 1),
(66, 14741, 1),
(66, 14745, 1),
(66, 14746, 1),
(66, 14747, 1),
(66, 14748, 1),
(66, 16032, 1),
(66, 16201, 1),
(66, 17037, 1),
(66, 17039, 1),
(66, 17273, 1),
(66, 17604, 1),
(66, 17683, 1),
(66, 23125, 1),
(66, 23160, 1),
(66, 24206, 1),
(66, 24207, 1),
(66, 24210, 1),
(66, 24212, 1),
(66, 24213, 1),
(66, 24214, 1),
(66, 24215, 1),
(66, 24216, 1),
(66, 24217, 1),
(66, 24218, 1),
(66, 24219, 1),
(66, 24220, 1),
(66, 24221, 1),
(66, 24222, 1),
(66, 24223, 1),
(66, 24224, 1),
(66, 24225, 1),
(66, 24226, 1),
(66, 24227, 1),
(66, 24228, 1),
(66, 24229, 1),
(66, 24230, 1),
(66, 24231, 1),
(66, 24232, 1),
(66, 24233, 1),
(66, 24234, 1),
(66, 24235, 1),
(66, 24236, 1),
(66, 24237, 1),
(66, 24238, 1),
(66, 24239, 1),
(66, 24240, 1),
(66, 24241, 1),
(66, 24242, 1),
(66, 24243, 1),
(66, 24244, 1),
(66, 24245, 1),
(66, 24246, 1),
(66, 24247, 1),
(66, 24248, 1),
(66, 24249, 1),
(66, 24250, 1),
(66, 24251, 1),
(66, 24252, 1),
(66, 24253, 1),
(66, 24254, 1),
(66, 24255, 1),
(66, 24256, 1),
(66, 24257, 1),
(66, 24258, 1),
(66, 24259, 1),
(66, 24260, 1),
(66, 24261, 1),
(66, 24262, 1),
(66, 24263, 1),
(66, 24264, 1),
(66, 24265, 1),
(66, 24266, 1),
(66, 24267, 1),
(66, 24268, 1),
(66, 24269, 1),
(66, 24270, 1),
(66, 24271, 1),
(66, 24272, 1),
(66, 24273, 1),
(66, 24274, 1),
(66, 24275, 1),
(66, 24276, 1),
(66, 24277, 1),
(66, 24278, 1),
(66, 24279, 1),
(66, 24280, 1),
(66, 24281, 1),
(66, 24282, 1),
(66, 24283, 1),
(66, 24284, 1),
(66, 24285, 1),
(66, 24286, 1),
(66, 24287, 1),
(66, 24288, 1),
(66, 24289, 1),
(66, 24290, 1),
(66, 24291, 1),
(66, 24292, 1),
(66, 24293, 1),
(66, 24294, 1),
(66, 24295, 1),
(66, 24296, 1),
(66, 24297, 1),
(66, 24298, 1),
(66, 24299, 1),
(66, 24300, 1),
(66, 24301, 1),
(66, 24302, 1),
(66, 24303, 1),
(66, 24304, 1),
(66, 24305, 1),
(66, 24306, 1),
(66, 24307, 1),
(66, 24308, 1),
(66, 24309, 1),
(66, 24310, 1),
(66, 24311, 1),
(66, 24312, 1),
(66, 24313, 1),
(66, 24314, 1),
(66, 24315, 1),
(66, 24316, 1),
(66, 24317, 1),
(66, 24318, 1),
(66, 24319, 1),
(66, 24320, 1),
(66, 24321, 1),
(66, 24322, 1),
(66, 24323, 1),
(66, 2392, 2),
(66, 2583, 2),
(66, 2682, 2),
(66, 2746, 2),
(66, 2879, 2),
(66, 3190, 2),
(66, 3434, 2),
(66, 3663, 2),
(66, 3859, 2),
(66, 3948, 2),
(66, 8929, 2),
(66, 17032, 2),
(66, 18125, 2),
(66, 22686, 2),
(66, 24196, 2),
(66, 24197, 2),
(66, 24198, 2),
(66, 24199, 2),
(66, 24200, 2),
(66, 24201, 2),
(66, 24202, 2),
(66, 24203, 2),
(66, 24204, 2),
(66, 24205, 2),
(66, 24208, 2),
(66, 24209, 2),
(66, 24211, 2),
(66, 3078, 4),
(66, 24195, 4),
(66, 24194, 7),
(66, 2373, 10),
(66, 2378, 10);

-- --------------------------------------------------------

--
-- Estrutura da tabela `ps_search_word`
--

CREATE TABLE `ps_search_word` (
  `id_word` int(10) UNSIGNED NOT NULL,
  `id_shop` int(11) UNSIGNED NOT NULL DEFAULT '1',
  `id_lang` int(10) UNSIGNED NOT NULL,
  `word` varchar(15) NOT NULL
) ENGINE=InnoDB DEFAULT CHARSET=utf8;

--
-- Extraindo dados da tabela `ps_search_word`
--

INSERT INTO `ps_search_word` (`id_word`, `id_shop`, `id_lang`, `word`) VALUES
(23139, 1, 1, '00033'),
(7639, 1, 1, '001'),
(7680, 1, 1, '002'),
(7731, 1, 1, '003'),
(7833, 1, 1, '004'),
(24296, 1, 1, '0045'),
(3885, 1, 1, '005'),
(7917, 1, 1, '006'),
(7938, 1, 1, '007'),
(24320, 1, 1, '0081'),
(6625, 1, 1, '008gf'),
(3931, 1, 1, '009gf'),
(4015, 1, 1, '010gf'),
(4100, 1, 1, '011gf'),
(24319, 1, 1, '0163'),
(24316, 1, 1, '0203'),
(24300, 1, 1, '083'),
(24305, 1, 1, '100000'),
(8156, 1, 1, '100ml'),
(24312, 1, 1, '104'),
(3542, 1, 1, '10ml'),
(24311, 1, 1, '1139'),
(2405, 1, 1, '11l'),
(24281, 1, 1, '123'),
(4181, 1, 1, '12mhs'),
(24293, 1, 1, '13013'),
(24310, 1, 1, '1383'),
(24292, 1, 1, '1438'),
(24280, 1, 1, '1478'),
(2452, 1, 1, '14l'),
(8442, 1, 1, '150ml'),
(24321, 1, 1, '162'),
(24290, 1, 1, '1952'),
(8259, 1, 1, '200ml'),
(24229, 1, 1, '203332'),
(2514, 1, 1, '21l'),
(24287, 1, 1, '24400'),
(2548, 1, 1, '24l'),
(24279, 1, 1, '29573'),
(2602, 1, 1, '31l'),
(2650, 1, 1, '341'),
(2677, 1, 1, '342'),
(2707, 1, 1, '343a'),
(2743, 1, 1, '343b'),
(2777, 1, 1, '344'),
(2810, 1, 1, '345a'),
(2843, 1, 1, '345b'),
(2876, 1, 1, '346'),
(19917, 1, 1, '35ml'),
(24268, 1, 1, '40666'),
(2990, 1, 1, '411l'),
(2950, 1, 1, '41l'),
(2979, 1, 1, '41s'),
(3046, 1, 1, '42l'),
(3106, 1, 1, '43l'),
(3137, 1, 1, '43s'),
(3184, 1, 1, '441'),
(5694, 1, 1, '45s'),
(24307, 1, 1, '488'),
(24306, 1, 1, '4880'),
(8765, 1, 1, '4ml'),
(24211, 1, 1, '5-alfa'),
(8294, 1, 1, '500ml'),
(14420, 1, 1, '50ml'),
(3324, 1, 1, '511'),
(3349, 1, 1, '511l'),
(3286, 1, 1, '51l'),
(3401, 1, 1, '521'),
(24303, 1, 1, '5303'),
(3469, 1, 1, '53l'),
(3537, 1, 1, '551'),
(3505, 1, 1, '55l'),
(24209, 1, 1, '5alfa'),
(17966, 1, 1, '5ml'),
(24299, 1, 1, '6019'),
(24262, 1, 1, '65066'),
(24317, 1, 1, '8120'),
(24254, 1, 1, '8133'),
(24243, 1, 1, '81333'),
(24275, 1, 1, '825'),
(24295, 1, 1, '8947'),
(24231, 1, 1, '97599'),
(24256, 1, 1, 'a1010'),
(16993, 1, 1, 'absorcao'),
(6735, 1, 1, 'abundante'),
(13818, 1, 1, 'acai'),
(17598, 1, 1, 'acalma'),
(3697, 1, 1, 'acao'),
(24250, 1, 1, 'aceite'),
(22665, 1, 1, 'acelera'),
(13947, 1, 1, 'acentuado'),
(23149, 1, 1, 'acetate'),
(24278, 1, 1, 'acetato'),
(14005, 1, 1, 'acetil'),
(23160, 1, 1, 'acid'),
(3854, 1, 1, 'acido'),
(4200, 1, 1, 'acidos'),
(17862, 1, 1, 'acrescentaram'),
(17865, 1, 1, 'acrescentaram-s'),
(17864, 1, 1, 'acrescentaramse'),
(3018, 1, 1, 'action'),
(4099, 1, 1, 'activator'),
(13530, 1, 1, 'adenosina'),
(22683, 1, 1, 'adequada'),
(17772, 1, 1, 'adequado'),
(3440, 1, 1, 'adicional'),
(17682, 1, 1, 'adicionamos'),
(16030, 1, 1, 'adn'),
(3228, 1, 1, 'adquire'),
(16321, 1, 1, 'adquirem'),
(3221, 1, 1, 'adstringentes'),
(2685, 1, 1, 'afinamento'),
(13805, 1, 1, 'agente'),
(3509, 1, 1, 'agentes'),
(3707, 1, 1, 'agradavel'),
(16937, 1, 1, 'agressivo'),
(3264, 1, 1, 'agressoes'),
(2482, 1, 1, 'ajuda'),
(3623, 1, 1, 'ajudam'),
(14011, 1, 1, 'ajudando'),
(3964, 1, 1, 'ajudar'),
(23155, 1, 1, 'alanine'),
(24266, 1, 1, 'album'),
(14193, 1, 1, 'alecrim'),
(16032, 1, 1, 'alem'),
(8929, 1, 1, 'alfa'),
(8934, 1, 1, 'alfa-avocuta'),
(22472, 1, 1, 'alfa-hidroxiaci'),
(8933, 1, 1, 'alfaavocuta'),
(8130, 1, 1, 'alfahidroxiacid'),
(24260, 1, 1, 'algas'),
(14619, 1, 1, 'algodao'),
(2484, 1, 1, 'alivia'),
(14734, 1, 1, 'aloe'),
(2880, 1, 1, 'alonga'),
(14250, 1, 1, 'alongar'),
(2816, 1, 1, 'alopecia'),
(13878, 1, 1, 'alta'),
(14016, 1, 1, 'altamente'),
(16309, 1, 1, 'altas'),
(3971, 1, 1, 'alteracoes'),
(22678, 1, 1, 'alvos'),
(14625, 1, 1, 'amarelos'),
(16302, 1, 1, 'ambientais'),
(3535, 1, 1, 'amino'),
(13880, 1, 1, 'aminoacido'),
(4197, 1, 1, 'aminoacidos'),
(22655, 1, 1, 'aminopyrrole'),
(19568, 1, 1, 'ampola'),
(19388, 1, 1, 'ampolas'),
(14088, 1, 1, 'anagena'),
(14014, 1, 1, 'ancoragem'),
(8258, 1, 1, 'and'),
(2588, 1, 1, 'androgenicas'),
(2820, 1, 1, 'anemicos'),
(3961, 1, 1, 'angiogenese'),
(2376, 1, 1, 'anti'),
(2499, 1, 1, 'anti-caspa'),
(21570, 1, 1, 'anti-frizz'),
(2397, 1, 1, 'anti-inflamator'),
(22466, 1, 1, 'anti-irritantes'),
(8158, 1, 1, 'anti-queda'),
(8935, 1, 1, 'anti-seborreico'),
(24289, 1, 1, 'antiaglomerante'),
(13879, 1, 1, 'antiandrogeno'),
(2497, 1, 1, 'anticaspa'),
(2481, 1, 1, 'antidandruff'),
(21569, 1, 1, 'antifrizz'),
(22292, 1, 1, 'antifungica'),
(8926, 1, 1, 'antigordura'),
(2396, 1, 1, 'antiinflamatori'),
(22465, 1, 1, 'antiirritantes'),
(13819, 1, 1, 'antioxidante'),
(3220, 1, 1, 'antioxidantes'),
(22452, 1, 1, 'antipruriginosa'),
(8157, 1, 1, 'antiqueda'),
(2380, 1, 1, 'antiseborreico'),
(19062, 1, 1, 'antiseborreicos'),
(2374, 1, 1, 'antiseborrheic'),
(15877, 1, 1, 'aos'),
(2388, 1, 1, 'aparecimento'),
(2884, 1, 1, 'aparencia'),
(14251, 1, 1, 'aplicacao'),
(16035, 1, 1, 'aplicado'),
(7945, 1, 1, 'aplicar'),
(17603, 1, 1, 'apoptose'),
(14254, 1, 1, 'apos'),
(24247, 1, 1, 'arginina'),
(23161, 1, 1, 'arginine'),
(24284, 1, 1, 'arundinacea'),
(23159, 1, 1, 'aspartic'),
(16322, 1, 1, 'aspeto'),
(24255, 1, 1, 'astareal'),
(24261, 1, 1, 'astaxantina'),
(20385, 1, 1, 'atenuar'),
(13946, 1, 1, 'atinge'),
(22677, 1, 1, 'atingir'),
(2745, 1, 1, 'ativa'),
(17596, 1, 1, 'ativam'),
(2748, 1, 1, 'atividade'),
(8928, 1, 1, 'ativo'),
(3752, 1, 1, 'ativos'),
(14191, 1, 1, 'atlas'),
(3966, 1, 1, 'atrofia'),
(2778, 1, 1, 'atua'),
(13539, 1, 1, 'atuam'),
(23136, 1, 1, 'atuarem'),
(3150, 1, 1, 'aumenta'),
(2780, 1, 1, 'aumentar'),
(14622, 1, 1, 'auxilia'),
(15157, 1, 1, 'auxiliam'),
(8930, 1, 1, 'avocuta'),
(24314, 1, 1, 'b12'),
(22106, 1, 1, 'bactericidas'),
(13817, 1, 1, 'bagas'),
(3379, 1, 1, 'balsam'),
(3380, 1, 1, 'balsamo'),
(24282, 1, 1, 'bambu'),
(24283, 1, 1, 'bambusa'),
(22352, 1, 1, 'barreira'),
(3660, 1, 1, 'base'),
(17591, 1, 1, 'baseado'),
(13676, 1, 1, 'bases'),
(8915, 1, 1, 'bem'),
(16882, 1, 1, 'beneficas'),
(4104, 1, 1, 'beneficios'),
(14618, 1, 1, 'betaina'),
(23173, 1, 1, 'bht'),
(3880, 1, 1, 'bicarbonato'),
(14009, 1, 1, 'biochanina'),
(13809, 1, 1, 'biogenicos'),
(14004, 1, 1, 'biomimetico'),
(4113, 1, 1, 'bioproteinol'),
(14745, 1, 1, 'biotina'),
(24273, 1, 1, 'bisglicinato'),
(24264, 1, 1, 'blanca'),
(16199, 1, 1, 'bolsa'),
(3320, 1, 1, 'botox'),
(2999, 1, 1, 'brancos'),
(14750, 1, 1, 'brilhante'),
(2998, 1, 1, 'brilho'),
(3191, 1, 1, 'bulbo'),
(2392, 1, 1, 'cabelo'),
(2684, 1, 1, 'cabelos'),
(2436, 1, 1, 'cabeludo'),
(14247, 1, 1, 'cadeia'),
(13531, 1, 1, 'cafeina'),
(24270, 1, 1, 'calabaza'),
(24302, 1, 1, 'calcico'),
(3023, 1, 1, 'calmante'),
(6701, 1, 1, 'calmantes'),
(16319, 1, 1, 'camada'),
(16998, 1, 1, 'camadas'),
(13824, 1, 1, 'canfora'),
(3078, 1, 1, 'capilar'),
(17608, 1, 1, 'capilares'),
(2774, 1, 1, 'capixyl'),
(23180, 1, 1, 'caprylyl'),
(13534, 1, 1, 'capsaicina'),
(24208, 1, 1, 'capsulas'),
(3560, 1, 1, 'care'),
(24253, 1, 1, 'carga'),
(22468, 1, 1, 'caroco'),
(2389, 1, 1, 'caspa'),
(16675, 1, 1, 'castanea'),
(3224, 1, 1, 'castigados'),
(3947, 1, 1, 'causada'),
(24221, 1, 1, 'causador'),
(14190, 1, 1, 'cedro'),
(13803, 1, 1, 'cegaba'),
(17346, 1, 1, 'celldetox'),
(2705, 1, 1, 'cells'),
(15872, 1, 1, 'celula'),
(3946, 1, 1, 'celular'),
(2708, 1, 1, 'celulas'),
(13888, 1, 1, 'celulas-tronco'),
(13887, 1, 1, 'celulastronco'),
(24251, 1, 1, 'celulosa'),
(3858, 1, 1, 'ceramidas'),
(16025, 1, 1, 'cha'),
(2379, 1, 1, 'champo'),
(23178, 1, 1, 'chlorphenesin'),
(23147, 1, 1, 'cholesterol'),
(24315, 1, 1, 'cianocobalamina'),
(14185, 1, 1, 'cicatrizacao'),
(22456, 1, 1, 'cicatrizantes'),
(19915, 1, 1, 'ciclo'),
(2898, 1, 1, 'circulacao'),
(24232, 1, 1, 'cistina'),
(2676, 1, 1, 'classic'),
(3748, 1, 1, 'cleansing'),
(18122, 1, 1, 'climbazol'),
(24309, 1, 1, 'clorhidrato'),
(17611, 1, 1, 'cobertura'),
(4190, 1, 1, 'cobre'),
(2485, 1, 1, 'coceira'),
(4199, 1, 1, 'coenzimas'),
(3260, 1, 1, 'coesao'),
(8921, 1, 1, 'colageno'),
(24304, 1, 1, 'colecalciferol'),
(16305, 1, 1, 'coloracao'),
(16884, 1, 1, 'coloracoes'),
(17204, 1, 1, 'combate'),
(18126, 1, 1, 'combater'),
(4195, 1, 1, 'combinacao'),
(17557, 1, 1, 'comichao'),
(18242, 1, 1, 'comichoes'),
(14100, 1, 1, 'complementada'),
(17556, 1, 1, 'complementar'),
(24194, 1, 1, 'complete'),
(3857, 1, 1, 'complexo'),
(16311, 1, 1, 'componentes'),
(8936, 1, 1, 'composicao'),
(13874, 1, 1, 'composta'),
(21848, 1, 1, 'composto'),
(17146, 1, 1, 'concebida'),
(22666, 1, 1, 'concebido'),
(4108, 1, 1, 'concentracao'),
(16310, 1, 1, 'concentracoes'),
(2744, 1, 1, 'concentrado'),
(2742, 1, 1, 'concentrate'),
(3020, 1, 1, 'condicionador'),
(17031, 1, 1, 'condicionadores'),
(17095, 1, 1, 'condicionantes'),
(17032, 1, 1, 'condicoes'),
(3019, 1, 1, 'conditioner'),
(24206, 1, 1, 'conferindo'),
(24212, 1, 1, 'conferindo-lhes'),
(24210, 1, 1, 'conferindolhes'),
(3941, 1, 1, 'conhecidos'),
(2710, 1, 1, 'consegue'),
(2716, 1, 1, 'consegue-se'),
(2715, 1, 1, 'conseguese'),
(19628, 1, 1, 'conseguindo'),
(14002, 1, 1, 'consiste'),
(14093, 1, 1, 'consumo'),
(3663, 1, 1, 'contem'),
(17958, 1, 1, 'contendo'),
(23129, 1, 1, 'continuar'),
(24200, 1, 1, 'contribui'),
(3189, 1, 1, 'contribuicao'),
(3696, 1, 1, 'control'),
(16467, 1, 1, 'controla'),
(18123, 1, 1, 'controlam'),
(2483, 1, 1, 'controlar'),
(24219, 1, 1, 'conversao'),
(22355, 1, 1, 'corneo'),
(4112, 1, 1, 'corpo'),
(3436, 1, 1, 'cortex'),
(16320, 1, 1, 'cortical'),
(2435, 1, 1, 'couro'),
(3898, 1, 1, 'cream'),
(3561, 1, 1, 'creme'),
(2682, 1, 1, 'crescimento'),
(3405, 1, 1, 'crespos'),
(2649, 1, 1, 'crexepil'),
(3225, 1, 1, 'cuidado'),
(8916, 1, 1, 'cuidados'),
(16194, 1, 1, 'cuidar'),
(13875, 1, 1, 'cuja'),
(24271, 1, 1, 'curcubita'),
(17209, 1, 1, 'cutaneo'),
(3382, 1, 1, 'cuticula'),
(22469, 1, 1, 'damasco'),
(15162, 1, 1, 'danificada'),
(16029, 1, 1, 'danificado'),
(2904, 1, 1, 'danificados'),
(2879, 1, 1, 'das'),
(21636, 1, 1, 'debeis'),
(14091, 1, 1, 'debil'),
(3747, 1, 1, 'deep'),
(16936, 1, 1, 'deixam'),
(13876, 1, 1, 'demonstra'),
(22664, 1, 1, 'densidade'),
(13688, 1, 1, 'densos'),
(13822, 1, 1, 'derivado'),
(2461, 1, 1, 'dermatite'),
(16027, 1, 1, 'dermica'),
(14192, 1, 1, 'desacelerar'),
(3905, 1, 1, 'descamacao'),
(2495, 1, 1, 'descamativos'),
(16886, 1, 1, 'descolorantes'),
(17205, 1, 1, 'desconforto'),
(3154, 1, 1, 'desde'),
(21907, 1, 1, 'desenvolvida'),
(22672, 1, 1, 'desenvolvido'),
(3403, 1, 1, 'desidratados'),
(22290, 1, 1, 'desintoxica'),
(17348, 1, 1, 'desintoxicante'),
(3746, 1, 1, 'detox'),
(13821, 1, 1, 'devido'),
(4022, 1, 1, 'dht'),
(23125, 1, 1, 'dia'),
(23141, 1, 1, 'diaminopyrimidi'),
(14252, 1, 1, 'diaria'),
(17516, 1, 1, 'diarias'),
(17342, 1, 1, 'diarios'),
(7943, 1, 1, 'dias'),
(21460, 1, 1, 'diferentes'),
(17683, 1, 1, 'diidrotestoster'),
(17863, 1, 1, 'diidrotestotero'),
(3944, 1, 1, 'diminui'),
(23164, 1, 1, 'dimiristoyl'),
(24291, 1, 1, 'dioxido'),
(14010, 1, 1, 'diretamente'),
(15871, 1, 1, 'direto'),
(2372, 1, 1, 'dixidox'),
(24323, 1, 1, 'dl-a-tocoferol'),
(24322, 1, 1, 'dlatocoferol'),
(22464, 1, 1, 'doencas'),
(13540, 1, 1, 'dos'),
(24222, 1, 1, 'dose'),
(24308, 1, 1, 'dosis'),
(2378, 1, 1, 'dsd'),
(23123, 1, 1, 'duas'),
(14419, 1, 1, 'dupla'),
(16681, 1, 1, 'duplas'),
(3540, 1, 1, 'duracao'),
(21635, 1, 1, 'ecologica'),
(17208, 1, 1, 'ecossistema'),
(22462, 1, 1, 'eczema'),
(2384, 1, 1, 'efeito'),
(14179, 1, 1, 'efeitos'),
(17511, 1, 1, 'efetiva'),
(22395, 1, 1, 'eficacia'),
(3884, 1, 1, 'eficaz'),
(3153, 1, 1, 'eficazmente'),
(14730, 1, 1, 'elaborado'),
(3025, 1, 1, 'elasticidade'),
(17963, 1, 1, 'elastina'),
(3511, 1, 1, 'eletricidade'),
(14630, 1, 1, 'eletrostatico'),
(4107, 1, 1, 'elevada'),
(2439, 1, 1, 'elimina'),
(3699, 1, 1, 'eliminar'),
(3969, 1, 1, 'emocional'),
(22455, 1, 1, 'emolientes'),
(22451, 1, 1, 'emulsao'),
(14300, 1, 1, 'encapsulada'),
(17858, 1, 1, 'encapsulado'),
(3907, 1, 1, 'endurecimento'),
(3536, 1, 1, 'energizer'),
(24205, 1, 1, 'enfraquecidas'),
(17612, 1, 1, 'enfraquecido'),
(17602, 1, 1, 'enfraquecidos'),
(22675, 1, 1, 'engrossar'),
(14617, 1, 1, 'enriquecido'),
(22679, 1, 1, 'entrega'),
(3601, 1, 1, 'envelhecimento'),
(24197, 1, 1, 'enzima'),
(14097, 1, 1, 'epidermicas'),
(14096, 1, 1, 'epiteliais'),
(3706, 1, 1, 'equilibra'),
(13807, 1, 1, 'equilibrada'),
(17343, 1, 1, 'equilibrar'),
(2850, 1, 1, 'equilibrio'),
(3261, 1, 1, 'escamas'),
(16314, 1, 1, 'esfingolipidios'),
(19009, 1, 1, 'esfoliante'),
(17345, 1, 1, 'esfoliantes'),
(22470, 1, 1, 'esfoliar'),
(3749, 1, 1, 'especial'),
(8931, 1, 1, 'especialmente'),
(22676, 1, 1, 'especificamente'),
(17610, 1, 1, 'espesso'),
(2814, 1, 1, 'espessura'),
(24226, 1, 1, 'espirulina'),
(2845, 1, 1, 'essenciais'),
(14183, 1, 1, 'essencial'),
(2841, 1, 1, 'essential'),
(8128, 1, 1, 'esta'),
(3512, 1, 1, 'estatica'),
(3712, 1, 1, 'este'),
(24288, 1, 1, 'estearato'),
(2627, 1, 1, 'estimula'),
(3960, 1, 1, 'estimulacao'),
(13806, 1, 1, 'estimulador'),
(13808, 1, 1, 'estimuladores'),
(3597, 1, 1, 'estimulam'),
(15873, 1, 1, 'estimulando'),
(14298, 1, 1, 'estimulantes'),
(3665, 1, 1, 'estimular'),
(22354, 1, 1, 'estrato'),
(13683, 1, 1, 'estrogenios'),
(13533, 1, 1, 'estrogenos'),
(3022, 1, 1, 'estrutura'),
(16308, 1, 1, 'etc'),
(23163, 1, 1, 'ethoxydiglycol'),
(2393, 1, 1, 'evita'),
(17211, 1, 1, 'evitando'),
(3700, 1, 1, 'evitar'),
(13685, 1, 1, 'excelente'),
(16031, 1, 1, 'excelentes'),
(2779, 1, 1, 'excessiva'),
(2455, 1, 1, 'excesso'),
(8925, 1, 1, 'exerce'),
(16306, 1, 1, 'exposicao'),
(3265, 1, 1, 'externas'),
(16301, 1, 1, 'externos'),
(14019, 1, 1, 'extra'),
(24237, 1, 1, 'extracto'),
(3666, 1, 1, 'extrato'),
(3661, 1, 1, 'extratos'),
(2872, 1, 1, 'eyelash'),
(3407, 1, 1, 'facilita'),
(14753, 1, 1, 'facilitando'),
(16033, 1, 1, 'facilmente'),
(14087, 1, 1, 'fase'),
(3934, 1, 1, 'fatores'),
(22670, 1, 1, 'favorece'),
(4192, 1, 1, 'favorecendo'),
(13680, 1, 1, 'fazem'),
(14186, 1, 1, 'feridas'),
(14739, 1, 1, 'ferro'),
(3222, 1, 1, 'fibra'),
(17607, 1, 1, 'fibras'),
(16318, 1, 1, 'fibrilas'),
(15874, 1, 1, 'fica'),
(3159, 1, 1, 'fino'),
(17601, 1, 1, 'finos'),
(13541, 1, 1, 'fios'),
(16995, 1, 1, 'firmeza'),
(13532, 1, 1, 'fito'),
(13691, 1, 1, 'fito-estrogenio'),
(13690, 1, 1, 'fitoestrogenios'),
(3438, 1, 1, 'flexibilidade'),
(24318, 1, 1, 'folico'),
(23138, 1, 1, 'folicular'),
(2585, 1, 1, 'foliculo'),
(3569, 1, 1, 'foliculos'),
(15868, 1, 1, 'fonte'),
(3081, 1, 1, 'forca'),
(24218, 1, 1, 'forma'),
(14731, 1, 1, 'formula'),
(17093, 1, 1, 'formulada'),
(8129, 1, 1, 'formulado'),
(3024, 1, 1, 'fornece'),
(24214, 1, 1, 'fornecendo'),
(15870, 1, 1, 'fornecimento'),
(2584, 1, 1, 'fortalece'),
(14105, 1, 1, 'fortalecem'),
(3158, 1, 1, 'fortalecer'),
(15875, 1, 1, 'fortalecido'),
(2625, 1, 1, 'forte'),
(13687, 1, 1, 'fortes'),
(17961, 1, 1, 'fortifica'),
(16313, 1, 1, 'fosfolipidios'),
(19387, 1, 1, 'fraco'),
(3404, 1, 1, 'fracos'),
(2903, 1, 1, 'frageis'),
(14090, 1, 1, 'fragil'),
(23183, 1, 1, 'fragrance'),
(19567, 1, 1, 'frasco'),
(19916, 1, 1, 'frascos'),
(2491, 1, 1, 'frescura'),
(2704, 1, 1, 'fresh'),
(14629, 1, 1, 'frizz'),
(3667, 1, 1, 'fruta'),
(16941, 1, 1, 'frutas'),
(22457, 1, 1, 'funcao'),
(17684, 1, 1, 'funciona'),
(16202, 1, 1, 'ganha'),
(17510, 1, 1, 'garante'),
(15869, 1, 1, 'garantem'),
(3185, 1, 1, 'geleia'),
(14248, 1, 1, 'genes'),
(22671, 1, 1, 'geral'),
(17212, 1, 1, 'germes'),
(2629, 1, 1, 'glandula'),
(14102, 1, 1, 'glandulas'),
(3855, 1, 1, 'glicolico'),
(24298, 1, 1, 'gluconato'),
(23146, 1, 1, 'glycerin'),
(23157, 1, 1, 'glycine'),
(23168, 1, 1, 'glycol'),
(8918, 1, 1, 'gordura'),
(16107, 1, 1, 'gordurosa'),
(16201, 1, 1, 'gracas'),
(19506, 1, 1, 'gradual'),
(24235, 1, 1, 'grape'),
(7970, 1, 1, 'grasos'),
(14245, 1, 1, 'graxo'),
(3183, 1, 1, 'green'),
(14616, 1, 1, 'grisalhos'),
(17605, 1, 1, 'grossos'),
(3938, 1, 1, 'grotene'),
(14101, 1, 1, 'grupo'),
(24257, 1, 1, 'haematococcus'),
(3322, 1, 1, 'hair'),
(24259, 1, 1, 'harina'),
(24234, 1, 1, 'hcl'),
(23177, 1, 1, 'hexanediol'),
(21459, 1, 1, 'hialuronico'),
(3326, 1, 1, 'hidrata'),
(2996, 1, 1, 'hidratacao'),
(14621, 1, 1, 'hidratados'),
(14104, 1, 1, 'hidratam'),
(3659, 1, 1, 'hidratante'),
(3900, 1, 1, 'hidratantes'),
(14018, 1, 1, 'hidrolisada'),
(14302, 1, 1, 'hidrolisado'),
(22467, 1, 1, 'hidroxiacidos'),
(24267, 1, 1, 'hierba'),
(3761, 1, 1, 'hiperqueratiniz'),
(23153, 1, 1, 'histidine'),
(4019, 1, 1, 'homens'),
(3972, 1, 1, 'hormonais'),
(17604, 1, 1, 'hormonio'),
(23179, 1, 1, 'hydroxyacetophe'),
(17033, 1, 1, 'ideais'),
(2849, 1, 1, 'ideal'),
(23135, 1, 1, 'imediatamente'),
(17273, 1, 1, 'impedir'),
(3188, 1, 1, 'importante'),
(17341, 1, 1, 'impurezas'),
(14743, 1, 1, 'inclui'),
(16304, 1, 1, 'incluindo'),
(16888, 1, 1, 'incrementando'),
(14092, 1, 1, 'indicada'),
(2458, 1, 1, 'indicado'),
(13881, 1, 1, 'induz'),
(17962, 1, 1, 'induzindo'),
(2631, 1, 1, 'inflamatorias'),
(3954, 1, 1, 'influencia'),
(8927, 1, 1, 'ingrediente'),
(3596, 1, 1, 'ingredientes'),
(13537, 1, 1, 'inibidor'),
(24196, 1, 1, 'inibidores'),
(13813, 1, 1, 'inosina'),
(13535, 1, 1, 'inositol'),
(22673, 1, 1, 'inovadora'),
(3534, 1, 1, 'instant'),
(2651, 1, 1, 'intensa'),
(3599, 1, 1, 'intensamente'),
(2580, 1, 1, 'intense'),
(3558, 1, 1, 'intensive'),
(2581, 1, 1, 'intensivo'),
(3970, 1, 1, 'intenso'),
(24213, 1, 1, 'interior'),
(13686, 1, 1, 'interromper'),
(14089, 1, 1, 'irrigacao'),
(2486, 1, 1, 'irritacao'),
(17514, 1, 1, 'irritacoes'),
(22291, 1, 1, 'irritante'),
(22454, 1, 1, 'irritantes'),
(16028, 1, 1, 'isoflavonas'),
(23156, 1, 1, 'isoleucine'),
(3182, 1, 1, 'jelly'),
(14178, 1, 1, 'jojoba'),
(14733, 1, 1, 'karite'),
(2894, 1, 1, 'keratin'),
(3147, 1, 1, 'keratinn'),
(16196, 1, 1, 'kit'),
(23137, 1, 1, 'kopirrol'),
(23169, 1, 1, 'lactate'),
(23174, 1, 1, 'lactic'),
(17207, 1, 1, 'lactitol'),
(24265, 1, 1, 'lamium'),
(16887, 1, 1, 'lavagem'),
(14184, 1, 1, 'lavanda'),
(23134, 1, 1, 'lavar'),
(15158, 1, 1, 'levedura'),
(24207, 1, 1, 'lhes'),
(3321, 1, 1, 'like'),
(23184, 1, 1, 'limonene'),
(2433, 1, 1, 'limpa'),
(19010, 1, 1, 'limpar'),
(8913, 1, 1, 'limpos'),
(3575, 1, 1, 'linha'),
(22353, 1, 1, 'lipidica'),
(17859, 1, 1, 'lipossomas'),
(24233, 1, 1, 'lisina'),
(17593, 1, 1, 'livre'),
(2453, 1, 1, 'locao'),
(3001, 1, 1, 'loiros'),
(14246, 1, 1, 'longa'),
(18120, 1, 1, 'longo'),
(2451, 1, 1, 'lotion'),
(3656, 1, 1, 'luminox'),
(2373, 1, 1, 'luxe'),
(13884, 1, 1, 'maca'),
(16994, 1, 1, 'maciez'),
(14751, 1, 1, 'macio'),
(14627, 1, 1, 'madeixas'),
(14741, 1, 1, 'magnesio'),
(16468, 1, 1, 'maior'),
(14752, 1, 1, 'manejavel'),
(23176, 1, 1, 'mannitol'),
(14732, 1, 1, 'manteiga'),
(3675, 1, 1, 'mantem'),
(3402, 1, 1, 'manter'),
(24201, 1, 1, 'manutencao'),
(16992, 1, 1, 'maos'),
(13886, 1, 1, 'marcante'),
(3077, 1, 1, 'mascara'),
(3076, 1, 1, 'mask'),
(21155, 1, 1, 'mask1'),
(23121, 1, 1, 'massajar'),
(4103, 1, 1, 'maximizar'),
(22681, 1, 1, 'mecanismo'),
(3682, 1, 1, 'medline'),
(23119, 1, 1, 'meia'),
(21463, 1, 1, 'mel'),
(3951, 1, 1, 'melanina'),
(22656, 1, 1, 'melatonin'),
(22674, 1, 1, 'melatonina'),
(14013, 1, 1, 'melhor'),
(2882, 1, 1, 'melhora'),
(17034, 1, 1, 'melhoram'),
(3192, 1, 1, 'melhorando'),
(3965, 1, 1, 'melhorar'),
(16939, 1, 1, 'mentol'),
(23127, 1, 1, 'meses'),
(24217, 1, 1, 'mesma'),
(4183, 1, 1, 'mesohair'),
(13882, 1, 1, 'metabolismo'),
(24230, 1, 1, 'metionina'),
(4182, 1, 1, 'mhs'),
(2628, 1, 1, 'microcirculacao'),
(24252, 1, 1, 'microcristalina'),
(17203, 1, 1, 'microflora'),
(18124, 1, 1, 'microrganismo'),
(17274, 1, 1, 'microrganismos'),
(4198, 1, 1, 'minerais'),
(14737, 1, 1, 'mineral'),
(3849, 1, 1, 'miracle'),
(2846, 1, 1, 'mistura'),
(16883, 1, 1, 'misturada'),
(8937, 1, 1, 'modo'),
(21462, 1, 1, 'moleculares'),
(3409, 1, 1, 'molhado'),
(19011, 1, 1, 'mortas'),
(24249, 1, 1, 'moschata'),
(3943, 1, 1, 'mulheres'),
(14176, 1, 1, 'multiplas'),
(14742, 1, 1, 'multivitaminico'),
(14243, 1, 1, 'myristoyl'),
(14301, 1, 1, 'nanolipossomas'),
(14095, 1, 1, 'nas'),
(3936, 1, 1, 'naturais'),
(2885, 1, 1, 'natural'),
(23131, 1, 1, 'necessario'),
(22686, 1, 1, 'necessarios'),
(2993, 1, 1, 'neutraliza'),
(17512, 1, 1, 'neutralizacao'),
(3879, 1, 1, 'neutralizador'),
(3878, 1, 1, 'neutralizer'),
(15863, 1, 1, 'niacina'),
(17035, 1, 1, 'niacinamida'),
(14748, 1, 1, 'nicotinamida'),
(13823, 1, 1, 'nicotinico'),
(13679, 1, 1, 'nitrogenadas'),
(3435, 1, 1, 'nivel'),
(16996, 1, 1, 'nocivos'),
(24202, 1, 1, 'normais'),
(3257, 1, 1, 'normaliza'),
(20067, 1, 1, 'novas'),
(13804, 1, 1, 'novo'),
(2683, 1, 1, 'novos'),
(4201, 1, 1, 'nucleicos'),
(13814, 1, 1, 'nucleosideo'),
(16940, 1, 1, 'nucleotideos'),
(2902, 1, 1, 'nutre'),
(3149, 1, 1, 'nutricao'),
(3190, 1, 1, 'nutrientes'),
(15866, 1, 1, 'nutrir'),
(22453, 1, 1, 'nutritivas'),
(3658, 1, 1, 'nutritivo'),
(3932, 1, 1, 'nutritivos'),
(8912, 1, 1, 'obtem'),
(8920, 1, 1, 'obtem-se'),
(8919, 1, 1, 'obtemse'),
(3977, 1, 1, 'obtendo'),
(3704, 1, 1, 'obter'),
(3681, 1, 1, 'obtera'),
(15876, 1, 1, 'oferecendo'),
(2842, 1, 1, 'oils'),
(8923, 1, 1, 'olamina'),
(23171, 1, 1, 'oleate'),
(14177, 1, 1, 'oleo'),
(2844, 1, 1, 'oleos'),
(2460, 1, 1, 'oleosa'),
(8911, 1, 1, 'oleosidade'),
(2459, 1, 1, 'oleoso'),
(13684, 1, 1, 'oligoelementos'),
(17968, 1, 1, 'oligopeptideo'),
(17975, 1, 1, 'oligopeptideo-2'),
(17972, 1, 1, 'oligopeptideo2'),
(3194, 1, 1, 'opacos'),
(3565, 1, 1, 'opium'),
(24225, 1, 1, 'oral'),
(3683, 1, 1, 'organic'),
(14620, 1, 1, 'organico'),
(21634, 1, 1, 'origem'),
(16315, 1, 1, 'orquidea'),
(24263, 1, 1, 'ortiga'),
(22463, 1, 1, 'outras'),
(22471, 1, 1, 'outros'),
(23142, 1, 1, 'oxide'),
(4193, 1, 1, 'oxigenacao'),
(14094, 1, 1, 'oxigenio'),
(23143, 1, 1, 'oxothiazolidine'),
(24245, 1, 1, 'palmetto'),
(13538, 1, 1, 'pantenol'),
(24301, 1, 1, 'pantotenato'),
(15864, 1, 1, 'pantotenico'),
(16026, 1, 1, 'papila'),
(17036, 1, 1, 'papoila'),
(17595, 1, 1, 'parabenos'),
(23182, 1, 1, 'parfum'),
(13681, 1, 1, 'parte'),
(14175, 1, 1, 'partir'),
(14001, 1, 1, 'patenteado'),
(17213, 1, 1, 'patogenicos'),
(23158, 1, 1, 'pca'),
(2432, 1, 1, 'peeling'),
(3948, 1, 1, 'pela'),
(3859, 1, 1, 'pele'),
(4111, 1, 1, 'pelo'),
(16997, 1, 1, 'penetra'),
(14244, 1, 1, 'pentapeptide'),
(14257, 1, 1, 'pentapeptide-17'),
(14256, 1, 1, 'pentapeptide17'),
(3408, 1, 1, 'penteado'),
(16682, 1, 1, 'pentear'),
(16034, 1, 1, 'penteavel'),
(24272, 1, 1, 'pepo'),
(14003, 1, 1, 'peptideo'),
(13811, 1, 1, 'peptideos'),
(2391, 1, 1, 'perda'),
(16193, 1, 1, 'perfeito'),
(23126, 1, 1, 'periodo'),
(16938, 1, 1, 'permanente'),
(16885, 1, 1, 'permanentes'),
(16317, 1, 1, 'permitem'),
(3027, 1, 1, 'pesar'),
(21461, 1, 1, 'pesos'),
(22667, 1, 1, 'pessoas'),
(2878, 1, 1, 'pestanas'),
(14249, 1, 1, 'pestanhas'),
(23152, 1, 1, 'phenylalanine'),
(23165, 1, 1, 'phosphatidylcho'),
(14624, 1, 1, 'pigmento'),
(2586, 1, 1, 'piloso'),
(14628, 1, 1, 'pintados'),
(14747, 1, 1, 'piridoxina'),
(13816, 1, 1, 'pirimidina'),
(13678, 1, 1, 'pirimidinas'),
(8924, 1, 1, 'piroctona'),
(2775, 1, 1, 'placenta'),
(23144, 1, 1, 'placental'),
(17592, 1, 1, 'placentarias'),
(16316, 1, 1, 'plancton'),
(3662, 1, 1, 'plantas'),
(24228, 1, 1, 'platensis'),
(24258, 1, 1, 'pluvialis'),
(17957, 1, 1, 'poderosa'),
(17967, 1, 1, 'polipeptideo'),
(8132, 1, 1, 'polvo'),
(23181, 1, 1, 'polysorbate'),
(16680, 1, 1, 'pontas'),
(3263, 1, 1, 'possiveis'),
(22356, 1, 1, 'posteriormente'),
(24216, 1, 1, 'potenciar'),
(3698, 1, 1, 'potente'),
(18121, 1, 1, 'prazo'),
(17347, 1, 1, 'precursor'),
(19286, 1, 1, 'prevencao'),
(2746, 1, 1, 'prevenir'),
(2387, 1, 1, 'previne'),
(17000, 1, 1, 'primeira'),
(24199, 1, 1, 'principal'),
(16679, 1, 1, 'principalmente'),
(8922, 1, 1, 'principios'),
(24241, 1, 1, 'proanthocyanidi'),
(22668, 1, 1, 'problemas'),
(13810, 1, 1, 'procedentes'),
(19505, 1, 1, 'processo'),
(2494, 1, 1, 'processos'),
(14187, 1, 1, 'producao'),
(3713, 1, 1, 'produto'),
(16197, 1, 1, 'produtos'),
(17861, 1, 1, 'produz'),
(2434, 1, 1, 'profundamente'),
(16999, 1, 1, 'profundas'),
(15867, 1, 1, 'profundidade'),
(16934, 1, 1, 'profundo'),
(17272, 1, 1, 'progressivament'),
(2552, 1, 1, 'proliferacao'),
(23150, 1, 1, 'proline'),
(17860, 1, 1, 'prolonga'),
(14086, 1, 1, 'prolongar'),
(2549, 1, 1, 'promove'),
(14000, 1, 1, 'promovendo'),
(3703, 1, 1, 'promover'),
(14017, 1, 1, 'pronunciado'),
(2488, 1, 1, 'proporciona'),
(15593, 1, 1, 'proporcionam'),
(13542, 1, 1, 'proporcionando'),
(2587, 1, 1, 'propriedades'),
(23167, 1, 1, 'propylene'),
(3538, 1, 1, 'protecao'),
(3262, 1, 1, 'protege'),
(17515, 1, 1, 'protegendo'),
(16466, 1, 1, 'proteger'),
(14736, 1, 1, 'proteico'),
(14755, 1, 1, 'proteico-minera'),
(14754, 1, 1, 'proteicomineral'),
(23145, 1, 1, 'protein'),
(15592, 1, 1, 'proteina'),
(13885, 1, 1, 'proteinas'),
(3385, 1, 1, 'protetor'),
(22458, 1, 1, 'protetora'),
(17094, 1, 1, 'protetores'),
(22461, 1, 1, 'psoriase'),
(17344, 1, 1, 'purificar'),
(13815, 1, 1, 'purina'),
(13677, 1, 1, 'purinas'),
(23140, 1, 1, 'pyrrolidinyl'),
(23128, 1, 1, 'quais'),
(3328, 1, 1, 'quebradicos'),
(2583, 1, 1, 'queda'),
(2897, 1, 1, 'queratina'),
(3710, 1, 1, 'quimicas'),
(3508, 1, 1, 'quimicos'),
(16323, 1, 1, 'radiante'),
(14626, 1, 1, 'raios'),
(3155, 1, 1, 'raiz'),
(15160, 1, 1, 'rapida'),
(3186, 1, 1, 'real'),
(18119, 1, 1, 'reaparecimento'),
(7255, 1, 1, 'reativando'),
(2394, 1, 1, 'rebote'),
(22684, 1, 1, 'recebam'),
(23133, 1, 1, 'recomenda'),
(23186, 1, 1, 'recomenda-se'),
(24223, 1, 1, 'recomendada'),
(23122, 1, 1, 'recomendamos'),
(23185, 1, 1, 'recomendase'),
(21849, 1, 1, 'reconhecidas'),
(3080, 1, 1, 'recupera'),
(15161, 1, 1, 'recuperacao'),
(20066, 1, 1, 'redensifica'),
(14623, 1, 1, 'reducao'),
(24198, 1, 1, 'redutase'),
(2390, 1, 1, 'reduz'),
(17513, 1, 1, 'reduzindo'),
(2582, 1, 1, 'reduzir'),
(2457, 1, 1, 'reequilibra'),
(18243, 1, 1, 'reequilibradora'),
(2900, 1, 1, 'reestrutura'),
(16729, 1, 1, 'reestruturacao'),
(16312, 1, 1, 'reestruturantes'),
(3381, 1, 1, 'reestruturar'),
(2994, 1, 1, 'reflexos'),
(3152, 1, 1, 'reforca'),
(17606, 1, 1, 'reforcar'),
(2555, 1, 1, 'refrescante'),
(16935, 1, 1, 'refrescantes'),
(3021, 1, 1, 'regenera'),
(19997, 1, 1, 'regenerador'),
(22009, 1, 1, 'regeneradora'),
(14180, 1, 1, 'regenerativos'),
(2381, 1, 1, 'regula'),
(2438, 1, 1, 'regulador'),
(2749, 1, 1, 'reguladora'),
(20824, 1, 1, 'reguladoras'),
(3754, 1, 1, 'reguladores'),
(8917, 1, 1, 'regular'),
(22663, 1, 1, 'rejuvenesce'),
(22669, 1, 1, 'rejuvenescer'),
(17599, 1, 1, 'relaxa'),
(18359, 1, 1, 'remocao'),
(17340, 1, 1, 'removendo'),
(3974, 1, 1, 'repara'),
(3258, 1, 1, 'reparar'),
(24246, 1, 1, 'repens'),
(23132, 1, 1, 'requerido'),
(3800, 1, 1, 'residuos'),
(3439, 1, 1, 'resistencia'),
(17210, 1, 1, 'resistente'),
(18125, 1, 1, 'responsavel'),
(22460, 1, 1, 'ressecamento'),
(14098, 1, 1, 'restabelece'),
(21208, 1, 1, 'restabelecer'),
(3434, 1, 1, 'restaura'),
(16731, 1, 1, 'restaurada'),
(3259, 1, 1, 'restaurar'),
(10399, 1, 1, 'restruturante'),
(8260, 1, 1, 'restruturantes'),
(14749, 1, 1, 'resultado'),
(7959, 1, 1, 'resultados'),
(14189, 1, 1, 'retarda'),
(19998, 1, 1, 'retardar'),
(2811, 1, 1, 'revitaliza'),
(17960, 1, 1, 'revitalizam'),
(17959, 1, 1, 'revitalizando'),
(16200, 1, 1, 'revitalizar'),
(14744, 1, 1, 'riboflavina'),
(3973, 1, 1, 'rica'),
(4027, 1, 1, 'rico'),
(18241, 1, 1, 'ricos'),
(24313, 1, 1, 'rivoflavina'),
(24248, 1, 1, 'rosa'),
(3181, 1, 1, 'royal'),
(20825, 1, 1, 'rutura'),
(13536, 1, 1, 'sabal'),
(15865, 1, 1, 'sais'),
(8131, 1, 1, 'salicilico'),
(2899, 1, 1, 'sanguinea'),
(16676, 1, 1, 'sativa'),
(17147, 1, 1, 'saudaveis'),
(3958, 1, 1, 'saudavel'),
(24203, 1, 1, 'saude'),
(24244, 1, 1, 'saw'),
(3850, 1, 1, 'scalp'),
(2807, 1, 1, 'science'),
(2809, 1, 1, 'science-7'),
(2808, 1, 1, 'science7'),
(2383, 1, 1, 'sebacea'),
(14103, 1, 1, 'sebaceas'),
(2437, 1, 1, 'sebo'),
(2456, 1, 1, 'seborreia'),
(2462, 1, 1, 'seborreica'),
(2377, 1, 1, 'seborreico'),
(19061, 1, 1, 'seborreicos'),
(18118, 1, 1, 'seca'),
(24238, 1, 1, 'seco'),
(3223, 1, 1, 'secos'),
(2382, 1, 1, 'secrecao'),
(3906, 1, 1, 'secura'),
(3255, 1, 1, 'seda'),
(8914, 1, 1, 'sedosos'),
(24236, 1, 1, 'seed'),
(3883, 1, 1, 'segura'),
(22396, 1, 1, 'seguranca'),
(16730, 1, 1, 'seja'),
(8932, 1, 1, 'selecionadas'),
(24297, 1, 1, 'selenio'),
(24294, 1, 1, 'seleniometionin'),
(3026, 1, 1, 'sem'),
(7965, 1, 1, 'semana'),
(14255, 1, 1, 'semanas'),
(14181, 1, 1, 'semente'),
(24269, 1, 1, 'semilla'),
(24242, 1, 1, 'semillas'),
(2490, 1, 1, 'sensacao'),
(17600, 1, 1, 'sensivel'),
(3156, 1, 1, 'septicas'),
(17037, 1, 1, 'serenoa'),
(23162, 1, 1, 'serine'),
(17038, 1, 1, 'serrulata'),
(2874, 1, 1, 'serum'),
(21156, 1, 1, 'serum1'),
(3650, 1, 1, 'set'),
(13737, 1, 1, 'severa'),
(21697, 1, 1, 'severamente'),
(17974, 1, 1, 'sh-polipeptideo'),
(2375, 1, 1, 'shampoo'),
(21154, 1, 1, 'shampoo1'),
(3657, 1, 1, 'shine'),
(2776, 1, 1, 'shock'),
(17971, 1, 1, 'shpolipeptideo1'),
(17970, 1, 1, 'shpolipeptideo9'),
(24285, 1, 1, 'silica'),
(14740, 1, 1, 'silicio'),
(3254, 1, 1, 'silk'),
(3935, 1, 1, 'sinais'),
(3952, 1, 1, 'sinal'),
(17030, 1, 1, 'sinergica'),
(13877, 1, 1, 'sinergico'),
(3950, 1, 1, 'sintese'),
(3902, 1, 1, 'sintomas'),
(3559, 1, 1, 'skin'),
(3881, 1, 1, 'sodio'),
(23166, 1, 1, 'sodium'),
(13812, 1, 1, 'soja'),
(16307, 1, 1, 'sol'),
(3386, 1, 1, 'solar'),
(3852, 1, 1, 'solucao'),
(4184, 1, 1, 'solution'),
(23170, 1, 1, 'sorbitan'),
(24227, 1, 1, 'spirulina'),
(8648, 1, 1, 'spray'),
(23172, 1, 1, 'stearamine'),
(3253, 1, 1, 'steel'),
(3968, 1, 1, 'stress'),
(7556, 1, 1, 'stressados'),
(14099, 1, 1, 'sua'),
(3678, 1, 1, 'suave'),
(8151, 1, 1, 'suavemente'),
(2997, 1, 1, 'suavidade'),
(17275, 1, 1, 'suavizante'),
(16677, 1, 1, 'submetido'),
(23175, 1, 1, 'succinate'),
(17594, 1, 1, 'sulfatos'),
(24195, 1, 1, 'suplemento'),
(15591, 1, 1, 'tais'),
(24286, 1, 1, 'tallo'),
(14012, 1, 1, 'tamanho'),
(16203, 1, 1, 'tempo'),
(3160, 1, 1, 'tendencia'),
(16303, 1, 1, 'termicos'),
(3406, 1, 1, 'termoprotetor'),
(24220, 1, 1, 'testosterona'),
(14006, 1, 1, 'tetrapeptideo'),
(14021, 1, 1, 'tetrapeptideo-3'),
(14020, 1, 1, 'tetrapeptideo3'),
(3227, 1, 1, 'textura'),
(3323, 1, 1, 'therapy'),
(23151, 1, 1, 'threonine'),
(14746, 1, 1, 'tiamina'),
(3903, 1, 1, 'tipicos'),
(2493, 1, 1, 'tipos'),
(24277, 1, 1, 'tocoferol'),
(23148, 1, 1, 'tocopheryl'),
(22685, 1, 1, 'todo'),
(2492, 1, 1, 'todos'),
(14188, 1, 1, 'tomilho'),
(3079, 1, 1, 'tonifica'),
(20386, 1, 1, 'tons'),
(3802, 1, 1, 'toxinas'),
(22680, 1, 1, 'transdermica'),
(22682, 1, 1, 'transdermico'),
(17964, 1, 1, 'transplante'),
(2679, 1, 1, 'tratamento'),
(3539, 1, 1, 'tratamentos'),
(24215, 1, 1, 'travar'),
(3649, 1, 1, 'travel'),
(2895, 1, 1, 'treatment'),
(23130, 1, 1, 'tres'),
(14007, 1, 1, 'trevo'),
(17969, 1, 1, 'tripeptideo'),
(17976, 1, 1, 'tripeptideo-1'),
(17973, 1, 1, 'tripeptideo1'),
(3017, 1, 1, 'triple'),
(13883, 1, 1, 'tronco'),
(2489, 1, 1, 'uma'),
(24204, 1, 1, 'unhas'),
(16198, 1, 1, 'unidade'),
(3162, 1, 1, 'unidades'),
(7941, 1, 1, 'usar'),
(9496, 1, 1, 'uso'),
(14182, 1, 1, 'uva'),
(23154, 1, 1, 'valine'),
(16678, 1, 1, 'varios'),
(17597, 1, 1, 'vascularizacao'),
(13820, 1, 1, 'vasodilatador'),
(15159, 1, 1, 'vasodilatadora'),
(13682, 1, 1, 'vasodilatadores'),
(3930, 1, 1, 'vasogrotene'),
(3939, 1, 1, 'vasqulin'),
(14299, 1, 1, 'vegetais'),
(14735, 1, 1, 'vera'),
(3187, 1, 1, 'verde'),
(22459, 1, 1, 'vermelhidao'),
(14008, 1, 1, 'vermelho'),
(23124, 1, 1, 'vezes'),
(24224, 1, 1, 'via'),
(16195, 1, 1, 'viagens'),
(17965, 1, 1, 'viais'),
(20899, 1, 1, 'vigoroso'),
(24240, 1, 1, 'vinifera'),
(2989, 1, 1, 'violet'),
(2992, 1, 1, 'violeta'),
(14253, 1, 1, 'visiveis'),
(17609, 1, 1, 'visivelmente'),
(14015, 1, 1, 'vitalidade'),
(17039, 1, 1, 'vitamina'),
(4196, 1, 1, 'vitaminas'),
(24239, 1, 1, 'vitis'),
(3082, 1, 1, 'volume'),
(13689, 1, 1, 'volumosos'),
(24276, 1, 1, 'vrn'),
(3953, 1, 1, 'wnt'),
(2873, 1, 1, 'wonder'),
(2706, 1, 1, 'wondercell'),
(17206, 1, 1, 'xilitol'),
(24274, 1, 1, 'zinc'),
(14738, 1, 1, 'zinco'),
(23120, 1, 1, 'zonas');

-- --------------------------------------------------------

--
-- Estrutura da tabela `ps_sekeyword`
--

